::1 - - [05/Apr/2020:14:51:59 +0300] "OPTIONS * HTTP/1.0" 200 - "-" "Apache/2.2.15 (CentOS) (internal dummy connection)"
::1 - - [05/Apr/2020:14:52:00 +0300] "OPTIONS * HTTP/1.0" 200 - "-" "Apache/2.2.15 (CentOS) (internal dummy connection)"
::1 - - [05/Apr/2020:14:52:01 +0300] "OPTIONS * HTTP/1.0" 200 - "-" "Apache/2.2.15 (CentOS) (internal dummy connection)"
::1 - - [05/Apr/2020:14:52:02 +0300] "OPTIONS * HTTP/1.0" 200 - "-" "Apache/2.2.15 (CentOS) (internal dummy connection)"
::1 - - [05/Apr/2020:14:52:03 +0300] "OPTIONS * HTTP/1.0" 200 - "-" "Apache/2.2.15 (CentOS) (internal dummy connection)"
::1 - - [05/Apr/2020:14:52:04 +0300] "OPTIONS * HTTP/1.0" 200 - "-" "Apache/2.2.15 (CentOS) (internal dummy connection)"
::1 - - [05/Apr/2020:14:52:05 +0300] "OPTIONS * HTTP/1.0" 200 - "-" "Apache/2.2.15 (CentOS) (internal dummy connection)"
::1 - - [05/Apr/2020:14:52:07 +0300] "OPTIONS * HTTP/1.0" 200 - "-" "Apache/2.2.15 (CentOS) (internal dummy connection)"
::1 - - [05/Apr/2020:14:52:09 +0300] "OPTIONS * HTTP/1.0" 200 - "-" "Apache/2.2.15 (CentOS) (internal dummy connection)"
77.50.60.238 - - [05/Apr/2020:14:52:47 +0300] "GET / HTTP/1.1" 302 283 "http://ido.mgsu.ru/universityabout/Struktura/Instituti/IDO/" "Mozilla/5.0 (Windows NT 10.0; Win64; x64; rv:74.0) Gecko/20100101 Firefox/74.0"
77.50.60.238 - - [05/Apr/2020:14:52:53 +0300] "GET /upload/files/personal-folders/167/SB.jpg HTTP/1.1" 302 331 "-" "Mozilla/5.0 (Windows NT 10.0; Win64; x64; rv:74.0) Gecko/20100101 Firefox/74.0"
77.50.60.238 - - [05/Apr/2020:14:52:53 +0300] "GET /upload/files/Kuratory_foto/Julya_.jpg HTTP/1.1" 302 320 "-" "Mozilla/5.0 (Windows NT 10.0; Win64; x64; rv:74.0) Gecko/20100101 Firefox/74.0"
77.50.60.238 - - [05/Apr/2020:14:52:53 +0300] "GET /upload/files/Kuratory_foto/Antonova_E_P_1.jpg HTTP/1.1" 302 328 "-" "Mozilla/5.0 (Windows NT 10.0; Win64; x64; rv:74.0) Gecko/20100101 Firefox/74.0"
77.50.60.238 - - [05/Apr/2020:14:52:53 +0300] "GET /upload/files/Kuratory_foto/Xoxlova-2.jpg HTTP/1.1" 302 323 "-" "Mozilla/5.0 (Windows NT 10.0; Win64; x64; rv:74.0) Gecko/20100101 Firefox/74.0"
77.50.60.238 - - [05/Apr/2020:14:52:53 +0300] "GET /upload/files/personal-folders/167/inf_v.jpg HTTP/1.1" 302 326 "-" "Mozilla/5.0 (Windows NT 10.0; Win64; x64; rv:74.0) Gecko/20100101 Firefox/74.0"
77.50.60.238 - - [05/Apr/2020:14:52:53 +0300] "GET /upload/files/rub_kontrl2.jpg HTTP/1.1" 302 311 "-" "Mozilla/5.0 (Windows NT 10.0; Win64; x64; rv:74.0) Gecko/20100101 Firefox/74.0"
77.50.60.238 - - [05/Apr/2020:14:52:53 +0300] "GET /upload/files/pod_st_ob.jpg HTTP/1.1" 302 309 "-" "Mozilla/5.0 (Windows NT 10.0; Win64; x64; rv:74.0) Gecko/20100101 Firefox/74.0"
77.50.60.238 - - [05/Apr/2020:14:52:53 +0300] "GET /upload/files/rub_kontrl.jpg HTTP/1.1" 302 310 "-" "Mozilla/5.0 (Windows NT 10.0; Win64; x64; rv:74.0) Gecko/20100101 Firefox/74.0"
77.50.60.238 - - [05/Apr/2020:14:52:53 +0300] "GET /upload/files/oplata.gif HTTP/1.1" 302 306 "-" "Mozilla/5.0 (Windows NT 10.0; Win64; x64; rv:74.0) Gecko/20100101 Firefox/74.0"
77.50.60.238 - - [05/Apr/2020:14:52:53 +0300] "GET /upload/files/kons_ses.jpg HTTP/1.1" 302 308 "-" "Mozilla/5.0 (Windows NT 10.0; Win64; x64; rv:74.0) Gecko/20100101 Firefox/74.0"
77.50.60.238 - - [05/Apr/2020:14:52:53 +0300] "GET /upload/files/Kons_2018.jpg HTTP/1.1" 302 309 "-" "Mozilla/5.0 (Windows NT 10.0; Win64; x64; rv:74.0) Gecko/20100101 Firefox/74.0"
77.50.60.238 - - [05/Apr/2020:14:52:53 +0300] "GET /upload/files/mgsusmogu.png HTTP/1.1" 302 309 "-" "Mozilla/5.0 (Windows NT 10.0; Win64; x64; rv:74.0) Gecko/20100101 Firefox/74.0"
77.50.60.238 - - [05/Apr/2020:14:52:54 +0300] "GET /upload/files/zadolgn_2018.jpg HTTP/1.1" 302 312 "-" "Mozilla/5.0 (Windows NT 10.0; Win64; x64; rv:74.0) Gecko/20100101 Firefox/74.0"
77.50.60.238 - - [05/Apr/2020:14:52:54 +0300] "GET /upload/files/RK_2018.jpg HTTP/1.1" 302 307 "-" "Mozilla/5.0 (Windows NT 10.0; Win64; x64; rv:74.0) Gecko/20100101 Firefox/74.0"
77.50.60.238 - - [05/Apr/2020:14:52:54 +0300] "GET /upload/files/gtaff_UP.jpg HTTP/1.1" 302 308 "-" "Mozilla/5.0 (Windows NT 10.0; Win64; x64; rv:74.0) Gecko/20100101 Firefox/74.0"
77.50.60.238 - - [05/Apr/2020:14:52:54 +0300] "GET /upload/files/pictures/sessiya.jpg HTTP/1.1" 302 316 "-" "Mozilla/5.0 (Windows NT 10.0; Win64; x64; rv:74.0) Gecko/20100101 Firefox/74.0"
77.50.60.238 - - [05/Apr/2020:14:52:54 +0300] "GET /upload/files/personal-folders/167/alert.jpg HTTP/1.1" 302 326 "-" "Mozilla/5.0 (Windows NT 10.0; Win64; x64; rv:74.0) Gecko/20100101 Firefox/74.0"
77.50.60.238 - - [05/Apr/2020:14:52:54 +0300] "GET /upload/files/personal-folders/Dokumenty_k_praktike/Praktika.png HTTP/1.1" 302 346 "-" "Mozilla/5.0 (Windows NT 10.0; Win64; x64; rv:74.0) Gecko/20100101 Firefox/74.0"
77.50.60.238 - - [05/Apr/2020:14:52:54 +0300] "GET /upload/files/personal-folders/167/rekv_new_3.jpg HTTP/1.1" 302 331 "-" "Mozilla/5.0 (Windows NT 10.0; Win64; x64; rv:74.0) Gecko/20100101 Firefox/74.0"
77.50.60.238 - - [05/Apr/2020:14:52:54 +0300] "GET /upload/files/sessia_ido_rs.jpg HTTP/1.1" 302 313 "-" "Mozilla/5.0 (Windows NT 10.0; Win64; x64; rv:74.0) Gecko/20100101 Firefox/74.0"
77.50.60.238 - - [05/Apr/2020:14:52:54 +0300] "GET /upload/files/novost_lekcii_1.jpg HTTP/1.1" 302 315 "-" "Mozilla/5.0 (Windows NT 10.0; Win64; x64; rv:74.0) Gecko/20100101 Firefox/74.0"
77.50.60.238 - - [05/Apr/2020:14:52:54 +0300] "GET /upload/files/inf_stoim.jpg HTTP/1.1" 302 309 "-" "Mozilla/5.0 (Windows NT 10.0; Win64; x64; rv:74.0) Gecko/20100101 Firefox/74.0"
77.50.60.238 - - [05/Apr/2020:14:52:54 +0300] "GET /upload/files/ust_lekc.jpg HTTP/1.1" 302 308 "-" "Mozilla/5.0 (Windows NT 10.0; Win64; x64; rv:74.0) Gecko/20100101 Firefox/74.0"
77.50.60.238 - - [05/Apr/2020:14:52:54 +0300] "GET /upload/files/praktika_2017.jpg HTTP/1.1" 302 313 "-" "Mozilla/5.0 (Windows NT 10.0; Win64; x64; rv:74.0) Gecko/20100101 Firefox/74.0"
77.50.60.238 - - [05/Apr/2020:14:52:54 +0300] "GET /upload/files/ses_2_2.jpg HTTP/1.1" 302 307 "-" "Mozilla/5.0 (Windows NT 10.0; Win64; x64; rv:74.0) Gecko/20100101 Firefox/74.0"
77.50.60.238 - - [05/Apr/2020:14:52:54 +0300] "GET /upload/files/vazhnaya_info_01.jpg HTTP/1.1" 302 316 "-" "Mozilla/5.0 (Windows NT 10.0; Win64; x64; rv:74.0) Gecko/20100101 Firefox/74.0"
77.50.60.238 - - [05/Apr/2020:14:52:54 +0300] "GET /upload/files/zadolgn.jpg HTTP/1.1" 302 307 "-" "Mozilla/5.0 (Windows NT 10.0; Win64; x64; rv:74.0) Gecko/20100101 Firefox/74.0"
77.50.60.238 - - [05/Apr/2020:14:52:54 +0300] "GET /upload/files/pictures/info.jpg HTTP/1.1" 302 313 "-" "Mozilla/5.0 (Windows NT 10.0; Win64; x64; rv:74.0) Gecko/20100101 Firefox/74.0"
77.50.60.238 - - [05/Apr/2020:14:52:54 +0300] "GET /upload/files/org_sobr.jpg HTTP/1.1" 302 308 "-" "Mozilla/5.0 (Windows NT 10.0; Win64; x64; rv:74.0) Gecko/20100101 Firefox/74.0"
77.50.60.238 - - [05/Apr/2020:14:52:54 +0300] "GET /upload/files/pictures/autocad-for-mac-icon.png HTTP/1.1" 302 329 "-" "Mozilla/5.0 (Windows NT 10.0; Win64; x64; rv:74.0) Gecko/20100101 Firefox/74.0"
5.228.242.220 - - [05/Apr/2020:14:53:10 +0300] "GET /upload/files/Kuratory_foto/Julya_.jpg HTTP/1.1" 302 320 "-" "Mozilla/5.0 (Windows NT 6.1; Win64; x64) AppleWebKit/537.36 (KHTML, like Gecko) Chrome/80.0.3987.149 Safari/537.36"
5.228.242.220 - - [05/Apr/2020:14:53:10 +0300] "GET /upload/files/zadolgn_2018.jpg HTTP/1.1" 302 312 "-" "Mozilla/5.0 (Windows NT 6.1; Win64; x64) AppleWebKit/537.36 (KHTML, like Gecko) Chrome/80.0.3987.149 Safari/537.36"
5.228.242.220 - - [05/Apr/2020:14:53:10 +0300] "GET /upload/files/Kuratory_foto/Antonova_E_P_1.jpg HTTP/1.1" 302 328 "-" "Mozilla/5.0 (Windows NT 6.1; Win64; x64) AppleWebKit/537.36 (KHTML, like Gecko) Chrome/80.0.3987.149 Safari/537.36"
5.228.242.220 - - [05/Apr/2020:14:53:10 +0300] "GET /upload/files/personal-folders/167/inf_v.jpg HTTP/1.1" 302 326 "-" "Mozilla/5.0 (Windows NT 6.1; Win64; x64) AppleWebKit/537.36 (KHTML, like Gecko) Chrome/80.0.3987.149 Safari/537.36"
5.228.242.220 - - [05/Apr/2020:14:53:10 +0300] "GET /upload/files/Kuratory_foto/Xoxlova-2.jpg HTTP/1.1" 302 323 "-" "Mozilla/5.0 (Windows NT 6.1; Win64; x64) AppleWebKit/537.36 (KHTML, like Gecko) Chrome/80.0.3987.149 Safari/537.36"
5.228.242.220 - - [05/Apr/2020:14:53:10 +0300] "GET /upload/files/rub_kontrl2.jpg HTTP/1.1" 302 311 "-" "Mozilla/5.0 (Windows NT 6.1; Win64; x64) AppleWebKit/537.36 (KHTML, like Gecko) Chrome/80.0.3987.149 Safari/537.36"
5.228.242.220 - - [05/Apr/2020:14:53:11 +0300] "GET /upload/files/personal-folders/167/SB.jpg HTTP/1.1" 302 331 "-" "Mozilla/5.0 (Windows NT 6.1; Win64; x64) AppleWebKit/537.36 (KHTML, like Gecko) Chrome/80.0.3987.149 Safari/537.36"
5.228.242.220 - - [05/Apr/2020:14:53:11 +0300] "GET /upload/files/rub_kontrl.jpg HTTP/1.1" 302 310 "-" "Mozilla/5.0 (Windows NT 6.1; Win64; x64) AppleWebKit/537.36 (KHTML, like Gecko) Chrome/80.0.3987.149 Safari/537.36"
5.228.242.220 - - [05/Apr/2020:14:53:11 +0300] "GET /upload/files/pod_st_ob.jpg HTTP/1.1" 302 309 "-" "Mozilla/5.0 (Windows NT 6.1; Win64; x64) AppleWebKit/537.36 (KHTML, like Gecko) Chrome/80.0.3987.149 Safari/537.36"
5.228.242.220 - - [05/Apr/2020:14:53:11 +0300] "GET /upload/files/sessia_ido_rs.jpg HTTP/1.1" 302 313 "-" "Mozilla/5.0 (Windows NT 6.1; Win64; x64) AppleWebKit/537.36 (KHTML, like Gecko) Chrome/80.0.3987.149 Safari/537.36"
5.228.242.220 - - [05/Apr/2020:14:53:11 +0300] "GET /upload/files/oplata.gif HTTP/1.1" 302 306 "-" "Mozilla/5.0 (Windows NT 6.1; Win64; x64) AppleWebKit/537.36 (KHTML, like Gecko) Chrome/80.0.3987.149 Safari/537.36"
5.228.242.220 - - [05/Apr/2020:14:53:11 +0300] "GET /upload/files/kons_ses.jpg HTTP/1.1" 302 308 "-" "Mozilla/5.0 (Windows NT 6.1; Win64; x64) AppleWebKit/537.36 (KHTML, like Gecko) Chrome/80.0.3987.149 Safari/537.36"
5.228.242.220 - - [05/Apr/2020:14:53:11 +0300] "GET /upload/files/novost_lekcii_1.jpg HTTP/1.1" 302 315 "-" "Mozilla/5.0 (Windows NT 6.1; Win64; x64) AppleWebKit/537.36 (KHTML, like Gecko) Chrome/80.0.3987.149 Safari/537.36"
5.228.242.220 - - [05/Apr/2020:14:53:11 +0300] "GET /upload/files/mgsusmogu.png HTTP/1.1" 302 309 "-" "Mozilla/5.0 (Windows NT 6.1; Win64; x64) AppleWebKit/537.36 (KHTML, like Gecko) Chrome/80.0.3987.149 Safari/537.36"
5.228.242.220 - - [05/Apr/2020:14:53:11 +0300] "GET /upload/files/Kons_2018.jpg HTTP/1.1" 302 309 "-" "Mozilla/5.0 (Windows NT 6.1; Win64; x64) AppleWebKit/537.36 (KHTML, like Gecko) Chrome/80.0.3987.149 Safari/537.36"
5.228.242.220 - - [05/Apr/2020:14:53:11 +0300] "GET /upload/files/inf_stoim.jpg HTTP/1.1" 302 309 "-" "Mozilla/5.0 (Windows NT 6.1; Win64; x64) AppleWebKit/537.36 (KHTML, like Gecko) Chrome/80.0.3987.149 Safari/537.36"
5.228.242.220 - - [05/Apr/2020:14:53:11 +0300] "GET /upload/files/RK_2018.jpg HTTP/1.1" 302 307 "-" "Mozilla/5.0 (Windows NT 6.1; Win64; x64) AppleWebKit/537.36 (KHTML, like Gecko) Chrome/80.0.3987.149 Safari/537.36"
5.228.242.220 - - [05/Apr/2020:14:53:11 +0300] "GET /upload/files/ust_lekc.jpg HTTP/1.1" 302 308 "-" "Mozilla/5.0 (Windows NT 6.1; Win64; x64) AppleWebKit/537.36 (KHTML, like Gecko) Chrome/80.0.3987.149 Safari/537.36"
5.228.242.220 - - [05/Apr/2020:14:53:11 +0300] "GET /upload/files/gtaff_UP.jpg HTTP/1.1" 302 308 "-" "Mozilla/5.0 (Windows NT 6.1; Win64; x64) AppleWebKit/537.36 (KHTML, like Gecko) Chrome/80.0.3987.149 Safari/537.36"
5.228.242.220 - - [05/Apr/2020:14:53:11 +0300] "GET /upload/files/ses_2_2.jpg HTTP/1.1" 302 307 "-" "Mozilla/5.0 (Windows NT 6.1; Win64; x64) AppleWebKit/537.36 (KHTML, like Gecko) Chrome/80.0.3987.149 Safari/537.36"
5.228.242.220 - - [05/Apr/2020:14:53:11 +0300] "GET /upload/files/praktika_2017.jpg HTTP/1.1" 302 313 "-" "Mozilla/5.0 (Windows NT 6.1; Win64; x64) AppleWebKit/537.36 (KHTML, like Gecko) Chrome/80.0.3987.149 Safari/537.36"
5.228.242.220 - - [05/Apr/2020:14:53:11 +0300] "GET /upload/files/vazhnaya_info_01.jpg HTTP/1.1" 302 316 "-" "Mozilla/5.0 (Windows NT 6.1; Win64; x64) AppleWebKit/537.36 (KHTML, like Gecko) Chrome/80.0.3987.149 Safari/537.36"
5.228.242.220 - - [05/Apr/2020:14:53:11 +0300] "GET /upload/files/pictures/info.jpg HTTP/1.1" 302 313 "-" "Mozilla/5.0 (Windows NT 6.1; Win64; x64) AppleWebKit/537.36 (KHTML, like Gecko) Chrome/80.0.3987.149 Safari/537.36"
5.228.242.220 - - [05/Apr/2020:14:53:11 +0300] "GET /upload/files/zadolgn.jpg HTTP/1.1" 302 307 "-" "Mozilla/5.0 (Windows NT 6.1; Win64; x64) AppleWebKit/537.36 (KHTML, like Gecko) Chrome/80.0.3987.149 Safari/537.36"
5.228.242.220 - - [05/Apr/2020:14:53:11 +0300] "GET /upload/files/pictures/sessiya.jpg HTTP/1.1" 302 316 "-" "Mozilla/5.0 (Windows NT 6.1; Win64; x64) AppleWebKit/537.36 (KHTML, like Gecko) Chrome/80.0.3987.149 Safari/537.36"
5.228.242.220 - - [05/Apr/2020:14:53:11 +0300] "GET /upload/files/personal-folders/167/alert.jpg HTTP/1.1" 302 326 "-" "Mozilla/5.0 (Windows NT 6.1; Win64; x64) AppleWebKit/537.36 (KHTML, like Gecko) Chrome/80.0.3987.149 Safari/537.36"
5.228.242.220 - - [05/Apr/2020:14:53:11 +0300] "GET /upload/files/org_sobr.jpg HTTP/1.1" 302 308 "-" "Mozilla/5.0 (Windows NT 6.1; Win64; x64) AppleWebKit/537.36 (KHTML, like Gecko) Chrome/80.0.3987.149 Safari/537.36"
5.228.242.220 - - [05/Apr/2020:14:53:11 +0300] "GET /upload/files/personal-folders/Dokumenty_k_praktike/Praktika.png HTTP/1.1" 302 346 "-" "Mozilla/5.0 (Windows NT 6.1; Win64; x64) AppleWebKit/537.36 (KHTML, like Gecko) Chrome/80.0.3987.149 Safari/537.36"
5.228.242.220 - - [05/Apr/2020:14:53:11 +0300] "GET /upload/files/personal-folders/167/rekv_new_3.jpg HTTP/1.1" 302 331 "-" "Mozilla/5.0 (Windows NT 6.1; Win64; x64) AppleWebKit/537.36 (KHTML, like Gecko) Chrome/80.0.3987.149 Safari/537.36"
5.228.242.220 - - [05/Apr/2020:14:53:11 +0300] "GET /upload/files/pictures/autocad-for-mac-icon.png HTTP/1.1" 302 329 "-" "Mozilla/5.0 (Windows NT 6.1; Win64; x64) AppleWebKit/537.36 (KHTML, like Gecko) Chrome/80.0.3987.149 Safari/537.36"
95.167.65.98 - - [05/Apr/2020:14:53:24 +0300] "GET / HTTP/1.1" 302 283 "http://mgsu.ru/universityabout/Struktura/Instituti/IDO/news/38651/" "Mozilla/5.0 (Windows NT 10.0; WOW64) AppleWebKit/537.36 (KHTML, like Gecko) Chrome/80.0.3987.132 YaBrowser/20.3.1.253 Yowser/2.5 Safari/537.36"
109.252.135.162 - - [05/Apr/2020:14:53:52 +0300] "GET /upload/files/Kuratory_foto/Julya_.jpg HTTP/1.1" 302 320 "-" "Mozilla/5.0 (Windows NT 10.0; Win64; x64) AppleWebKit/537.36 (KHTML, like Gecko) Chrome/80.0.3987.149 Safari/537.36"
109.252.135.162 - - [05/Apr/2020:14:53:52 +0300] "GET /upload/files/Kuratory_foto/Antonova_E_P_1.jpg HTTP/1.1" 302 328 "-" "Mozilla/5.0 (Windows NT 10.0; Win64; x64) AppleWebKit/537.36 (KHTML, like Gecko) Chrome/80.0.3987.149 Safari/537.36"
109.252.135.162 - - [05/Apr/2020:14:53:52 +0300] "GET /upload/files/Kuratory_foto/Xoxlova-2.jpg HTTP/1.1" 302 323 "-" "Mozilla/5.0 (Windows NT 10.0; Win64; x64) AppleWebKit/537.36 (KHTML, like Gecko) Chrome/80.0.3987.149 Safari/537.36"
109.252.135.162 - - [05/Apr/2020:14:53:52 +0300] "GET /upload/files/personal-folders/167/inf_v.jpg HTTP/1.1" 302 326 "-" "Mozilla/5.0 (Windows NT 10.0; Win64; x64) AppleWebKit/537.36 (KHTML, like Gecko) Chrome/80.0.3987.149 Safari/537.36"
109.252.135.162 - - [05/Apr/2020:14:53:52 +0300] "GET /upload/files/rub_kontrl2.jpg HTTP/1.1" 302 311 "-" "Mozilla/5.0 (Windows NT 10.0; Win64; x64) AppleWebKit/537.36 (KHTML, like Gecko) Chrome/80.0.3987.149 Safari/537.36"
109.252.135.162 - - [05/Apr/2020:14:53:52 +0300] "GET /upload/files/zadolgn_2018.jpg HTTP/1.1" 302 312 "-" "Mozilla/5.0 (Windows NT 10.0; Win64; x64) AppleWebKit/537.36 (KHTML, like Gecko) Chrome/80.0.3987.149 Safari/537.36"
109.252.135.162 - - [05/Apr/2020:14:53:52 +0300] "GET /upload/files/rub_kontrl.jpg HTTP/1.1" 302 310 "-" "Mozilla/5.0 (Windows NT 10.0; Win64; x64) AppleWebKit/537.36 (KHTML, like Gecko) Chrome/80.0.3987.149 Safari/537.36"
109.252.135.162 - - [05/Apr/2020:14:53:52 +0300] "GET /upload/files/oplata.gif HTTP/1.1" 302 306 "-" "Mozilla/5.0 (Windows NT 10.0; Win64; x64) AppleWebKit/537.36 (KHTML, like Gecko) Chrome/80.0.3987.149 Safari/537.36"
109.252.135.162 - - [05/Apr/2020:14:53:52 +0300] "GET /upload/files/pod_st_ob.jpg HTTP/1.1" 302 309 "-" "Mozilla/5.0 (Windows NT 10.0; Win64; x64) AppleWebKit/537.36 (KHTML, like Gecko) Chrome/80.0.3987.149 Safari/537.36"
109.252.135.162 - - [05/Apr/2020:14:53:52 +0300] "GET /upload/files/sessia_ido_rs.jpg HTTP/1.1" 302 313 "-" "Mozilla/5.0 (Windows NT 10.0; Win64; x64) AppleWebKit/537.36 (KHTML, like Gecko) Chrome/80.0.3987.149 Safari/537.36"
109.252.135.162 - - [05/Apr/2020:14:53:52 +0300] "GET /upload/files/personal-folders/167/SB.jpg HTTP/1.1" 302 331 "-" "Mozilla/5.0 (Windows NT 10.0; Win64; x64) AppleWebKit/537.36 (KHTML, like Gecko) Chrome/80.0.3987.149 Safari/537.36"
109.252.135.162 - - [05/Apr/2020:14:53:52 +0300] "GET /upload/files/kons_ses.jpg HTTP/1.1" 302 308 "-" "Mozilla/5.0 (Windows NT 10.0; Win64; x64) AppleWebKit/537.36 (KHTML, like Gecko) Chrome/80.0.3987.149 Safari/537.36"
109.252.135.162 - - [05/Apr/2020:14:53:52 +0300] "GET /upload/files/mgsusmogu.png HTTP/1.1" 302 309 "-" "Mozilla/5.0 (Windows NT 10.0; Win64; x64) AppleWebKit/537.36 (KHTML, like Gecko) Chrome/80.0.3987.149 Safari/537.36"
109.252.135.162 - - [05/Apr/2020:14:53:52 +0300] "GET /upload/files/novost_lekcii_1.jpg HTTP/1.1" 302 315 "-" "Mozilla/5.0 (Windows NT 10.0; Win64; x64) AppleWebKit/537.36 (KHTML, like Gecko) Chrome/80.0.3987.149 Safari/537.36"
109.252.135.162 - - [05/Apr/2020:14:53:52 +0300] "GET /upload/files/RK_2018.jpg HTTP/1.1" 302 307 "-" "Mozilla/5.0 (Windows NT 10.0; Win64; x64) AppleWebKit/537.36 (KHTML, like Gecko) Chrome/80.0.3987.149 Safari/537.36"
109.252.135.162 - - [05/Apr/2020:14:53:52 +0300] "GET /upload/files/Kons_2018.jpg HTTP/1.1" 302 309 "-" "Mozilla/5.0 (Windows NT 10.0; Win64; x64) AppleWebKit/537.36 (KHTML, like Gecko) Chrome/80.0.3987.149 Safari/537.36"
109.252.135.162 - - [05/Apr/2020:14:53:52 +0300] "GET /upload/files/inf_stoim.jpg HTTP/1.1" 302 309 "-" "Mozilla/5.0 (Windows NT 10.0; Win64; x64) AppleWebKit/537.36 (KHTML, like Gecko) Chrome/80.0.3987.149 Safari/537.36"
109.252.135.162 - - [05/Apr/2020:14:53:52 +0300] "GET /upload/files/ust_lekc.jpg HTTP/1.1" 302 308 "-" "Mozilla/5.0 (Windows NT 10.0; Win64; x64) AppleWebKit/537.36 (KHTML, like Gecko) Chrome/80.0.3987.149 Safari/537.36"
109.252.135.162 - - [05/Apr/2020:14:53:52 +0300] "GET /upload/files/gtaff_UP.jpg HTTP/1.1" 302 308 "-" "Mozilla/5.0 (Windows NT 10.0; Win64; x64) AppleWebKit/537.36 (KHTML, like Gecko) Chrome/80.0.3987.149 Safari/537.36"
109.252.135.162 - - [05/Apr/2020:14:53:52 +0300] "GET /upload/files/praktika_2017.jpg HTTP/1.1" 302 313 "-" "Mozilla/5.0 (Windows NT 10.0; Win64; x64) AppleWebKit/537.36 (KHTML, like Gecko) Chrome/80.0.3987.149 Safari/537.36"
109.252.135.162 - - [05/Apr/2020:14:53:52 +0300] "GET /upload/files/ses_2_2.jpg HTTP/1.1" 302 307 "-" "Mozilla/5.0 (Windows NT 10.0; Win64; x64) AppleWebKit/537.36 (KHTML, like Gecko) Chrome/80.0.3987.149 Safari/537.36"
109.252.135.162 - - [05/Apr/2020:14:53:52 +0300] "GET /upload/files/vazhnaya_info_01.jpg HTTP/1.1" 302 316 "-" "Mozilla/5.0 (Windows NT 10.0; Win64; x64) AppleWebKit/537.36 (KHTML, like Gecko) Chrome/80.0.3987.149 Safari/537.36"
109.252.135.162 - - [05/Apr/2020:14:53:52 +0300] "GET /upload/files/zadolgn.jpg HTTP/1.1" 302 307 "-" "Mozilla/5.0 (Windows NT 10.0; Win64; x64) AppleWebKit/537.36 (KHTML, like Gecko) Chrome/80.0.3987.149 Safari/537.36"
109.252.135.162 - - [05/Apr/2020:14:53:52 +0300] "GET /upload/files/pictures/info.jpg HTTP/1.1" 302 313 "-" "Mozilla/5.0 (Windows NT 10.0; Win64; x64) AppleWebKit/537.36 (KHTML, like Gecko) Chrome/80.0.3987.149 Safari/537.36"
109.252.135.162 - - [05/Apr/2020:14:53:52 +0300] "GET /upload/files/pictures/sessiya.jpg HTTP/1.1" 302 316 "-" "Mozilla/5.0 (Windows NT 10.0; Win64; x64) AppleWebKit/537.36 (KHTML, like Gecko) Chrome/80.0.3987.149 Safari/537.36"
109.252.135.162 - - [05/Apr/2020:14:53:52 +0300] "GET /upload/files/personal-folders/167/alert.jpg HTTP/1.1" 302 326 "-" "Mozilla/5.0 (Windows NT 10.0; Win64; x64) AppleWebKit/537.36 (KHTML, like Gecko) Chrome/80.0.3987.149 Safari/537.36"
109.252.135.162 - - [05/Apr/2020:14:53:52 +0300] "GET /upload/files/org_sobr.jpg HTTP/1.1" 302 308 "-" "Mozilla/5.0 (Windows NT 10.0; Win64; x64) AppleWebKit/537.36 (KHTML, like Gecko) Chrome/80.0.3987.149 Safari/537.36"
109.252.135.162 - - [05/Apr/2020:14:53:52 +0300] "GET /upload/files/personal-folders/Dokumenty_k_praktike/Praktika.png HTTP/1.1" 302 346 "-" "Mozilla/5.0 (Windows NT 10.0; Win64; x64) AppleWebKit/537.36 (KHTML, like Gecko) Chrome/80.0.3987.149 Safari/537.36"
109.252.135.162 - - [05/Apr/2020:14:53:53 +0300] "GET /upload/files/personal-folders/167/rekv_new_3.jpg HTTP/1.1" 302 331 "-" "Mozilla/5.0 (Windows NT 10.0; Win64; x64) AppleWebKit/537.36 (KHTML, like Gecko) Chrome/80.0.3987.149 Safari/537.36"
109.252.135.162 - - [05/Apr/2020:14:53:53 +0300] "GET /upload/files/pictures/autocad-for-mac-icon.png HTTP/1.1" 302 329 "-" "Mozilla/5.0 (Windows NT 10.0; Win64; x64) AppleWebKit/537.36 (KHTML, like Gecko) Chrome/80.0.3987.149 Safari/537.36"
::1 - - [05/Apr/2020:14:54:17 +0300] "OPTIONS * HTTP/1.0" 200 - "-" "Apache/2.2.15 (CentOS) (internal dummy connection)"
::1 - - [05/Apr/2020:14:54:18 +0300] "OPTIONS * HTTP/1.0" 200 - "-" "Apache/2.2.15 (CentOS) (internal dummy connection)"
::1 - - [05/Apr/2020:14:54:20 +0300] "OPTIONS * HTTP/1.0" 200 - "-" "Apache/2.2.15 (CentOS) (internal dummy connection)"
::1 - - [05/Apr/2020:14:54:21 +0300] "OPTIONS * HTTP/1.0" 200 - "-" "Apache/2.2.15 (CentOS) (internal dummy connection)"
::1 - - [05/Apr/2020:14:54:22 +0300] "OPTIONS * HTTP/1.0" 200 - "-" "Apache/2.2.15 (CentOS) (internal dummy connection)"
::1 - - [05/Apr/2020:14:54:23 +0300] "OPTIONS * HTTP/1.0" 200 - "-" "Apache/2.2.15 (CentOS) (internal dummy connection)"
::1 - - [05/Apr/2020:14:54:24 +0300] "OPTIONS * HTTP/1.0" 200 - "-" "Apache/2.2.15 (CentOS) (internal dummy connection)"
::1 - - [05/Apr/2020:14:54:25 +0300] "OPTIONS * HTTP/1.0" 200 - "-" "Apache/2.2.15 (CentOS) (internal dummy connection)"
::1 - - [05/Apr/2020:14:54:26 +0300] "OPTIONS * HTTP/1.0" 200 - "-" "Apache/2.2.15 (CentOS) (internal dummy connection)"
46.242.123.138 - - [05/Apr/2020:14:54:27 +0300] "GET /upload/files/mgsulogo1-1921.png HTTP/1.1" 302 314 "-" "Mozilla/5.0 (Windows NT 10.0; Win64; x64) AppleWebKit/537.36 (KHTML, like Gecko) Chrome/80.0.3987.149 Safari/537.36"
::1 - - [05/Apr/2020:14:54:27 +0300] "OPTIONS * HTTP/1.0" 200 - "-" "Apache/2.2.15 (CentOS) (internal dummy connection)"
::1 - - [05/Apr/2020:14:54:28 +0300] "OPTIONS * HTTP/1.0" 200 - "-" "Apache/2.2.15 (CentOS) (internal dummy connection)"
188.130.239.3 - - [05/Apr/2020:14:54:28 +0300] "GET /upload/files/mgsulogo1-1921.png HTTP/1.1" 302 314 "-" "Mozilla/5.0 (iPhone; CPU iPhone OS 13_3_1 like Mac OS X) AppleWebKit/605.1.15 (KHTML, like Gecko) Mobile/15E148"
::1 - - [05/Apr/2020:14:54:29 +0300] "OPTIONS * HTTP/1.0" 200 - "-" "Apache/2.2.15 (CentOS) (internal dummy connection)"
::1 - - [05/Apr/2020:14:54:30 +0300] "OPTIONS * HTTP/1.0" 200 - "-" "Apache/2.2.15 (CentOS) (internal dummy connection)"
::1 - - [05/Apr/2020:14:54:31 +0300] "OPTIONS * HTTP/1.0" 200 - "-" "Apache/2.2.15 (CentOS) (internal dummy connection)"
::1 - - [05/Apr/2020:14:54:32 +0300] "OPTIONS * HTTP/1.0" 200 - "-" "Apache/2.2.15 (CentOS) (internal dummy connection)"
::1 - - [05/Apr/2020:14:54:33 +0300] "OPTIONS * HTTP/1.0" 200 - "-" "Apache/2.2.15 (CentOS) (internal dummy connection)"
::1 - - [05/Apr/2020:14:54:35 +0300] "OPTIONS * HTTP/1.0" 200 - "-" "Apache/2.2.15 (CentOS) (internal dummy connection)"
::1 - - [05/Apr/2020:14:54:37 +0300] "OPTIONS * HTTP/1.0" 200 - "-" "Apache/2.2.15 (CentOS) (internal dummy connection)"
::1 - - [05/Apr/2020:14:54:38 +0300] "OPTIONS * HTTP/1.0" 200 - "-" "Apache/2.2.15 (CentOS) (internal dummy connection)"
63.143.42.251 - - [05/Apr/2020:14:54:50 +0300] "HEAD / HTTP/1.1" 302 - "http://cito.mgsu.ru/" "Mozilla/5.0+(compatible; UptimeRobot/2.0; http://www.uptimerobot.com/)"
::1 - - [05/Apr/2020:14:54:52 +0300] "OPTIONS * HTTP/1.0" 200 - "-" "Apache/2.2.15 (CentOS) (internal dummy connection)"
::1 - - [05/Apr/2020:14:54:55 +0300] "OPTIONS * HTTP/1.0" 200 - "-" "Apache/2.2.15 (CentOS) (internal dummy connection)"
213.87.150.174 - - [05/Apr/2020:14:55:11 +0300] "GET /upload/files/mgsulogo1-1921.png HTTP/1.1" 302 314 "-" "Mozilla/5.0 (Windows NT 10.0; Win64; x64) AppleWebKit/537.36 (KHTML, like Gecko) Chrome/80.0.3987.149 Safari/537.36"
::1 - - [05/Apr/2020:14:55:12 +0300] "OPTIONS * HTTP/1.0" 200 - "-" "Apache/2.2.15 (CentOS) (internal dummy connection)"
::1 - - [05/Apr/2020:14:55:13 +0300] "OPTIONS * HTTP/1.0" 200 - "-" "Apache/2.2.15 (CentOS) (internal dummy connection)"
107.152.210.26 - - [05/Apr/2020:14:56:27 +0300] "POST /forum/default.aspx?g=postmessage&m=17 HTTP/1.1" 302 328 "http://www.do.mgsu.ru/forum/default.aspx?g=postmessage&m=17" "Mozilla/4.0 (compatible; MSIE 6.0; Windows NT 5.1; SV1)"
188.162.180.118 - - [05/Apr/2020:14:56:34 +0300] "GET /upload/files/mgsulogo1-1921.png HTTP/1.1" 302 314 "-" "Mozilla/5.0 (iPhone; CPU iPhone OS 13_3_1 like Mac OS X) AppleWebKit/605.1.15 (KHTML, like Gecko) Mobile/15E148"
::1 - - [05/Apr/2020:14:57:07 +0300] "OPTIONS * HTTP/1.0" 200 - "-" "Apache/2.2.15 (CentOS) (internal dummy connection)"
::1 - - [05/Apr/2020:14:57:09 +0300] "OPTIONS * HTTP/1.0" 200 - "-" "Apache/2.2.15 (CentOS) (internal dummy connection)"
::1 - - [05/Apr/2020:14:57:10 +0300] "OPTIONS * HTTP/1.0" 200 - "-" "Apache/2.2.15 (CentOS) (internal dummy connection)"
::1 - - [05/Apr/2020:14:57:11 +0300] "OPTIONS * HTTP/1.0" 200 - "-" "Apache/2.2.15 (CentOS) (internal dummy connection)"
::1 - - [05/Apr/2020:14:57:12 +0300] "OPTIONS * HTTP/1.0" 200 - "-" "Apache/2.2.15 (CentOS) (internal dummy connection)"
213.87.150.174 - - [05/Apr/2020:14:57:13 +0300] "GET /upload/files/mgsulogo1-1921.png HTTP/1.1" 302 314 "-" "Mozilla/5.0 (Windows NT 10.0; Win64; x64) AppleWebKit/537.36 (KHTML, like Gecko) Chrome/80.0.3987.149 Safari/537.36"
::1 - - [05/Apr/2020:14:57:13 +0300] "OPTIONS * HTTP/1.0" 200 - "-" "Apache/2.2.15 (CentOS) (internal dummy connection)"
::1 - - [05/Apr/2020:14:57:14 +0300] "OPTIONS * HTTP/1.0" 200 - "-" "Apache/2.2.15 (CentOS) (internal dummy connection)"
::1 - - [05/Apr/2020:14:57:15 +0300] "OPTIONS * HTTP/1.0" 200 - "-" "Apache/2.2.15 (CentOS) (internal dummy connection)"
::1 - - [05/Apr/2020:14:57:16 +0300] "OPTIONS * HTTP/1.0" 200 - "-" "Apache/2.2.15 (CentOS) (internal dummy connection)"
::1 - - [05/Apr/2020:14:57:21 +0300] "OPTIONS * HTTP/1.0" 200 - "-" "Apache/2.2.15 (CentOS) (internal dummy connection)"
::1 - - [05/Apr/2020:14:57:23 +0300] "OPTIONS * HTTP/1.0" 200 - "-" "Apache/2.2.15 (CentOS) (internal dummy connection)"
::1 - - [05/Apr/2020:14:57:26 +0300] "OPTIONS * HTTP/1.0" 200 - "-" "Apache/2.2.15 (CentOS) (internal dummy connection)"
::1 - - [05/Apr/2020:14:57:27 +0300] "OPTIONS * HTTP/1.0" 200 - "-" "Apache/2.2.15 (CentOS) (internal dummy connection)"
::1 - - [05/Apr/2020:14:57:28 +0300] "OPTIONS * HTTP/1.0" 200 - "-" "Apache/2.2.15 (CentOS) (internal dummy connection)"
::1 - - [05/Apr/2020:14:57:31 +0300] "OPTIONS * HTTP/1.0" 200 - "-" "Apache/2.2.15 (CentOS) (internal dummy connection)"
::1 - - [05/Apr/2020:14:57:33 +0300] "OPTIONS * HTTP/1.0" 200 - "-" "Apache/2.2.15 (CentOS) (internal dummy connection)"
::1 - - [05/Apr/2020:14:57:34 +0300] "OPTIONS * HTTP/1.0" 200 - "-" "Apache/2.2.15 (CentOS) (internal dummy connection)"
::1 - - [05/Apr/2020:14:57:35 +0300] "OPTIONS * HTTP/1.0" 200 - "-" "Apache/2.2.15 (CentOS) (internal dummy connection)"
178.67.194.39 - - [05/Apr/2020:14:57:46 +0300] "GET / HTTP/1.1" 302 283 "-" "Mozilla/5.0 (Windows NT 10.0; Win64; x64) AppleWebKit/537.36 (KHTML, like Gecko) Chrome/70.0.3538.102 Safari/537.36 Edge/18.18362"
213.87.150.174 - - [05/Apr/2020:14:57:46 +0300] "GET /upload/files/mgsulogo1-1921.png HTTP/1.1" 302 314 "-" "Mozilla/5.0 (Windows NT 10.0; Win64; x64) AppleWebKit/537.36 (KHTML, like Gecko) Chrome/80.0.3987.149 Safari/537.36"
::1 - - [05/Apr/2020:14:57:52 +0300] "OPTIONS * HTTP/1.0" 200 - "-" "Apache/2.2.15 (CentOS) (internal dummy connection)"
31.135.76.77 - - [05/Apr/2020:14:57:55 +0300] "GET /upload/files/mgsulogo1-1921.png HTTP/1.1" 302 314 "-" "Mozilla/5.0 (Windows NT 10.0; WOW64) AppleWebKit/537.36 (KHTML, like Gecko) Chrome/80.0.3987.132 YaBrowser/20.3.2.242 Yowser/2.5 Safari/537.36"
66.102.9.79 - - [05/Apr/2020:14:57:57 +0300] "GET /resource/index/data/lesson_id/9627/subject_id/1331/resource_id/2389/revision_id/0 HTTP/1.1" 302 364 "-" "Mozilla/5.0 (compatible; Google AppsViewer; http://drive.google.com)"
213.87.150.174 - - [05/Apr/2020:14:58:05 +0300] "GET /upload/files/mgsulogo1-1921.png HTTP/1.1" 302 314 "-" "Mozilla/5.0 (Windows NT 10.0; Win64; x64) AppleWebKit/537.36 (KHTML, like Gecko) Chrome/80.0.3987.149 Safari/537.36"
88.208.7.204 - - [05/Apr/2020:14:58:08 +0300] "GET /upload/files/mgsulogo1-1921.png HTTP/1.1" 302 314 "-" "Mozilla/5.0 (iPhone; CPU iPhone OS 13_3 like Mac OS X) AppleWebKit/605.1.15 (KHTML, like Gecko) Mobile/15E148"
109.252.124.192 - - [05/Apr/2020:14:58:24 +0300] "GET /upload/files/Avtori_photo/mondrus_vladimir_lvovich.jpg HTTP/1.1" 302 337 "-" "Mozilla/5.0 (Windows NT 6.1; WOW64) AppleWebKit/537.36 (KHTML, like Gecko) Chrome/80.0.3987.132 YaBrowser/20.3.1.197 Yowser/2.5 Safari/537.36"
109.252.124.192 - - [05/Apr/2020:14:58:24 +0300] "GET /upload/files/opisanie_kurs/komp_met_dinam_rasch_zd_soor.jpg HTTP/1.1" 302 342 "-" "Mozilla/5.0 (Windows NT 6.1; WOW64) AppleWebKit/537.36 (KHTML, like Gecko) Chrome/80.0.3987.132 YaBrowser/20.3.1.197 Yowser/2.5 Safari/537.36"
109.252.124.192 - - [05/Apr/2020:14:58:24 +0300] "GET /upload/files/Avtori_photo/smirnov_vladimir_aleksandrovich.jpg HTTP/1.1" 302 344 "-" "Mozilla/5.0 (Windows NT 6.1; WOW64) AppleWebKit/537.36 (KHTML, like Gecko) Chrome/80.0.3987.132 YaBrowser/20.3.1.197 Yowser/2.5 Safari/537.36"
109.252.124.192 - - [05/Apr/2020:14:58:24 +0300] "GET /upload/files/Avtori_photo/karakozova_anastasiya_ivanovna.jpg HTTP/1.1" 302 343 "-" "Mozilla/5.0 (Windows NT 6.1; WOW64) AppleWebKit/537.36 (KHTML, like Gecko) Chrome/80.0.3987.132 YaBrowser/20.3.1.197 Yowser/2.5 Safari/537.36"
46.63.174.74 - - [05/Apr/2020:14:58:25 +0300] "GET / HTTP/1.1" 302 283 "-" "Mozilla/5.0 (Windows NT 10.0; Win64; x64) AppleWebKit/537.36 (KHTML, like Gecko) Chrome/80.0.3987.149 Safari/537.36"
::1 - - [05/Apr/2020:14:58:32 +0300] "OPTIONS * HTTP/1.0" 200 - "-" "Apache/2.2.15 (CentOS) (internal dummy connection)"
188.93.56.127 - - [05/Apr/2020:14:58:36 +0300] "GET /upload/files/personal-folders/16063/education_bg.jpg HTTP/1.1" 302 335 "-" "Mozilla/5.0 (X11; Linux x86_64) AppleWebKit/537.36 (KHTML, like Gecko)"
::1 - - [05/Apr/2020:14:58:42 +0300] "OPTIONS * HTTP/1.0" 200 - "-" "Apache/2.2.15 (CentOS) (internal dummy connection)"
::1 - - [05/Apr/2020:14:58:47 +0300] "OPTIONS * HTTP/1.0" 200 - "-" "Apache/2.2.15 (CentOS) (internal dummy connection)"
::1 - - [05/Apr/2020:14:59:05 +0300] "OPTIONS * HTTP/1.0" 200 - "-" "Apache/2.2.15 (CentOS) (internal dummy connection)"
66.102.9.79 - - [05/Apr/2020:14:59:10 +0300] "GET /resource/index/data/lesson_id/12046/subject_id/1590/resource_id/3369/revision_id/0 HTTP/1.1" 302 365 "-" "Mozilla/5.0 (compatible; Google AppsViewer; http://drive.google.com)"
46.242.8.216 - - [05/Apr/2020:14:59:12 +0300] "GET / HTTP/1.1" 302 283 "-" "Mozilla/5.0 (Windows NT 6.1) AppleWebKit/537.36 (KHTML, like Gecko) Chrome/80.0.3987.149 Safari/537.36"
::1 - - [05/Apr/2020:14:59:24 +0300] "OPTIONS * HTTP/1.0" 200 - "-" "Apache/2.2.15 (CentOS) (internal dummy connection)"
::1 - - [05/Apr/2020:14:59:25 +0300] "OPTIONS * HTTP/1.0" 200 - "-" "Apache/2.2.15 (CentOS) (internal dummy connection)"
46.242.8.216 - - [05/Apr/2020:14:59:39 +0300] "GET /upload/files/Kuratory_foto/Julya_.jpg HTTP/1.1" 302 320 "-" "Mozilla/5.0 (Windows NT 6.1) AppleWebKit/537.36 (KHTML, like Gecko) Chrome/80.0.3987.149 Safari/537.36"
46.242.8.216 - - [05/Apr/2020:14:59:40 +0300] "GET /upload/files/Kuratory_foto/Antonova_E_P_1.jpg HTTP/1.1" 302 328 "-" "Mozilla/5.0 (Windows NT 6.1) AppleWebKit/537.36 (KHTML, like Gecko) Chrome/80.0.3987.149 Safari/537.36"
46.242.8.216 - - [05/Apr/2020:14:59:40 +0300] "GET /upload/files/personal-folders/167/inf_v.jpg HTTP/1.1" 302 326 "-" "Mozilla/5.0 (Windows NT 6.1) AppleWebKit/537.36 (KHTML, like Gecko) Chrome/80.0.3987.149 Safari/537.36"
46.242.8.216 - - [05/Apr/2020:14:59:40 +0300] "GET /upload/files/Kuratory_foto/Xoxlova-2.jpg HTTP/1.1" 302 323 "-" "Mozilla/5.0 (Windows NT 6.1) AppleWebKit/537.36 (KHTML, like Gecko) Chrome/80.0.3987.149 Safari/537.36"
46.242.8.216 - - [05/Apr/2020:14:59:40 +0300] "GET /upload/files/rub_kontrl2.jpg HTTP/1.1" 302 311 "-" "Mozilla/5.0 (Windows NT 6.1) AppleWebKit/537.36 (KHTML, like Gecko) Chrome/80.0.3987.149 Safari/537.36"
46.242.8.216 - - [05/Apr/2020:14:59:40 +0300] "GET /upload/files/zadolgn_2018.jpg HTTP/1.1" 302 312 "-" "Mozilla/5.0 (Windows NT 6.1) AppleWebKit/537.36 (KHTML, like Gecko) Chrome/80.0.3987.149 Safari/537.36"
46.242.8.216 - - [05/Apr/2020:14:59:40 +0300] "GET /upload/files/rub_kontrl.jpg HTTP/1.1" 302 310 "-" "Mozilla/5.0 (Windows NT 6.1) AppleWebKit/537.36 (KHTML, like Gecko) Chrome/80.0.3987.149 Safari/537.36"
46.242.8.216 - - [05/Apr/2020:14:59:41 +0300] "GET /upload/files/personal-folders/167/SB.jpg HTTP/1.1" 302 331 "-" "Mozilla/5.0 (Windows NT 6.1) AppleWebKit/537.36 (KHTML, like Gecko) Chrome/80.0.3987.149 Safari/537.36"
46.242.8.216 - - [05/Apr/2020:14:59:42 +0300] "GET /upload/files/oplata.gif HTTP/1.1" 302 306 "-" "Mozilla/5.0 (Windows NT 6.1) AppleWebKit/537.36 (KHTML, like Gecko) Chrome/80.0.3987.149 Safari/537.36"
46.242.8.216 - - [05/Apr/2020:14:59:42 +0300] "GET /upload/files/pod_st_ob.jpg HTTP/1.1" 302 309 "-" "Mozilla/5.0 (Windows NT 6.1) AppleWebKit/537.36 (KHTML, like Gecko) Chrome/80.0.3987.149 Safari/537.36"
46.242.8.216 - - [05/Apr/2020:14:59:42 +0300] "GET /upload/files/sessia_ido_rs.jpg HTTP/1.1" 302 313 "-" "Mozilla/5.0 (Windows NT 6.1) AppleWebKit/537.36 (KHTML, like Gecko) Chrome/80.0.3987.149 Safari/537.36"
46.242.8.216 - - [05/Apr/2020:14:59:42 +0300] "GET /upload/files/kons_ses.jpg HTTP/1.1" 302 308 "-" "Mozilla/5.0 (Windows NT 6.1) AppleWebKit/537.36 (KHTML, like Gecko) Chrome/80.0.3987.149 Safari/537.36"
46.242.8.216 - - [05/Apr/2020:14:59:42 +0300] "GET /upload/files/novost_lekcii_1.jpg HTTP/1.1" 302 315 "-" "Mozilla/5.0 (Windows NT 6.1) AppleWebKit/537.36 (KHTML, like Gecko) Chrome/80.0.3987.149 Safari/537.36"
46.242.8.216 - - [05/Apr/2020:14:59:42 +0300] "GET /upload/files/mgsusmogu.png HTTP/1.1" 302 309 "-" "Mozilla/5.0 (Windows NT 6.1) AppleWebKit/537.36 (KHTML, like Gecko) Chrome/80.0.3987.149 Safari/537.36"
46.242.8.216 - - [05/Apr/2020:14:59:43 +0300] "GET /upload/files/Kons_2018.jpg HTTP/1.1" 302 309 "-" "Mozilla/5.0 (Windows NT 6.1) AppleWebKit/537.36 (KHTML, like Gecko) Chrome/80.0.3987.149 Safari/537.36"
46.242.8.216 - - [05/Apr/2020:14:59:43 +0300] "GET /upload/files/RK_2018.jpg HTTP/1.1" 302 307 "-" "Mozilla/5.0 (Windows NT 6.1) AppleWebKit/537.36 (KHTML, like Gecko) Chrome/80.0.3987.149 Safari/537.36"
46.242.8.216 - - [05/Apr/2020:14:59:43 +0300] "GET /upload/files/inf_stoim.jpg HTTP/1.1" 302 309 "-" "Mozilla/5.0 (Windows NT 6.1) AppleWebKit/537.36 (KHTML, like Gecko) Chrome/80.0.3987.149 Safari/537.36"
46.242.8.216 - - [05/Apr/2020:14:59:43 +0300] "GET /upload/files/ust_lekc.jpg HTTP/1.1" 302 308 "-" "Mozilla/5.0 (Windows NT 6.1) AppleWebKit/537.36 (KHTML, like Gecko) Chrome/80.0.3987.149 Safari/537.36"
46.242.8.216 - - [05/Apr/2020:14:59:43 +0300] "GET /upload/files/gtaff_UP.jpg HTTP/1.1" 302 308 "-" "Mozilla/5.0 (Windows NT 6.1) AppleWebKit/537.36 (KHTML, like Gecko) Chrome/80.0.3987.149 Safari/537.36"
46.242.8.216 - - [05/Apr/2020:14:59:43 +0300] "GET /upload/files/ses_2_2.jpg HTTP/1.1" 302 307 "-" "Mozilla/5.0 (Windows NT 6.1) AppleWebKit/537.36 (KHTML, like Gecko) Chrome/80.0.3987.149 Safari/537.36"
46.242.8.216 - - [05/Apr/2020:14:59:43 +0300] "GET /upload/files/praktika_2017.jpg HTTP/1.1" 302 313 "-" "Mozilla/5.0 (Windows NT 6.1) AppleWebKit/537.36 (KHTML, like Gecko) Chrome/80.0.3987.149 Safari/537.36"
46.242.8.216 - - [05/Apr/2020:14:59:43 +0300] "GET /upload/files/vazhnaya_info_01.jpg HTTP/1.1" 302 316 "-" "Mozilla/5.0 (Windows NT 6.1) AppleWebKit/537.36 (KHTML, like Gecko) Chrome/80.0.3987.149 Safari/537.36"
46.242.8.216 - - [05/Apr/2020:14:59:43 +0300] "GET /upload/files/pictures/info.jpg HTTP/1.1" 302 313 "-" "Mozilla/5.0 (Windows NT 6.1) AppleWebKit/537.36 (KHTML, like Gecko) Chrome/80.0.3987.149 Safari/537.36"
46.242.8.216 - - [05/Apr/2020:14:59:43 +0300] "GET /upload/files/zadolgn.jpg HTTP/1.1" 302 307 "-" "Mozilla/5.0 (Windows NT 6.1) AppleWebKit/537.36 (KHTML, like Gecko) Chrome/80.0.3987.149 Safari/537.36"
46.242.8.216 - - [05/Apr/2020:14:59:44 +0300] "GET /upload/files/pictures/sessiya.jpg HTTP/1.1" 302 316 "-" "Mozilla/5.0 (Windows NT 6.1) AppleWebKit/537.36 (KHTML, like Gecko) Chrome/80.0.3987.149 Safari/537.36"
46.242.8.216 - - [05/Apr/2020:14:59:44 +0300] "GET /upload/files/personal-folders/167/alert.jpg HTTP/1.1" 302 326 "-" "Mozilla/5.0 (Windows NT 6.1) AppleWebKit/537.36 (KHTML, like Gecko) Chrome/80.0.3987.149 Safari/537.36"
46.242.8.216 - - [05/Apr/2020:14:59:44 +0300] "GET /upload/files/org_sobr.jpg HTTP/1.1" 302 308 "-" "Mozilla/5.0 (Windows NT 6.1) AppleWebKit/537.36 (KHTML, like Gecko) Chrome/80.0.3987.149 Safari/537.36"
46.242.8.216 - - [05/Apr/2020:14:59:44 +0300] "GET /upload/files/personal-folders/Dokumenty_k_praktike/Praktika.png HTTP/1.1" 302 346 "-" "Mozilla/5.0 (Windows NT 6.1) AppleWebKit/537.36 (KHTML, like Gecko) Chrome/80.0.3987.149 Safari/537.36"
46.242.8.216 - - [05/Apr/2020:14:59:44 +0300] "GET /upload/files/personal-folders/167/rekv_new_3.jpg HTTP/1.1" 302 331 "-" "Mozilla/5.0 (Windows NT 6.1) AppleWebKit/537.36 (KHTML, like Gecko) Chrome/80.0.3987.149 Safari/537.36"
46.242.8.216 - - [05/Apr/2020:14:59:44 +0300] "GET /upload/files/pictures/autocad-for-mac-icon.png HTTP/1.1" 302 329 "-" "Mozilla/5.0 (Windows NT 6.1) AppleWebKit/537.36 (KHTML, like Gecko) Chrome/80.0.3987.149 Safari/537.36"
63.143.42.251 - - [05/Apr/2020:14:59:50 +0300] "HEAD / HTTP/1.1" 302 - "http://cito.mgsu.ru/" "Mozilla/5.0+(compatible; UptimeRobot/2.0; http://www.uptimerobot.com/)"
23.250.42.199 - - [05/Apr/2020:15:00:19 +0300] "POST /forum/default.aspx?g=postmessage&m=2 HTTP/1.1" 302 327 "http://www.do.mgsu.ru/forum/default.aspx?g=postmessage&m=2" "Mozilla/4.0 (compatible; MSIE 6.0; Windows NT 5.1; SV1)"
198.12.108.55 - - [05/Apr/2020:15:00:32 +0300] "POST /forum/default.aspx?g=postmessage&m=2 HTTP/1.1" 302 327 "http://www.do.mgsu.ru/forum/default.aspx?g=postmessage&m=2" "Mozilla/4.0 (compatible; MSIE 6.0; Windows NT 5.1; SV1)"
213.87.150.174 - - [05/Apr/2020:15:00:32 +0300] "GET /upload/files/mgsulogo1-1921.png HTTP/1.1" 302 314 "-" "Mozilla/5.0 (Windows NT 10.0; Win64; x64) AppleWebKit/537.36 (KHTML, like Gecko) Chrome/80.0.3987.149 Safari/537.36"
::1 - - [05/Apr/2020:15:01:37 +0300] "OPTIONS * HTTP/1.0" 200 - "-" "Apache/2.2.15 (CentOS) (internal dummy connection)"
::1 - - [05/Apr/2020:15:02:07 +0300] "OPTIONS * HTTP/1.0" 200 - "-" "Apache/2.2.15 (CentOS) (internal dummy connection)"
213.87.150.174 - - [05/Apr/2020:15:02:54 +0300] "GET /upload/files/mgsulogo1-1921.png HTTP/1.1" 302 314 "-" "Mozilla/5.0 (Windows NT 10.0; Win64; x64) AppleWebKit/537.36 (KHTML, like Gecko) Chrome/80.0.3987.149 Safari/537.36"
194.15.118.171 - - [05/Apr/2020:15:03:32 +0300] "GET /upload/files/mgsulogo1-1921.png HTTP/1.1" 302 314 "-" "Mozilla/5.0 (iPhone; CPU iPhone OS 13_4 like Mac OS X) AppleWebKit/605.1.15 (KHTML, like Gecko) Mobile/15E148"
46.188.98.10 - - [05/Apr/2020:15:03:37 +0300] "GET / HTTP/1.1" 302 279 "http://do.mgsu.ru/" "Mozilla/4.0 (compatible; MSIE 6.0; Windows NT 5.1; SV1)"
194.15.118.171 - - [05/Apr/2020:15:03:37 +0300] "GET /upload/files/mgsulogo1-1921.png HTTP/1.1" 302 314 "-" "Mozilla/5.0 (iPhone; CPU iPhone OS 13_4 like Mac OS X) AppleWebKit/605.1.15 (KHTML, like Gecko) Mobile/15E148"
194.15.118.171 - - [05/Apr/2020:15:03:39 +0300] "GET / HTTP/1.1" 302 283 "-" "Mozilla/5.0 (iPhone; CPU iPhone OS 13_4 like Mac OS X) AppleWebKit/605.1.15 (KHTML, like Gecko) Version/13.1 Mobile/15E148 Safari/604.1"
128.69.216.38 - - [05/Apr/2020:15:04:23 +0300] "GET /quest/lesson/start/quest_id/5800/lesson_id/6447/redirect_url/%252Fsubject%252Findex%252Fcard%252Fswitcher%252Flist%252Fsubject_id%252F1185%253F HTTP/1.1" 302 426 "-" "Mozilla/5.0 (Windows NT 10.0; WOW64) AppleWebKit/537.36 (KHTML, like Gecko) Chrome/80.0.3987.132 YaBrowser/20.3.1.197 Yowser/2.5 Safari/537.36"
63.143.42.251 - - [05/Apr/2020:15:04:50 +0300] "HEAD / HTTP/1.1" 302 - "http://cito.mgsu.ru/" "Mozilla/5.0+(compatible; UptimeRobot/2.0; http://www.uptimerobot.com/)"
66.102.9.81 - - [05/Apr/2020:15:04:57 +0300] "GET /upload/files/mgsulogo1-1921.png HTTP/1.1" 302 314 "-" "Mozilla/5.0 (Windows NT 5.1; rv:11.0) Gecko Firefox/11.0 (via ggpht.com GoogleImageProxy)"
::1 - - [05/Apr/2020:15:04:58 +0300] "OPTIONS * HTTP/1.0" 200 - "-" "Apache/2.2.15 (CentOS) (internal dummy connection)"
194.15.118.171 - - [05/Apr/2020:15:05:14 +0300] "GET / HTTP/1.1" 302 283 "-" "Mozilla/5.0 (Windows NT 10.0; Win64; x64) AppleWebKit/537.36 (KHTML, like Gecko) Chrome/70.0.3538.102 Safari/537.36 Edge/18.18363"
94.25.236.70 - - [05/Apr/2020:15:05:37 +0300] "GET /COURSES/course781/files/pdf/teoria_9_4ast_2.pdf HTTP/1.1" 302 330 "https://www.google.com/" "Mozilla/5.0 (Linux; Android 9; Redmi Note 7) AppleWebKit/537.36 (KHTML, like Gecko) Chrome/80.0.3987.162 Mobile Safari/537.36"
5.35.18.243 - - [05/Apr/2020:15:05:59 +0300] "GET / HTTP/1.1" 302 283 "-" "Mozilla/5.0 (Windows NT 10.0; Win64; x64) AppleWebKit/537.36 (KHTML, like Gecko) Chrome/80.0.3987.163 Safari/537.36"
66.102.9.79 - - [05/Apr/2020:15:06:38 +0300] "GET /resource/index/data/lesson_id/9811/subject_id/1410/resource_id/2575/revision_id/0 HTTP/1.1" 302 364 "-" "Mozilla/5.0 (compatible; Google AppsViewer; http://drive.google.com)"
176.14.233.43 - - [05/Apr/2020:15:07:58 +0300] "GET /upload/files/Kuratory_foto/Julya_.jpg HTTP/1.1" 302 320 "-" "Mozilla/5.0 (Windows NT 10.0; Win64; x64) AppleWebKit/537.36 (KHTML, like Gecko) Chrome/80.0.3987.149 Safari/537.36 OPR/67.0.3575.115"
176.14.233.43 - - [05/Apr/2020:15:07:58 +0300] "GET /upload/files/Kuratory_foto/Antonova_E_P_1.jpg HTTP/1.1" 302 328 "-" "Mozilla/5.0 (Windows NT 10.0; Win64; x64) AppleWebKit/537.36 (KHTML, like Gecko) Chrome/80.0.3987.149 Safari/537.36 OPR/67.0.3575.115"
176.14.233.43 - - [05/Apr/2020:15:07:58 +0300] "GET /upload/files/Kuratory_foto/Xoxlova-2.jpg HTTP/1.1" 302 323 "-" "Mozilla/5.0 (Windows NT 10.0; Win64; x64) AppleWebKit/537.36 (KHTML, like Gecko) Chrome/80.0.3987.149 Safari/537.36 OPR/67.0.3575.115"
176.116.136.196 - - [05/Apr/2020:15:08:04 +0300] "GET / HTTP/1.1" 302 283 "http://away.vk.com/" "Mozilla/5.0 (Windows NT 10.0; WOW64) AppleWebKit/537.36 (KHTML, like Gecko) Chrome/80.0.3987.122 YaBrowser/20.3.0.1223 Yowser/2.5 Yptp/1.23 Safari/537.36"
5.188.210.87 - - [05/Apr/2020:15:08:24 +0300] "GET /forum.php HTTP/1.0" 302 296 "http://www.do.mgsu.ru/forum.php" "Mozilla/5.0 (Windows NT 6.1; Win64; x64) AppleWebKit/537.36 (KHTML, like Gecko) Chrome/68.0.3440.106 Safari/537.36"
176.116.136.196 - - [05/Apr/2020:15:08:29 +0300] "GET /upload/files/Kuratory_foto/Julya_.jpg HTTP/1.1" 302 320 "-" "Mozilla/5.0 (Windows NT 10.0; WOW64) AppleWebKit/537.36 (KHTML, like Gecko) Chrome/80.0.3987.122 YaBrowser/20.3.0.1223 Yowser/2.5 Yptp/1.23 Safari/537.36"
176.116.136.196 - - [05/Apr/2020:15:08:29 +0300] "GET /upload/files/Kuratory_foto/Xoxlova-2.jpg HTTP/1.1" 302 323 "-" "Mozilla/5.0 (Windows NT 10.0; WOW64) AppleWebKit/537.36 (KHTML, like Gecko) Chrome/80.0.3987.122 YaBrowser/20.3.0.1223 Yowser/2.5 Yptp/1.23 Safari/537.36"
176.116.136.196 - - [05/Apr/2020:15:08:29 +0300] "GET /upload/files/Kuratory_foto/Antonova_E_P_1.jpg HTTP/1.1" 302 328 "-" "Mozilla/5.0 (Windows NT 10.0; WOW64) AppleWebKit/537.36 (KHTML, like Gecko) Chrome/80.0.3987.122 YaBrowser/20.3.0.1223 Yowser/2.5 Yptp/1.23 Safari/537.36"
176.116.136.196 - - [05/Apr/2020:15:08:29 +0300] "GET /upload/files/personal-folders/167/inf_v.jpg HTTP/1.1" 302 326 "-" "Mozilla/5.0 (Windows NT 10.0; WOW64) AppleWebKit/537.36 (KHTML, like Gecko) Chrome/80.0.3987.122 YaBrowser/20.3.0.1223 Yowser/2.5 Yptp/1.23 Safari/537.36"
176.116.136.196 - - [05/Apr/2020:15:08:29 +0300] "GET /upload/files/rub_kontrl2.jpg HTTP/1.1" 302 311 "-" "Mozilla/5.0 (Windows NT 10.0; WOW64) AppleWebKit/537.36 (KHTML, like Gecko) Chrome/80.0.3987.122 YaBrowser/20.3.0.1223 Yowser/2.5 Yptp/1.23 Safari/537.36"
176.116.136.196 - - [05/Apr/2020:15:08:29 +0300] "GET /upload/files/zadolgn_2018.jpg HTTP/1.1" 302 312 "-" "Mozilla/5.0 (Windows NT 10.0; WOW64) AppleWebKit/537.36 (KHTML, like Gecko) Chrome/80.0.3987.122 YaBrowser/20.3.0.1223 Yowser/2.5 Yptp/1.23 Safari/537.36"
176.116.136.196 - - [05/Apr/2020:15:08:29 +0300] "GET /upload/files/rub_kontrl.jpg HTTP/1.1" 302 310 "-" "Mozilla/5.0 (Windows NT 10.0; WOW64) AppleWebKit/537.36 (KHTML, like Gecko) Chrome/80.0.3987.122 YaBrowser/20.3.0.1223 Yowser/2.5 Yptp/1.23 Safari/537.36"
176.116.136.196 - - [05/Apr/2020:15:08:30 +0300] "GET /upload/files/personal-folders/167/SB.jpg HTTP/1.1" 302 331 "-" "Mozilla/5.0 (Windows NT 10.0; WOW64) AppleWebKit/537.36 (KHTML, like Gecko) Chrome/80.0.3987.122 YaBrowser/20.3.0.1223 Yowser/2.5 Yptp/1.23 Safari/537.36"
176.116.136.196 - - [05/Apr/2020:15:08:30 +0300] "GET /upload/files/oplata.gif HTTP/1.1" 302 306 "-" "Mozilla/5.0 (Windows NT 10.0; WOW64) AppleWebKit/537.36 (KHTML, like Gecko) Chrome/80.0.3987.122 YaBrowser/20.3.0.1223 Yowser/2.5 Yptp/1.23 Safari/537.36"
176.116.136.196 - - [05/Apr/2020:15:08:30 +0300] "GET /upload/files/pod_st_ob.jpg HTTP/1.1" 302 309 "-" "Mozilla/5.0 (Windows NT 10.0; WOW64) AppleWebKit/537.36 (KHTML, like Gecko) Chrome/80.0.3987.122 YaBrowser/20.3.0.1223 Yowser/2.5 Yptp/1.23 Safari/537.36"
176.116.136.196 - - [05/Apr/2020:15:08:30 +0300] "GET /upload/files/sessia_ido_rs.jpg HTTP/1.1" 302 313 "-" "Mozilla/5.0 (Windows NT 10.0; WOW64) AppleWebKit/537.36 (KHTML, like Gecko) Chrome/80.0.3987.122 YaBrowser/20.3.0.1223 Yowser/2.5 Yptp/1.23 Safari/537.36"
176.116.136.196 - - [05/Apr/2020:15:08:30 +0300] "GET /upload/files/kons_ses.jpg HTTP/1.1" 302 308 "-" "Mozilla/5.0 (Windows NT 10.0; WOW64) AppleWebKit/537.36 (KHTML, like Gecko) Chrome/80.0.3987.122 YaBrowser/20.3.0.1223 Yowser/2.5 Yptp/1.23 Safari/537.36"
176.116.136.196 - - [05/Apr/2020:15:08:30 +0300] "GET /upload/files/novost_lekcii_1.jpg HTTP/1.1" 302 315 "-" "Mozilla/5.0 (Windows NT 10.0; WOW64) AppleWebKit/537.36 (KHTML, like Gecko) Chrome/80.0.3987.122 YaBrowser/20.3.0.1223 Yowser/2.5 Yptp/1.23 Safari/537.36"
176.116.136.196 - - [05/Apr/2020:15:08:30 +0300] "GET /upload/files/mgsusmogu.png HTTP/1.1" 302 309 "-" "Mozilla/5.0 (Windows NT 10.0; WOW64) AppleWebKit/537.36 (KHTML, like Gecko) Chrome/80.0.3987.122 YaBrowser/20.3.0.1223 Yowser/2.5 Yptp/1.23 Safari/537.36"
176.116.136.196 - - [05/Apr/2020:15:08:30 +0300] "GET /upload/files/Kons_2018.jpg HTTP/1.1" 302 309 "-" "Mozilla/5.0 (Windows NT 10.0; WOW64) AppleWebKit/537.36 (KHTML, like Gecko) Chrome/80.0.3987.122 YaBrowser/20.3.0.1223 Yowser/2.5 Yptp/1.23 Safari/537.36"
176.116.136.196 - - [05/Apr/2020:15:08:30 +0300] "GET /upload/files/RK_2018.jpg HTTP/1.1" 302 307 "-" "Mozilla/5.0 (Windows NT 10.0; WOW64) AppleWebKit/537.36 (KHTML, like Gecko) Chrome/80.0.3987.122 YaBrowser/20.3.0.1223 Yowser/2.5 Yptp/1.23 Safari/537.36"
176.116.136.196 - - [05/Apr/2020:15:08:30 +0300] "GET /upload/files/inf_stoim.jpg HTTP/1.1" 302 309 "-" "Mozilla/5.0 (Windows NT 10.0; WOW64) AppleWebKit/537.36 (KHTML, like Gecko) Chrome/80.0.3987.122 YaBrowser/20.3.0.1223 Yowser/2.5 Yptp/1.23 Safari/537.36"
176.116.136.196 - - [05/Apr/2020:15:08:30 +0300] "GET /upload/files/ust_lekc.jpg HTTP/1.1" 302 308 "-" "Mozilla/5.0 (Windows NT 10.0; WOW64) AppleWebKit/537.36 (KHTML, like Gecko) Chrome/80.0.3987.122 YaBrowser/20.3.0.1223 Yowser/2.5 Yptp/1.23 Safari/537.36"
176.116.136.196 - - [05/Apr/2020:15:08:30 +0300] "GET /upload/files/gtaff_UP.jpg HTTP/1.1" 302 308 "-" "Mozilla/5.0 (Windows NT 10.0; WOW64) AppleWebKit/537.36 (KHTML, like Gecko) Chrome/80.0.3987.122 YaBrowser/20.3.0.1223 Yowser/2.5 Yptp/1.23 Safari/537.36"
176.116.136.196 - - [05/Apr/2020:15:08:30 +0300] "GET /upload/files/praktika_2017.jpg HTTP/1.1" 302 313 "-" "Mozilla/5.0 (Windows NT 10.0; WOW64) AppleWebKit/537.36 (KHTML, like Gecko) Chrome/80.0.3987.122 YaBrowser/20.3.0.1223 Yowser/2.5 Yptp/1.23 Safari/537.36"
176.116.136.196 - - [05/Apr/2020:15:08:30 +0300] "GET /upload/files/ses_2_2.jpg HTTP/1.1" 302 307 "-" "Mozilla/5.0 (Windows NT 10.0; WOW64) AppleWebKit/537.36 (KHTML, like Gecko) Chrome/80.0.3987.122 YaBrowser/20.3.0.1223 Yowser/2.5 Yptp/1.23 Safari/537.36"
176.116.136.196 - - [05/Apr/2020:15:08:30 +0300] "GET /upload/files/vazhnaya_info_01.jpg HTTP/1.1" 302 316 "-" "Mozilla/5.0 (Windows NT 10.0; WOW64) AppleWebKit/537.36 (KHTML, like Gecko) Chrome/80.0.3987.122 YaBrowser/20.3.0.1223 Yowser/2.5 Yptp/1.23 Safari/537.36"
176.116.136.196 - - [05/Apr/2020:15:08:31 +0300] "GET /upload/files/zadolgn.jpg HTTP/1.1" 302 307 "-" "Mozilla/5.0 (Windows NT 10.0; WOW64) AppleWebKit/537.36 (KHTML, like Gecko) Chrome/80.0.3987.122 YaBrowser/20.3.0.1223 Yowser/2.5 Yptp/1.23 Safari/537.36"
176.116.136.196 - - [05/Apr/2020:15:08:31 +0300] "GET /upload/files/pictures/info.jpg HTTP/1.1" 302 313 "-" "Mozilla/5.0 (Windows NT 10.0; WOW64) AppleWebKit/537.36 (KHTML, like Gecko) Chrome/80.0.3987.122 YaBrowser/20.3.0.1223 Yowser/2.5 Yptp/1.23 Safari/537.36"
176.116.136.196 - - [05/Apr/2020:15:08:31 +0300] "GET /upload/files/pictures/sessiya.jpg HTTP/1.1" 302 316 "-" "Mozilla/5.0 (Windows NT 10.0; WOW64) AppleWebKit/537.36 (KHTML, like Gecko) Chrome/80.0.3987.122 YaBrowser/20.3.0.1223 Yowser/2.5 Yptp/1.23 Safari/537.36"
176.116.136.196 - - [05/Apr/2020:15:08:31 +0300] "GET /upload/files/personal-folders/167/alert.jpg HTTP/1.1" 302 326 "-" "Mozilla/5.0 (Windows NT 10.0; WOW64) AppleWebKit/537.36 (KHTML, like Gecko) Chrome/80.0.3987.122 YaBrowser/20.3.0.1223 Yowser/2.5 Yptp/1.23 Safari/537.36"
