38.128.66.190 - - [05/Apr/2020:13:51:19 +0300] "GET /upload/files/gtaff_UP.jpg HTTP/1.1" 302 308 "-" "Mozilla/5.0 (Windows NT 6.1; WOW64) AppleWebKit/537.36 (KHTML, like Gecko) Chrome/80.0.3987.132 YaBrowser/20.3.1.197 Yowser/2.5 Safari/537.36"
38.128.66.190 - - [05/Apr/2020:13:51:20 +0300] "GET /upload/files/pictures/info.jpg HTTP/1.1" 302 313 "-" "Mozilla/5.0 (Windows NT 6.1; WOW64) AppleWebKit/537.36 (KHTML, like Gecko) Chrome/80.0.3987.132 YaBrowser/20.3.1.197 Yowser/2.5 Safari/537.36"
38.128.66.190 - - [05/Apr/2020:13:51:20 +0300] "GET /upload/files/vazhnaya_info_01.jpg HTTP/1.1" 302 316 "-" "Mozilla/5.0 (Windows NT 6.1; WOW64) AppleWebKit/537.36 (KHTML, like Gecko) Chrome/80.0.3987.132 YaBrowser/20.3.1.197 Yowser/2.5 Safari/537.36"
38.128.66.190 - - [05/Apr/2020:13:51:20 +0300] "GET /upload/files/ses_2_2.jpg HTTP/1.1" 302 307 "-" "Mozilla/5.0 (Windows NT 6.1; WOW64) AppleWebKit/537.36 (KHTML, like Gecko) Chrome/80.0.3987.132 YaBrowser/20.3.1.197 Yowser/2.5 Safari/537.36"
38.128.66.190 - - [05/Apr/2020:13:51:20 +0300] "GET /upload/files/zadolgn.jpg HTTP/1.1" 302 307 "-" "Mozilla/5.0 (Windows NT 6.1; WOW64) AppleWebKit/537.36 (KHTML, like Gecko) Chrome/80.0.3987.132 YaBrowser/20.3.1.197 Yowser/2.5 Safari/537.36"
38.128.66.190 - - [05/Apr/2020:13:51:20 +0300] "GET /upload/files/pictures/sessiya.jpg HTTP/1.1" 302 316 "-" "Mozilla/5.0 (Windows NT 6.1; WOW64) AppleWebKit/537.36 (KHTML, like Gecko) Chrome/80.0.3987.132 YaBrowser/20.3.1.197 Yowser/2.5 Safari/537.36"
38.128.66.190 - - [05/Apr/2020:13:51:20 +0300] "GET /upload/files/praktika_2017.jpg HTTP/1.1" 302 313 "-" "Mozilla/5.0 (Windows NT 6.1; WOW64) AppleWebKit/537.36 (KHTML, like Gecko) Chrome/80.0.3987.132 YaBrowser/20.3.1.197 Yowser/2.5 Safari/537.36"
38.128.66.190 - - [05/Apr/2020:13:51:20 +0300] "GET /upload/files/personal-folders/167/alert.jpg HTTP/1.1" 302 326 "-" "Mozilla/5.0 (Windows NT 6.1; WOW64) AppleWebKit/537.36 (KHTML, like Gecko) Chrome/80.0.3987.132 YaBrowser/20.3.1.197 Yowser/2.5 Safari/537.36"
38.128.66.190 - - [05/Apr/2020:13:51:20 +0300] "GET /upload/files/personal-folders/167/rekv_new_3.jpg HTTP/1.1" 302 331 "-" "Mozilla/5.0 (Windows NT 6.1; WOW64) AppleWebKit/537.36 (KHTML, like Gecko) Chrome/80.0.3987.132 YaBrowser/20.3.1.197 Yowser/2.5 Safari/537.36"
38.128.66.190 - - [05/Apr/2020:13:51:21 +0300] "GET /upload/files/org_sobr.jpg HTTP/1.1" 302 308 "-" "Mozilla/5.0 (Windows NT 6.1; WOW64) AppleWebKit/537.36 (KHTML, like Gecko) Chrome/80.0.3987.132 YaBrowser/20.3.1.197 Yowser/2.5 Safari/537.36"
38.128.66.190 - - [05/Apr/2020:13:51:21 +0300] "GET /upload/files/personal-folders/Dokumenty_k_praktike/Praktika.png HTTP/1.1" 302 346 "-" "Mozilla/5.0 (Windows NT 6.1; WOW64) AppleWebKit/537.36 (KHTML, like Gecko) Chrome/80.0.3987.132 YaBrowser/20.3.1.197 Yowser/2.5 Safari/537.36"
38.128.66.190 - - [05/Apr/2020:13:51:21 +0300] "GET /upload/files/pictures/autocad-for-mac-icon.png HTTP/1.1" 302 329 "-" "Mozilla/5.0 (Windows NT 6.1; WOW64) AppleWebKit/537.36 (KHTML, like Gecko) Chrome/80.0.3987.132 YaBrowser/20.3.1.197 Yowser/2.5 Safari/537.36"
91.192.70.43 - - [05/Apr/2020:13:51:37 +0300] "GET /upload/files/Kuratory_foto/Julya_.jpg HTTP/1.1" 302 320 "-" "Mozilla/5.0 (Windows NT 10.0) AppleWebKit/537.36 (KHTML, like Gecko) Chrome/80.0.3987.149 Safari/537.36"
91.192.70.43 - - [05/Apr/2020:13:51:38 +0300] "GET /upload/files/Kuratory_foto/Antonova_E_P_1.jpg HTTP/1.1" 302 328 "-" "Mozilla/5.0 (Windows NT 10.0) AppleWebKit/537.36 (KHTML, like Gecko) Chrome/80.0.3987.149 Safari/537.36"
91.192.70.43 - - [05/Apr/2020:13:51:38 +0300] "GET /upload/files/Kuratory_foto/Xoxlova-2.jpg HTTP/1.1" 302 323 "-" "Mozilla/5.0 (Windows NT 10.0) AppleWebKit/537.36 (KHTML, like Gecko) Chrome/80.0.3987.149 Safari/537.36"
176.59.108.55 - - [05/Apr/2020:13:51:41 +0300] "GET /upload/files/mgsulogo1-1921.png HTTP/1.1" 302 314 "-" "Mozilla/5.0 (Windows NT 6.1; Win64; x64) AppleWebKit/537.36 (KHTML, like Gecko) Chrome/80.0.3987.149 Safari/537.36"
176.59.108.55 - - [05/Apr/2020:13:51:41 +0300] "GET /upload/files/personal-folders/16063/education_bg.jpg HTTP/1.1" 302 335 "-" "Mozilla/5.0 (Windows NT 6.1; Win64; x64) AppleWebKit/537.36 (KHTML, like Gecko) Chrome/80.0.3987.149 Safari/537.36"
93.158.130.167 - - [05/Apr/2020:13:52:03 +0300] "GET /upload/files/personal-folders/16063/education_bg.jpg HTTP/1.1" 302 335 "-" "Mozilla/5.0 (compatible; YandexImageResizer/2.0; +http://yandex.com/bots)"
93.158.130.167 - - [05/Apr/2020:13:52:03 +0300] "GET /upload/files/mgsulogo1-1921.png HTTP/1.1" 302 314 "-" "Mozilla/5.0 (compatible; YandexImageResizer/2.0; +http://yandex.com/bots)"
128.74.164.163 - - [05/Apr/2020:13:52:17 +0300] "GET / HTTP/1.1" 302 283 "-" "Mozilla/5.0 (Windows NT 10.0; Win64; x64) AppleWebKit/537.36 (KHTML, like Gecko) Chrome/80.0.3987.149 Safari/537.36 OPR/67.0.3575.115"
79.174.38.105 - - [05/Apr/2020:13:53:01 +0300] "GET /upload/files/Kuratory_foto/Julya_.jpg HTTP/1.1" 302 320 "-" "Mozilla/5.0 (Windows NT 6.1; WOW64) AppleWebKit/537.36 (KHTML, like Gecko) Chrome/80.0.3987.132 YaBrowser/20.3.1.253 Yowser/2.5 Safari/537.36"
79.174.38.105 - - [05/Apr/2020:13:53:01 +0300] "GET /upload/files/Kuratory_foto/Xoxlova-2.jpg HTTP/1.1" 302 323 "-" "Mozilla/5.0 (Windows NT 6.1; WOW64) AppleWebKit/537.36 (KHTML, like Gecko) Chrome/80.0.3987.132 YaBrowser/20.3.1.253 Yowser/2.5 Safari/537.36"
79.174.38.105 - - [05/Apr/2020:13:53:01 +0300] "GET /upload/files/Kuratory_foto/Antonova_E_P_1.jpg HTTP/1.1" 302 328 "-" "Mozilla/5.0 (Windows NT 6.1; WOW64) AppleWebKit/537.36 (KHTML, like Gecko) Chrome/80.0.3987.132 YaBrowser/20.3.1.253 Yowser/2.5 Safari/537.36"
79.174.38.105 - - [05/Apr/2020:13:53:01 +0300] "GET /upload/files/rub_kontrl2.jpg HTTP/1.1" 302 311 "-" "Mozilla/5.0 (Windows NT 6.1; WOW64) AppleWebKit/537.36 (KHTML, like Gecko) Chrome/80.0.3987.132 YaBrowser/20.3.1.253 Yowser/2.5 Safari/537.36"
79.174.38.105 - - [05/Apr/2020:13:53:01 +0300] "GET /upload/files/personal-folders/167/inf_v.jpg HTTP/1.1" 302 326 "-" "Mozilla/5.0 (Windows NT 6.1; WOW64) AppleWebKit/537.36 (KHTML, like Gecko) Chrome/80.0.3987.132 YaBrowser/20.3.1.253 Yowser/2.5 Safari/537.36"
79.174.38.105 - - [05/Apr/2020:13:53:01 +0300] "GET /upload/files/zadolgn_2018.jpg HTTP/1.1" 302 312 "-" "Mozilla/5.0 (Windows NT 6.1; WOW64) AppleWebKit/537.36 (KHTML, like Gecko) Chrome/80.0.3987.132 YaBrowser/20.3.1.253 Yowser/2.5 Safari/537.36"
79.174.38.105 - - [05/Apr/2020:13:53:01 +0300] "GET /upload/files/personal-folders/167/SB.jpg HTTP/1.1" 302 331 "-" "Mozilla/5.0 (Windows NT 6.1; WOW64) AppleWebKit/537.36 (KHTML, like Gecko) Chrome/80.0.3987.132 YaBrowser/20.3.1.253 Yowser/2.5 Safari/537.36"
79.174.38.105 - - [05/Apr/2020:13:53:01 +0300] "GET /upload/files/rub_kontrl.jpg HTTP/1.1" 302 310 "-" "Mozilla/5.0 (Windows NT 6.1; WOW64) AppleWebKit/537.36 (KHTML, like Gecko) Chrome/80.0.3987.132 YaBrowser/20.3.1.253 Yowser/2.5 Safari/537.36"
79.174.38.105 - - [05/Apr/2020:13:53:02 +0300] "GET /upload/files/oplata.gif HTTP/1.1" 302 306 "-" "Mozilla/5.0 (Windows NT 6.1; WOW64) AppleWebKit/537.36 (KHTML, like Gecko) Chrome/80.0.3987.132 YaBrowser/20.3.1.253 Yowser/2.5 Safari/537.36"
79.174.38.105 - - [05/Apr/2020:13:53:02 +0300] "GET /upload/files/pod_st_ob.jpg HTTP/1.1" 302 309 "-" "Mozilla/5.0 (Windows NT 6.1; WOW64) AppleWebKit/537.36 (KHTML, like Gecko) Chrome/80.0.3987.132 YaBrowser/20.3.1.253 Yowser/2.5 Safari/537.36"
79.174.38.105 - - [05/Apr/2020:13:53:02 +0300] "GET /upload/files/sessia_ido_rs.jpg HTTP/1.1" 302 313 "-" "Mozilla/5.0 (Windows NT 6.1; WOW64) AppleWebKit/537.36 (KHTML, like Gecko) Chrome/80.0.3987.132 YaBrowser/20.3.1.253 Yowser/2.5 Safari/537.36"
79.174.38.105 - - [05/Apr/2020:13:53:02 +0300] "GET /upload/files/kons_ses.jpg HTTP/1.1" 302 308 "-" "Mozilla/5.0 (Windows NT 6.1; WOW64) AppleWebKit/537.36 (KHTML, like Gecko) Chrome/80.0.3987.132 YaBrowser/20.3.1.253 Yowser/2.5 Safari/537.36"
79.174.38.105 - - [05/Apr/2020:13:53:02 +0300] "GET /upload/files/novost_lekcii_1.jpg HTTP/1.1" 302 315 "-" "Mozilla/5.0 (Windows NT 6.1; WOW64) AppleWebKit/537.36 (KHTML, like Gecko) Chrome/80.0.3987.132 YaBrowser/20.3.1.253 Yowser/2.5 Safari/537.36"
79.174.38.105 - - [05/Apr/2020:13:53:02 +0300] "GET /upload/files/mgsusmogu.png HTTP/1.1" 302 309 "-" "Mozilla/5.0 (Windows NT 6.1; WOW64) AppleWebKit/537.36 (KHTML, like Gecko) Chrome/80.0.3987.132 YaBrowser/20.3.1.253 Yowser/2.5 Safari/537.36"
188.130.239.3 - - [05/Apr/2020:13:53:02 +0300] "GET /upload/files/mgsulogo1-1921.png HTTP/1.1" 302 314 "-" "Mozilla/5.0 (iPhone; CPU iPhone OS 13_3_1 like Mac OS X) AppleWebKit/605.1.15 (KHTML, like Gecko) Mobile/15E148"
79.174.38.105 - - [05/Apr/2020:13:53:02 +0300] "GET /upload/files/Kons_2018.jpg HTTP/1.1" 302 309 "-" "Mozilla/5.0 (Windows NT 6.1; WOW64) AppleWebKit/537.36 (KHTML, like Gecko) Chrome/80.0.3987.132 YaBrowser/20.3.1.253 Yowser/2.5 Safari/537.36"
79.174.38.105 - - [05/Apr/2020:13:53:03 +0300] "GET /upload/files/RK_2018.jpg HTTP/1.1" 302 307 "-" "Mozilla/5.0 (Windows NT 6.1; WOW64) AppleWebKit/537.36 (KHTML, like Gecko) Chrome/80.0.3987.132 YaBrowser/20.3.1.253 Yowser/2.5 Safari/537.36"
79.174.38.105 - - [05/Apr/2020:13:53:03 +0300] "GET /upload/files/inf_stoim.jpg HTTP/1.1" 302 309 "-" "Mozilla/5.0 (Windows NT 6.1; WOW64) AppleWebKit/537.36 (KHTML, like Gecko) Chrome/80.0.3987.132 YaBrowser/20.3.1.253 Yowser/2.5 Safari/537.36"
79.174.38.105 - - [05/Apr/2020:13:53:03 +0300] "GET /upload/files/ust_lekc.jpg HTTP/1.1" 302 308 "-" "Mozilla/5.0 (Windows NT 6.1; WOW64) AppleWebKit/537.36 (KHTML, like Gecko) Chrome/80.0.3987.132 YaBrowser/20.3.1.253 Yowser/2.5 Safari/537.36"
79.174.38.105 - - [05/Apr/2020:13:53:03 +0300] "GET /upload/files/gtaff_UP.jpg HTTP/1.1" 302 308 "-" "Mozilla/5.0 (Windows NT 6.1; WOW64) AppleWebKit/537.36 (KHTML, like Gecko) Chrome/80.0.3987.132 YaBrowser/20.3.1.253 Yowser/2.5 Safari/537.36"
79.174.38.105 - - [05/Apr/2020:13:53:03 +0300] "GET /upload/files/praktika_2017.jpg HTTP/1.1" 302 313 "-" "Mozilla/5.0 (Windows NT 6.1; WOW64) AppleWebKit/537.36 (KHTML, like Gecko) Chrome/80.0.3987.132 YaBrowser/20.3.1.253 Yowser/2.5 Safari/537.36"
79.174.38.105 - - [05/Apr/2020:13:53:03 +0300] "GET /upload/files/ses_2_2.jpg HTTP/1.1" 302 307 "-" "Mozilla/5.0 (Windows NT 6.1; WOW64) AppleWebKit/537.36 (KHTML, like Gecko) Chrome/80.0.3987.132 YaBrowser/20.3.1.253 Yowser/2.5 Safari/537.36"
79.174.38.105 - - [05/Apr/2020:13:53:03 +0300] "GET /upload/files/vazhnaya_info_01.jpg HTTP/1.1" 302 316 "-" "Mozilla/5.0 (Windows NT 6.1; WOW64) AppleWebKit/537.36 (KHTML, like Gecko) Chrome/80.0.3987.132 YaBrowser/20.3.1.253 Yowser/2.5 Safari/537.36"
79.174.38.105 - - [05/Apr/2020:13:53:03 +0300] "GET /upload/files/zadolgn.jpg HTTP/1.1" 302 307 "-" "Mozilla/5.0 (Windows NT 6.1; WOW64) AppleWebKit/537.36 (KHTML, like Gecko) Chrome/80.0.3987.132 YaBrowser/20.3.1.253 Yowser/2.5 Safari/537.36"
79.174.38.105 - - [05/Apr/2020:13:53:03 +0300] "GET /upload/files/pictures/info.jpg HTTP/1.1" 302 313 "-" "Mozilla/5.0 (Windows NT 6.1; WOW64) AppleWebKit/537.36 (KHTML, like Gecko) Chrome/80.0.3987.132 YaBrowser/20.3.1.253 Yowser/2.5 Safari/537.36"
79.174.38.105 - - [05/Apr/2020:13:53:03 +0300] "GET /upload/files/pictures/sessiya.jpg HTTP/1.1" 302 316 "-" "Mozilla/5.0 (Windows NT 6.1; WOW64) AppleWebKit/537.36 (KHTML, like Gecko) Chrome/80.0.3987.132 YaBrowser/20.3.1.253 Yowser/2.5 Safari/537.36"
79.174.38.105 - - [05/Apr/2020:13:53:03 +0300] "GET /upload/files/personal-folders/167/alert.jpg HTTP/1.1" 302 326 "-" "Mozilla/5.0 (Windows NT 6.1; WOW64) AppleWebKit/537.36 (KHTML, like Gecko) Chrome/80.0.3987.132 YaBrowser/20.3.1.253 Yowser/2.5 Safari/537.36"
79.174.38.105 - - [05/Apr/2020:13:53:04 +0300] "GET /upload/files/org_sobr.jpg HTTP/1.1" 302 308 "-" "Mozilla/5.0 (Windows NT 6.1; WOW64) AppleWebKit/537.36 (KHTML, like Gecko) Chrome/80.0.3987.132 YaBrowser/20.3.1.253 Yowser/2.5 Safari/537.36"
79.174.38.105 - - [05/Apr/2020:13:53:04 +0300] "GET /upload/files/personal-folders/Dokumenty_k_praktike/Praktika.png HTTP/1.1" 302 346 "-" "Mozilla/5.0 (Windows NT 6.1; WOW64) AppleWebKit/537.36 (KHTML, like Gecko) Chrome/80.0.3987.132 YaBrowser/20.3.1.253 Yowser/2.5 Safari/537.36"
79.174.38.105 - - [05/Apr/2020:13:53:04 +0300] "GET /upload/files/personal-folders/167/rekv_new_3.jpg HTTP/1.1" 302 331 "-" "Mozilla/5.0 (Windows NT 6.1; WOW64) AppleWebKit/537.36 (KHTML, like Gecko) Chrome/80.0.3987.132 YaBrowser/20.3.1.253 Yowser/2.5 Safari/537.36"
79.174.38.105 - - [05/Apr/2020:13:53:04 +0300] "GET /upload/files/pictures/autocad-for-mac-icon.png HTTP/1.1" 302 329 "-" "Mozilla/5.0 (Windows NT 6.1; WOW64) AppleWebKit/537.36 (KHTML, like Gecko) Chrome/80.0.3987.132 YaBrowser/20.3.1.253 Yowser/2.5 Safari/537.36"
198.23.172.17 - - [05/Apr/2020:13:54:31 +0300] "POST /forum/default.aspx?g=postmessage&m=2 HTTP/1.1" 302 327 "http://www.do.mgsu.ru/forum/default.aspx?g=postmessage&m=2" "Mozilla/4.0 (compatible; MSIE 6.0; Windows NT 5.1; SV1)"
23.94.204.117 - - [05/Apr/2020:13:54:41 +0300] "POST /forum/default.aspx?g=postmessage&m=2 HTTP/1.1" 302 327 "http://www.do.mgsu.ru/forum/default.aspx?g=postmessage&m=2" "Mozilla/4.0 (compatible; MSIE 6.0; Windows NT 5.1; SV1)"
94.25.162.143 - - [05/Apr/2020:13:54:42 +0300] "GET /upload/files/personal-folders/167/SB.jpg HTTP/1.1" 302 331 "-" "Mozilla/5.0 (Windows NT 6.1; WOW64) AppleWebKit/537.36 (KHTML, like Gecko) Chrome/80.0.3987.132 YaBrowser/20.3.1.197 Yowser/2.5 Safari/537.36"
38.128.66.190 - - [05/Apr/2020:13:54:42 +0300] "GET /upload/files/Kuratory_foto/Julya_.jpg HTTP/1.1" 302 320 "-" "Mozilla/5.0 (Windows NT 6.1; WOW64) AppleWebKit/537.36 (KHTML, like Gecko) Chrome/80.0.3987.132 YaBrowser/20.3.1.197 Yowser/2.5 Safari/537.36"
38.128.66.190 - - [05/Apr/2020:13:54:42 +0300] "GET /upload/files/Kuratory_foto/Antonova_E_P_1.jpg HTTP/1.1" 302 328 "-" "Mozilla/5.0 (Windows NT 6.1; WOW64) AppleWebKit/537.36 (KHTML, like Gecko) Chrome/80.0.3987.132 YaBrowser/20.3.1.197 Yowser/2.5 Safari/537.36"
38.128.66.190 - - [05/Apr/2020:13:54:42 +0300] "GET /upload/files/Kuratory_foto/Xoxlova-2.jpg HTTP/1.1" 302 323 "-" "Mozilla/5.0 (Windows NT 6.1; WOW64) AppleWebKit/537.36 (KHTML, like Gecko) Chrome/80.0.3987.132 YaBrowser/20.3.1.197 Yowser/2.5 Safari/537.36"
38.128.66.190 - - [05/Apr/2020:13:54:42 +0300] "GET /upload/files/personal-folders/167/inf_v.jpg HTTP/1.1" 302 326 "-" "Mozilla/5.0 (Windows NT 6.1; WOW64) AppleWebKit/537.36 (KHTML, like Gecko) Chrome/80.0.3987.132 YaBrowser/20.3.1.197 Yowser/2.5 Safari/537.36"
38.128.66.190 - - [05/Apr/2020:13:54:43 +0300] "GET /upload/files/rub_kontrl2.jpg HTTP/1.1" 302 311 "-" "Mozilla/5.0 (Windows NT 6.1; WOW64) AppleWebKit/537.36 (KHTML, like Gecko) Chrome/80.0.3987.132 YaBrowser/20.3.1.197 Yowser/2.5 Safari/537.36"
38.128.66.190 - - [05/Apr/2020:13:54:43 +0300] "GET /upload/files/zadolgn_2018.jpg HTTP/1.1" 302 312 "-" "Mozilla/5.0 (Windows NT 6.1; WOW64) AppleWebKit/537.36 (KHTML, like Gecko) Chrome/80.0.3987.132 YaBrowser/20.3.1.197 Yowser/2.5 Safari/537.36"
38.128.66.190 - - [05/Apr/2020:13:54:43 +0300] "GET /upload/files/rub_kontrl.jpg HTTP/1.1" 302 310 "-" "Mozilla/5.0 (Windows NT 6.1; WOW64) AppleWebKit/537.36 (KHTML, like Gecko) Chrome/80.0.3987.132 YaBrowser/20.3.1.197 Yowser/2.5 Safari/537.36"
38.128.66.190 - - [05/Apr/2020:13:54:43 +0300] "GET /upload/files/oplata.gif HTTP/1.1" 302 306 "-" "Mozilla/5.0 (Windows NT 6.1; WOW64) AppleWebKit/537.36 (KHTML, like Gecko) Chrome/80.0.3987.132 YaBrowser/20.3.1.197 Yowser/2.5 Safari/537.36"
38.128.66.190 - - [05/Apr/2020:13:54:43 +0300] "GET /upload/files/pod_st_ob.jpg HTTP/1.1" 302 309 "-" "Mozilla/5.0 (Windows NT 6.1; WOW64) AppleWebKit/537.36 (KHTML, like Gecko) Chrome/80.0.3987.132 YaBrowser/20.3.1.197 Yowser/2.5 Safari/537.36"
38.128.66.190 - - [05/Apr/2020:13:54:43 +0300] "GET /upload/files/sessia_ido_rs.jpg HTTP/1.1" 302 313 "-" "Mozilla/5.0 (Windows NT 6.1; WOW64) AppleWebKit/537.36 (KHTML, like Gecko) Chrome/80.0.3987.132 YaBrowser/20.3.1.197 Yowser/2.5 Safari/537.36"
38.128.66.190 - - [05/Apr/2020:13:54:43 +0300] "GET /upload/files/kons_ses.jpg HTTP/1.1" 302 308 "-" "Mozilla/5.0 (Windows NT 6.1; WOW64) AppleWebKit/537.36 (KHTML, like Gecko) Chrome/80.0.3987.132 YaBrowser/20.3.1.197 Yowser/2.5 Safari/537.36"
38.128.66.190 - - [05/Apr/2020:13:54:43 +0300] "GET /upload/files/novost_lekcii_1.jpg HTTP/1.1" 302 315 "-" "Mozilla/5.0 (Windows NT 6.1; WOW64) AppleWebKit/537.36 (KHTML, like Gecko) Chrome/80.0.3987.132 YaBrowser/20.3.1.197 Yowser/2.5 Safari/537.36"
38.128.66.190 - - [05/Apr/2020:13:54:43 +0300] "GET /upload/files/mgsusmogu.png HTTP/1.1" 302 309 "-" "Mozilla/5.0 (Windows NT 6.1; WOW64) AppleWebKit/537.36 (KHTML, like Gecko) Chrome/80.0.3987.132 YaBrowser/20.3.1.197 Yowser/2.5 Safari/537.36"
38.128.66.190 - - [05/Apr/2020:13:54:44 +0300] "GET /upload/files/Kons_2018.jpg HTTP/1.1" 302 309 "-" "Mozilla/5.0 (Windows NT 6.1; WOW64) AppleWebKit/537.36 (KHTML, like Gecko) Chrome/80.0.3987.132 YaBrowser/20.3.1.197 Yowser/2.5 Safari/537.36"
38.128.66.190 - - [05/Apr/2020:13:54:44 +0300] "GET /upload/files/RK_2018.jpg HTTP/1.1" 302 307 "-" "Mozilla/5.0 (Windows NT 6.1; WOW64) AppleWebKit/537.36 (KHTML, like Gecko) Chrome/80.0.3987.132 YaBrowser/20.3.1.197 Yowser/2.5 Safari/537.36"
38.128.66.190 - - [05/Apr/2020:13:54:44 +0300] "GET /upload/files/inf_stoim.jpg HTTP/1.1" 302 309 "-" "Mozilla/5.0 (Windows NT 6.1; WOW64) AppleWebKit/537.36 (KHTML, like Gecko) Chrome/80.0.3987.132 YaBrowser/20.3.1.197 Yowser/2.5 Safari/537.36"
38.128.66.190 - - [05/Apr/2020:13:54:44 +0300] "GET /upload/files/ust_lekc.jpg HTTP/1.1" 302 308 "-" "Mozilla/5.0 (Windows NT 6.1; WOW64) AppleWebKit/537.36 (KHTML, like Gecko) Chrome/80.0.3987.132 YaBrowser/20.3.1.197 Yowser/2.5 Safari/537.36"
38.128.66.190 - - [05/Apr/2020:13:54:44 +0300] "GET /upload/files/gtaff_UP.jpg HTTP/1.1" 302 308 "-" "Mozilla/5.0 (Windows NT 6.1; WOW64) AppleWebKit/537.36 (KHTML, like Gecko) Chrome/80.0.3987.132 YaBrowser/20.3.1.197 Yowser/2.5 Safari/537.36"
38.128.66.190 - - [05/Apr/2020:13:54:44 +0300] "GET /upload/files/praktika_2017.jpg HTTP/1.1" 302 313 "-" "Mozilla/5.0 (Windows NT 6.1; WOW64) AppleWebKit/537.36 (KHTML, like Gecko) Chrome/80.0.3987.132 YaBrowser/20.3.1.197 Yowser/2.5 Safari/537.36"
38.128.66.190 - - [05/Apr/2020:13:54:44 +0300] "GET /upload/files/ses_2_2.jpg HTTP/1.1" 302 307 "-" "Mozilla/5.0 (Windows NT 6.1; WOW64) AppleWebKit/537.36 (KHTML, like Gecko) Chrome/80.0.3987.132 YaBrowser/20.3.1.197 Yowser/2.5 Safari/537.36"
38.128.66.190 - - [05/Apr/2020:13:54:44 +0300] "GET /upload/files/vazhnaya_info_01.jpg HTTP/1.1" 302 316 "-" "Mozilla/5.0 (Windows NT 6.1; WOW64) AppleWebKit/537.36 (KHTML, like Gecko) Chrome/80.0.3987.132 YaBrowser/20.3.1.197 Yowser/2.5 Safari/537.36"
38.128.66.190 - - [05/Apr/2020:13:54:44 +0300] "GET /upload/files/zadolgn.jpg HTTP/1.1" 302 307 "-" "Mozilla/5.0 (Windows NT 6.1; WOW64) AppleWebKit/537.36 (KHTML, like Gecko) Chrome/80.0.3987.132 YaBrowser/20.3.1.197 Yowser/2.5 Safari/537.36"
38.128.66.190 - - [05/Apr/2020:13:54:44 +0300] "GET /upload/files/pictures/info.jpg HTTP/1.1" 302 313 "-" "Mozilla/5.0 (Windows NT 6.1; WOW64) AppleWebKit/537.36 (KHTML, like Gecko) Chrome/80.0.3987.132 YaBrowser/20.3.1.197 Yowser/2.5 Safari/537.36"
38.128.66.190 - - [05/Apr/2020:13:54:44 +0300] "GET /upload/files/pictures/sessiya.jpg HTTP/1.1" 302 316 "-" "Mozilla/5.0 (Windows NT 6.1; WOW64) AppleWebKit/537.36 (KHTML, like Gecko) Chrome/80.0.3987.132 YaBrowser/20.3.1.197 Yowser/2.5 Safari/537.36"
38.128.66.190 - - [05/Apr/2020:13:54:44 +0300] "GET /upload/files/personal-folders/167/alert.jpg HTTP/1.1" 302 326 "-" "Mozilla/5.0 (Windows NT 6.1; WOW64) AppleWebKit/537.36 (KHTML, like Gecko) Chrome/80.0.3987.132 YaBrowser/20.3.1.197 Yowser/2.5 Safari/537.36"
38.128.66.190 - - [05/Apr/2020:13:54:44 +0300] "GET /upload/files/org_sobr.jpg HTTP/1.1" 302 308 "-" "Mozilla/5.0 (Windows NT 6.1; WOW64) AppleWebKit/537.36 (KHTML, like Gecko) Chrome/80.0.3987.132 YaBrowser/20.3.1.197 Yowser/2.5 Safari/537.36"
38.128.66.190 - - [05/Apr/2020:13:54:45 +0300] "GET /upload/files/personal-folders/Dokumenty_k_praktike/Praktika.png HTTP/1.1" 302 346 "-" "Mozilla/5.0 (Windows NT 6.1; WOW64) AppleWebKit/537.36 (KHTML, like Gecko) Chrome/80.0.3987.132 YaBrowser/20.3.1.197 Yowser/2.5 Safari/537.36"
38.128.66.190 - - [05/Apr/2020:13:54:45 +0300] "GET /upload/files/personal-folders/167/rekv_new_3.jpg HTTP/1.1" 302 331 "-" "Mozilla/5.0 (Windows NT 6.1; WOW64) AppleWebKit/537.36 (KHTML, like Gecko) Chrome/80.0.3987.132 YaBrowser/20.3.1.197 Yowser/2.5 Safari/537.36"
38.128.66.190 - - [05/Apr/2020:13:54:45 +0300] "GET /upload/files/pictures/autocad-for-mac-icon.png HTTP/1.1" 302 329 "-" "Mozilla/5.0 (Windows NT 6.1; WOW64) AppleWebKit/537.36 (KHTML, like Gecko) Chrome/80.0.3987.132 YaBrowser/20.3.1.197 Yowser/2.5 Safari/537.36"
91.193.178.252 - - [05/Apr/2020:13:54:50 +0300] "GET /upload/files/Kuratory_foto/Julya_.jpg HTTP/1.1" 302 320 "-" "Mozilla/5.0 (iPhone; CPU iPhone OS 13_2_3 like Mac OS X) AppleWebKit/605.1.15 (KHTML, like Gecko) Version/13.0.3 Mobile/15E148 Safari/604.1"
91.193.178.252 - - [05/Apr/2020:13:54:50 +0300] "GET /upload/files/Kuratory_foto/Antonova_E_P_1.jpg HTTP/1.1" 302 328 "-" "Mozilla/5.0 (iPhone; CPU iPhone OS 13_2_3 like Mac OS X) AppleWebKit/605.1.15 (KHTML, like Gecko) Version/13.0.3 Mobile/15E148 Safari/604.1"
91.193.178.252 - - [05/Apr/2020:13:54:50 +0300] "GET /upload/files/personal-folders/167/inf_v.jpg HTTP/1.1" 302 326 "-" "Mozilla/5.0 (iPhone; CPU iPhone OS 13_2_3 like Mac OS X) AppleWebKit/605.1.15 (KHTML, like Gecko) Version/13.0.3 Mobile/15E148 Safari/604.1"
91.193.178.252 - - [05/Apr/2020:13:54:50 +0300] "GET /upload/files/Kuratory_foto/Xoxlova-2.jpg HTTP/1.1" 302 323 "-" "Mozilla/5.0 (iPhone; CPU iPhone OS 13_2_3 like Mac OS X) AppleWebKit/605.1.15 (KHTML, like Gecko) Version/13.0.3 Mobile/15E148 Safari/604.1"
63.143.42.251 - - [05/Apr/2020:13:54:50 +0300] "HEAD / HTTP/1.1" 302 - "http://cito.mgsu.ru/" "Mozilla/5.0+(compatible; UptimeRobot/2.0; http://www.uptimerobot.com/)"
91.193.178.252 - - [05/Apr/2020:13:54:50 +0300] "GET /upload/files/zadolgn_2018.jpg HTTP/1.1" 302 312 "-" "Mozilla/5.0 (iPhone; CPU iPhone OS 13_2_3 like Mac OS X) AppleWebKit/605.1.15 (KHTML, like Gecko) Version/13.0.3 Mobile/15E148 Safari/604.1"
91.193.178.252 - - [05/Apr/2020:13:54:50 +0300] "GET /upload/files/rub_kontrl2.jpg HTTP/1.1" 302 311 "-" "Mozilla/5.0 (iPhone; CPU iPhone OS 13_2_3 like Mac OS X) AppleWebKit/605.1.15 (KHTML, like Gecko) Version/13.0.3 Mobile/15E148 Safari/604.1"
91.193.178.252 - - [05/Apr/2020:13:54:50 +0300] "GET /upload/files/oplata.gif HTTP/1.1" 302 306 "-" "Mozilla/5.0 (iPhone; CPU iPhone OS 13_2_3 like Mac OS X) AppleWebKit/605.1.15 (KHTML, like Gecko) Version/13.0.3 Mobile/15E148 Safari/604.1"
91.193.178.252 - - [05/Apr/2020:13:54:50 +0300] "GET /upload/files/rub_kontrl.jpg HTTP/1.1" 302 310 "-" "Mozilla/5.0 (iPhone; CPU iPhone OS 13_2_3 like Mac OS X) AppleWebKit/605.1.15 (KHTML, like Gecko) Version/13.0.3 Mobile/15E148 Safari/604.1"
91.193.178.252 - - [05/Apr/2020:13:54:50 +0300] "GET /upload/files/sessia_ido_rs.jpg HTTP/1.1" 302 313 "-" "Mozilla/5.0 (iPhone; CPU iPhone OS 13_2_3 like Mac OS X) AppleWebKit/605.1.15 (KHTML, like Gecko) Version/13.0.3 Mobile/15E148 Safari/604.1"
91.193.178.252 - - [05/Apr/2020:13:54:50 +0300] "GET /upload/files/pod_st_ob.jpg HTTP/1.1" 302 309 "-" "Mozilla/5.0 (iPhone; CPU iPhone OS 13_2_3 like Mac OS X) AppleWebKit/605.1.15 (KHTML, like Gecko) Version/13.0.3 Mobile/15E148 Safari/604.1"
91.193.178.252 - - [05/Apr/2020:13:54:51 +0300] "GET /upload/files/personal-folders/167/SB.jpg HTTP/1.1" 302 331 "-" "Mozilla/5.0 (iPhone; CPU iPhone OS 13_2_3 like Mac OS X) AppleWebKit/605.1.15 (KHTML, like Gecko) Version/13.0.3 Mobile/15E148 Safari/604.1"
91.193.178.252 - - [05/Apr/2020:13:54:51 +0300] "GET /upload/files/kons_ses.jpg HTTP/1.1" 302 308 "-" "Mozilla/5.0 (iPhone; CPU iPhone OS 13_2_3 like Mac OS X) AppleWebKit/605.1.15 (KHTML, like Gecko) Version/13.0.3 Mobile/15E148 Safari/604.1"
91.193.178.252 - - [05/Apr/2020:13:54:51 +0300] "GET /upload/files/novost_lekcii_1.jpg HTTP/1.1" 302 315 "-" "Mozilla/5.0 (iPhone; CPU iPhone OS 13_2_3 like Mac OS X) AppleWebKit/605.1.15 (KHTML, like Gecko) Version/13.0.3 Mobile/15E148 Safari/604.1"
91.193.178.252 - - [05/Apr/2020:13:54:51 +0300] "GET /upload/files/Kons_2018.jpg HTTP/1.1" 302 309 "-" "Mozilla/5.0 (iPhone; CPU iPhone OS 13_2_3 like Mac OS X) AppleWebKit/605.1.15 (KHTML, like Gecko) Version/13.0.3 Mobile/15E148 Safari/604.1"
91.193.178.252 - - [05/Apr/2020:13:54:51 +0300] "GET /upload/files/mgsusmogu.png HTTP/1.1" 302 309 "-" "Mozilla/5.0 (iPhone; CPU iPhone OS 13_2_3 like Mac OS X) AppleWebKit/605.1.15 (KHTML, like Gecko) Version/13.0.3 Mobile/15E148 Safari/604.1"
91.193.178.252 - - [05/Apr/2020:13:54:51 +0300] "GET /upload/files/RK_2018.jpg HTTP/1.1" 302 307 "-" "Mozilla/5.0 (iPhone; CPU iPhone OS 13_2_3 like Mac OS X) AppleWebKit/605.1.15 (KHTML, like Gecko) Version/13.0.3 Mobile/15E148 Safari/604.1"
91.193.178.252 - - [05/Apr/2020:13:54:51 +0300] "GET /upload/files/inf_stoim.jpg HTTP/1.1" 302 309 "-" "Mozilla/5.0 (iPhone; CPU iPhone OS 13_2_3 like Mac OS X) AppleWebKit/605.1.15 (KHTML, like Gecko) Version/13.0.3 Mobile/15E148 Safari/604.1"
91.193.178.252 - - [05/Apr/2020:13:54:51 +0300] "GET /upload/files/ust_lekc.jpg HTTP/1.1" 302 308 "-" "Mozilla/5.0 (iPhone; CPU iPhone OS 13_2_3 like Mac OS X) AppleWebKit/605.1.15 (KHTML, like Gecko) Version/13.0.3 Mobile/15E148 Safari/604.1"
91.193.178.252 - - [05/Apr/2020:13:54:51 +0300] "GET /upload/files/gtaff_UP.jpg HTTP/1.1" 302 308 "-" "Mozilla/5.0 (iPhone; CPU iPhone OS 13_2_3 like Mac OS X) AppleWebKit/605.1.15 (KHTML, like Gecko) Version/13.0.3 Mobile/15E148 Safari/604.1"
91.193.178.252 - - [05/Apr/2020:13:54:51 +0300] "GET /upload/files/praktika_2017.jpg HTTP/1.1" 302 313 "-" "Mozilla/5.0 (iPhone; CPU iPhone OS 13_2_3 like Mac OS X) AppleWebKit/605.1.15 (KHTML, like Gecko) Version/13.0.3 Mobile/15E148 Safari/604.1"
91.193.178.252 - - [05/Apr/2020:13:54:51 +0300] "GET /upload/files/ses_2_2.jpg HTTP/1.1" 302 307 "-" "Mozilla/5.0 (iPhone; CPU iPhone OS 13_2_3 like Mac OS X) AppleWebKit/605.1.15 (KHTML, like Gecko) Version/13.0.3 Mobile/15E148 Safari/604.1"
91.193.178.252 - - [05/Apr/2020:13:54:51 +0300] "GET /upload/files/pictures/info.jpg HTTP/1.1" 302 313 "-" "Mozilla/5.0 (iPhone; CPU iPhone OS 13_2_3 like Mac OS X) AppleWebKit/605.1.15 (KHTML, like Gecko) Version/13.0.3 Mobile/15E148 Safari/604.1"
91.193.178.252 - - [05/Apr/2020:13:54:51 +0300] "GET /upload/files/vazhnaya_info_01.jpg HTTP/1.1" 302 316 "-" "Mozilla/5.0 (iPhone; CPU iPhone OS 13_2_3 like Mac OS X) AppleWebKit/605.1.15 (KHTML, like Gecko) Version/13.0.3 Mobile/15E148 Safari/604.1"
91.193.178.252 - - [05/Apr/2020:13:54:51 +0300] "GET /upload/files/zadolgn.jpg HTTP/1.1" 302 307 "-" "Mozilla/5.0 (iPhone; CPU iPhone OS 13_2_3 like Mac OS X) AppleWebKit/605.1.15 (KHTML, like Gecko) Version/13.0.3 Mobile/15E148 Safari/604.1"
91.193.178.252 - - [05/Apr/2020:13:54:51 +0300] "GET /upload/files/pictures/sessiya.jpg HTTP/1.1" 302 316 "-" "Mozilla/5.0 (iPhone; CPU iPhone OS 13_2_3 like Mac OS X) AppleWebKit/605.1.15 (KHTML, like Gecko) Version/13.0.3 Mobile/15E148 Safari/604.1"
91.193.178.252 - - [05/Apr/2020:13:54:51 +0300] "GET /upload/files/personal-folders/Dokumenty_k_praktike/Praktika.png HTTP/1.1" 302 346 "-" "Mozilla/5.0 (iPhone; CPU iPhone OS 13_2_3 like Mac OS X) AppleWebKit/605.1.15 (KHTML, like Gecko) Version/13.0.3 Mobile/15E148 Safari/604.1"
91.193.178.252 - - [05/Apr/2020:13:54:51 +0300] "GET /upload/files/personal-folders/167/alert.jpg HTTP/1.1" 302 326 "-" "Mozilla/5.0 (iPhone; CPU iPhone OS 13_2_3 like Mac OS X) AppleWebKit/605.1.15 (KHTML, like Gecko) Version/13.0.3 Mobile/15E148 Safari/604.1"
91.193.178.252 - - [05/Apr/2020:13:54:51 +0300] "GET /upload/files/org_sobr.jpg HTTP/1.1" 302 308 "-" "Mozilla/5.0 (iPhone; CPU iPhone OS 13_2_3 like Mac OS X) AppleWebKit/605.1.15 (KHTML, like Gecko) Version/13.0.3 Mobile/15E148 Safari/604.1"
91.193.178.252 - - [05/Apr/2020:13:54:51 +0300] "GET /upload/files/personal-folders/167/rekv_new_3.jpg HTTP/1.1" 302 331 "-" "Mozilla/5.0 (iPhone; CPU iPhone OS 13_2_3 like Mac OS X) AppleWebKit/605.1.15 (KHTML, like Gecko) Version/13.0.3 Mobile/15E148 Safari/604.1"
91.193.178.252 - - [05/Apr/2020:13:54:51 +0300] "GET /upload/files/pictures/autocad-for-mac-icon.png HTTP/1.1" 302 329 "-" "Mozilla/5.0 (iPhone; CPU iPhone OS 13_2_3 like Mac OS X) AppleWebKit/605.1.15 (KHTML, like Gecko) Version/13.0.3 Mobile/15E148 Safari/604.1"
195.231.8.141 - - [05/Apr/2020:13:55:26 +0300] "GET login.cgi HTTP/1.1" 400 301 "-" "-"
109.200.159.230 - - [05/Apr/2020:13:55:38 +0300] "GET /upload/files/Kuratory_foto/Julya_.jpg HTTP/1.1" 302 320 "-" "Mozilla/5.0 (Windows NT 10.0) AppleWebKit/537.36 (KHTML, like Gecko) Chrome/80.0.3987.132 YaBrowser/20.3.1.197 Yowser/2.5 Safari/537.36"
109.200.159.230 - - [05/Apr/2020:13:55:39 +0300] "GET /upload/files/Kuratory_foto/Antonova_E_P_1.jpg HTTP/1.1" 302 328 "-" "Mozilla/5.0 (Windows NT 10.0) AppleWebKit/537.36 (KHTML, like Gecko) Chrome/80.0.3987.132 YaBrowser/20.3.1.197 Yowser/2.5 Safari/537.36"
109.200.159.230 - - [05/Apr/2020:13:55:39 +0300] "GET /upload/files/Kuratory_foto/Xoxlova-2.jpg HTTP/1.1" 302 323 "-" "Mozilla/5.0 (Windows NT 10.0) AppleWebKit/537.36 (KHTML, like Gecko) Chrome/80.0.3987.132 YaBrowser/20.3.1.197 Yowser/2.5 Safari/537.36"
109.200.159.230 - - [05/Apr/2020:13:55:39 +0300] "GET /upload/files/personal-folders/167/inf_v.jpg HTTP/1.1" 302 326 "-" "Mozilla/5.0 (Windows NT 10.0) AppleWebKit/537.36 (KHTML, like Gecko) Chrome/80.0.3987.132 YaBrowser/20.3.1.197 Yowser/2.5 Safari/537.36"
109.200.159.230 - - [05/Apr/2020:13:55:39 +0300] "GET /upload/files/rub_kontrl2.jpg HTTP/1.1" 302 311 "-" "Mozilla/5.0 (Windows NT 10.0) AppleWebKit/537.36 (KHTML, like Gecko) Chrome/80.0.3987.132 YaBrowser/20.3.1.197 Yowser/2.5 Safari/537.36"
109.200.159.230 - - [05/Apr/2020:13:55:39 +0300] "GET /upload/files/zadolgn_2018.jpg HTTP/1.1" 302 312 "-" "Mozilla/5.0 (Windows NT 10.0) AppleWebKit/537.36 (KHTML, like Gecko) Chrome/80.0.3987.132 YaBrowser/20.3.1.197 Yowser/2.5 Safari/537.36"
109.200.159.230 - - [05/Apr/2020:13:55:39 +0300] "GET /upload/files/rub_kontrl.jpg HTTP/1.1" 302 310 "-" "Mozilla/5.0 (Windows NT 10.0) AppleWebKit/537.36 (KHTML, like Gecko) Chrome/80.0.3987.132 YaBrowser/20.3.1.197 Yowser/2.5 Safari/537.36"
109.200.159.230 - - [05/Apr/2020:13:55:41 +0300] "GET /upload/files/personal-folders/167/SB.jpg HTTP/1.1" 302 331 "-" "Mozilla/5.0 (Windows NT 10.0) AppleWebKit/537.36 (KHTML, like Gecko) Chrome/80.0.3987.132 YaBrowser/20.3.1.197 Yowser/2.5 Safari/537.36"
109.200.159.230 - - [05/Apr/2020:13:55:42 +0300] "GET /upload/files/oplata.gif HTTP/1.1" 302 306 "-" "Mozilla/5.0 (Windows NT 10.0) AppleWebKit/537.36 (KHTML, like Gecko) Chrome/80.0.3987.132 YaBrowser/20.3.1.197 Yowser/2.5 Safari/537.36"
94.25.162.143 - - [05/Apr/2020:13:55:42 +0300] "GET /upload/files/personal-folders/167/SB.jpg HTTP/1.1" 302 331 "-" "Mozilla/5.0 (Windows NT 6.1; WOW64) AppleWebKit/537.36 (KHTML, like Gecko) Chrome/80.0.3987.132 YaBrowser/20.3.1.197 Yowser/2.5 Safari/537.36"
38.128.66.190 - - [05/Apr/2020:13:55:42 +0300] "GET /upload/files/Kuratory_foto/Julya_.jpg HTTP/1.1" 302 320 "-" "Mozilla/5.0 (Windows NT 6.1; WOW64) AppleWebKit/537.36 (KHTML, like Gecko) Chrome/80.0.3987.132 YaBrowser/20.3.1.197 Yowser/2.5 Safari/537.36"
38.128.66.190 - - [05/Apr/2020:13:55:42 +0300] "GET /upload/files/Kuratory_foto/Antonova_E_P_1.jpg HTTP/1.1" 302 328 "-" "Mozilla/5.0 (Windows NT 6.1; WOW64) AppleWebKit/537.36 (KHTML, like Gecko) Chrome/80.0.3987.132 YaBrowser/20.3.1.197 Yowser/2.5 Safari/537.36"
38.128.66.190 - - [05/Apr/2020:13:55:42 +0300] "GET /upload/files/Kuratory_foto/Xoxlova-2.jpg HTTP/1.1" 302 323 "-" "Mozilla/5.0 (Windows NT 6.1; WOW64) AppleWebKit/537.36 (KHTML, like Gecko) Chrome/80.0.3987.132 YaBrowser/20.3.1.197 Yowser/2.5 Safari/537.36"
38.128.66.190 - - [05/Apr/2020:13:55:42 +0300] "GET /upload/files/personal-folders/167/inf_v.jpg HTTP/1.1" 302 326 "-" "Mozilla/5.0 (Windows NT 6.1; WOW64) AppleWebKit/537.36 (KHTML, like Gecko) Chrome/80.0.3987.132 YaBrowser/20.3.1.197 Yowser/2.5 Safari/537.36"
38.128.66.190 - - [05/Apr/2020:13:55:42 +0300] "GET /upload/files/rub_kontrl2.jpg HTTP/1.1" 302 311 "-" "Mozilla/5.0 (Windows NT 6.1; WOW64) AppleWebKit/537.36 (KHTML, like Gecko) Chrome/80.0.3987.132 YaBrowser/20.3.1.197 Yowser/2.5 Safari/537.36"
109.200.159.230 - - [05/Apr/2020:13:55:42 +0300] "GET /upload/files/pod_st_ob.jpg HTTP/1.1" 302 309 "-" "Mozilla/5.0 (Windows NT 10.0) AppleWebKit/537.36 (KHTML, like Gecko) Chrome/80.0.3987.132 YaBrowser/20.3.1.197 Yowser/2.5 Safari/537.36"
38.128.66.190 - - [05/Apr/2020:13:55:43 +0300] "GET /upload/files/zadolgn_2018.jpg HTTP/1.1" 302 312 "-" "Mozilla/5.0 (Windows NT 6.1; WOW64) AppleWebKit/537.36 (KHTML, like Gecko) Chrome/80.0.3987.132 YaBrowser/20.3.1.197 Yowser/2.5 Safari/537.36"
38.128.66.190 - - [05/Apr/2020:13:55:43 +0300] "GET /upload/files/rub_kontrl.jpg HTTP/1.1" 302 310 "-" "Mozilla/5.0 (Windows NT 6.1; WOW64) AppleWebKit/537.36 (KHTML, like Gecko) Chrome/80.0.3987.132 YaBrowser/20.3.1.197 Yowser/2.5 Safari/537.36"
38.128.66.190 - - [05/Apr/2020:13:55:43 +0300] "GET /upload/files/pod_st_ob.jpg HTTP/1.1" 302 309 "-" "Mozilla/5.0 (Windows NT 6.1; WOW64) AppleWebKit/537.36 (KHTML, like Gecko) Chrome/80.0.3987.132 YaBrowser/20.3.1.197 Yowser/2.5 Safari/537.36"
38.128.66.190 - - [05/Apr/2020:13:55:43 +0300] "GET /upload/files/oplata.gif HTTP/1.1" 302 306 "-" "Mozilla/5.0 (Windows NT 6.1; WOW64) AppleWebKit/537.36 (KHTML, like Gecko) Chrome/80.0.3987.132 YaBrowser/20.3.1.197 Yowser/2.5 Safari/537.36"
109.200.159.230 - - [05/Apr/2020:13:55:43 +0300] "GET /upload/files/sessia_ido_rs.jpg HTTP/1.1" 302 313 "-" "Mozilla/5.0 (Windows NT 10.0) AppleWebKit/537.36 (KHTML, like Gecko) Chrome/80.0.3987.132 YaBrowser/20.3.1.197 Yowser/2.5 Safari/537.36"
109.200.159.230 - - [05/Apr/2020:13:55:43 +0300] "GET /upload/files/kons_ses.jpg HTTP/1.1" 302 308 "-" "Mozilla/5.0 (Windows NT 10.0) AppleWebKit/537.36 (KHTML, like Gecko) Chrome/80.0.3987.132 YaBrowser/20.3.1.197 Yowser/2.5 Safari/537.36"
38.128.66.190 - - [05/Apr/2020:13:55:43 +0300] "GET /upload/files/kons_ses.jpg HTTP/1.1" 302 308 "-" "Mozilla/5.0 (Windows NT 6.1; WOW64) AppleWebKit/537.36 (KHTML, like Gecko) Chrome/80.0.3987.132 YaBrowser/20.3.1.197 Yowser/2.5 Safari/537.36"
109.200.159.230 - - [05/Apr/2020:13:55:43 +0300] "GET /upload/files/novost_lekcii_1.jpg HTTP/1.1" 302 315 "-" "Mozilla/5.0 (Windows NT 10.0) AppleWebKit/537.36 (KHTML, like Gecko) Chrome/80.0.3987.132 YaBrowser/20.3.1.197 Yowser/2.5 Safari/537.36"
38.128.66.190 - - [05/Apr/2020:13:55:43 +0300] "GET /upload/files/sessia_ido_rs.jpg HTTP/1.1" 302 313 "-" "Mozilla/5.0 (Windows NT 6.1; WOW64) AppleWebKit/537.36 (KHTML, like Gecko) Chrome/80.0.3987.132 YaBrowser/20.3.1.197 Yowser/2.5 Safari/537.36"
38.128.66.190 - - [05/Apr/2020:13:55:43 +0300] "GET /upload/files/novost_lekcii_1.jpg HTTP/1.1" 302 315 "-" "Mozilla/5.0 (Windows NT 6.1; WOW64) AppleWebKit/537.36 (KHTML, like Gecko) Chrome/80.0.3987.132 YaBrowser/20.3.1.197 Yowser/2.5 Safari/537.36"
109.200.159.230 - - [05/Apr/2020:13:55:43 +0300] "GET /upload/files/mgsusmogu.png HTTP/1.1" 302 309 "-" "Mozilla/5.0 (Windows NT 10.0) AppleWebKit/537.36 (KHTML, like Gecko) Chrome/80.0.3987.132 YaBrowser/20.3.1.197 Yowser/2.5 Safari/537.36"
38.128.66.190 - - [05/Apr/2020:13:55:43 +0300] "GET /upload/files/mgsusmogu.png HTTP/1.1" 302 309 "-" "Mozilla/5.0 (Windows NT 6.1; WOW64) AppleWebKit/537.36 (KHTML, like Gecko) Chrome/80.0.3987.132 YaBrowser/20.3.1.197 Yowser/2.5 Safari/537.36"
38.128.66.190 - - [05/Apr/2020:13:55:43 +0300] "GET /upload/files/Kons_2018.jpg HTTP/1.1" 302 309 "-" "Mozilla/5.0 (Windows NT 6.1; WOW64) AppleWebKit/537.36 (KHTML, like Gecko) Chrome/80.0.3987.132 YaBrowser/20.3.1.197 Yowser/2.5 Safari/537.36"
38.128.66.190 - - [05/Apr/2020:13:55:43 +0300] "GET /upload/files/RK_2018.jpg HTTP/1.1" 302 307 "-" "Mozilla/5.0 (Windows NT 6.1; WOW64) AppleWebKit/537.36 (KHTML, like Gecko) Chrome/80.0.3987.132 YaBrowser/20.3.1.197 Yowser/2.5 Safari/537.36"
109.200.159.230 - - [05/Apr/2020:13:55:43 +0300] "GET /upload/files/Kons_2018.jpg HTTP/1.1" 302 309 "-" "Mozilla/5.0 (Windows NT 10.0) AppleWebKit/537.36 (KHTML, like Gecko) Chrome/80.0.3987.132 YaBrowser/20.3.1.197 Yowser/2.5 Safari/537.36"
109.200.159.230 - - [05/Apr/2020:13:55:43 +0300] "GET /upload/files/RK_2018.jpg HTTP/1.1" 302 307 "-" "Mozilla/5.0 (Windows NT 10.0) AppleWebKit/537.36 (KHTML, like Gecko) Chrome/80.0.3987.132 YaBrowser/20.3.1.197 Yowser/2.5 Safari/537.36"
109.200.159.230 - - [05/Apr/2020:13:55:43 +0300] "GET /upload/files/inf_stoim.jpg HTTP/1.1" 302 309 "-" "Mozilla/5.0 (Windows NT 10.0) AppleWebKit/537.36 (KHTML, like Gecko) Chrome/80.0.3987.132 YaBrowser/20.3.1.197 Yowser/2.5 Safari/537.36"
38.128.66.190 - - [05/Apr/2020:13:55:43 +0300] "GET /upload/files/inf_stoim.jpg HTTP/1.1" 302 309 "-" "Mozilla/5.0 (Windows NT 6.1; WOW64) AppleWebKit/537.36 (KHTML, like Gecko) Chrome/80.0.3987.132 YaBrowser/20.3.1.197 Yowser/2.5 Safari/537.36"
38.128.66.190 - - [05/Apr/2020:13:55:43 +0300] "GET /upload/files/ust_lekc.jpg HTTP/1.1" 302 308 "-" "Mozilla/5.0 (Windows NT 6.1; WOW64) AppleWebKit/537.36 (KHTML, like Gecko) Chrome/80.0.3987.132 YaBrowser/20.3.1.197 Yowser/2.5 Safari/537.36"
109.200.159.230 - - [05/Apr/2020:13:55:43 +0300] "GET /upload/files/ust_lekc.jpg HTTP/1.1" 302 308 "-" "Mozilla/5.0 (Windows NT 10.0) AppleWebKit/537.36 (KHTML, like Gecko) Chrome/80.0.3987.132 YaBrowser/20.3.1.197 Yowser/2.5 Safari/537.36"
38.128.66.190 - - [05/Apr/2020:13:55:44 +0300] "GET /upload/files/gtaff_UP.jpg HTTP/1.1" 302 308 "-" "Mozilla/5.0 (Windows NT 6.1; WOW64) AppleWebKit/537.36 (KHTML, like Gecko) Chrome/80.0.3987.132 YaBrowser/20.3.1.197 Yowser/2.5 Safari/537.36"
38.128.66.190 - - [05/Apr/2020:13:55:44 +0300] "GET /upload/files/praktika_2017.jpg HTTP/1.1" 302 313 "-" "Mozilla/5.0 (Windows NT 6.1; WOW64) AppleWebKit/537.36 (KHTML, like Gecko) Chrome/80.0.3987.132 YaBrowser/20.3.1.197 Yowser/2.5 Safari/537.36"
109.200.159.230 - - [05/Apr/2020:13:55:44 +0300] "GET /upload/files/gtaff_UP.jpg HTTP/1.1" 302 308 "-" "Mozilla/5.0 (Windows NT 10.0) AppleWebKit/537.36 (KHTML, like Gecko) Chrome/80.0.3987.132 YaBrowser/20.3.1.197 Yowser/2.5 Safari/537.36"
109.200.159.230 - - [05/Apr/2020:13:55:44 +0300] "GET /upload/files/praktika_2017.jpg HTTP/1.1" 302 313 "-" "Mozilla/5.0 (Windows NT 10.0) AppleWebKit/537.36 (KHTML, like Gecko) Chrome/80.0.3987.132 YaBrowser/20.3.1.197 Yowser/2.5 Safari/537.36"
38.128.66.190 - - [05/Apr/2020:13:55:44 +0300] "GET /upload/files/ses_2_2.jpg HTTP/1.1" 302 307 "-" "Mozilla/5.0 (Windows NT 6.1; WOW64) AppleWebKit/537.36 (KHTML, like Gecko) Chrome/80.0.3987.132 YaBrowser/20.3.1.197 Yowser/2.5 Safari/537.36"
38.128.66.190 - - [05/Apr/2020:13:55:44 +0300] "GET /upload/files/vazhnaya_info_01.jpg HTTP/1.1" 302 316 "-" "Mozilla/5.0 (Windows NT 6.1; WOW64) AppleWebKit/537.36 (KHTML, like Gecko) Chrome/80.0.3987.132 YaBrowser/20.3.1.197 Yowser/2.5 Safari/537.36"
109.200.159.230 - - [05/Apr/2020:13:55:44 +0300] "GET /upload/files/ses_2_2.jpg HTTP/1.1" 302 307 "-" "Mozilla/5.0 (Windows NT 10.0) AppleWebKit/537.36 (KHTML, like Gecko) Chrome/80.0.3987.132 YaBrowser/20.3.1.197 Yowser/2.5 Safari/537.36"
109.200.159.230 - - [05/Apr/2020:13:55:44 +0300] "GET /upload/files/vazhnaya_info_01.jpg HTTP/1.1" 302 316 "-" "Mozilla/5.0 (Windows NT 10.0) AppleWebKit/537.36 (KHTML, like Gecko) Chrome/80.0.3987.132 YaBrowser/20.3.1.197 Yowser/2.5 Safari/537.36"
38.128.66.190 - - [05/Apr/2020:13:55:44 +0300] "GET /upload/files/zadolgn.jpg HTTP/1.1" 302 307 "-" "Mozilla/5.0 (Windows NT 6.1; WOW64) AppleWebKit/537.36 (KHTML, like Gecko) Chrome/80.0.3987.132 YaBrowser/20.3.1.197 Yowser/2.5 Safari/537.36"
38.128.66.190 - - [05/Apr/2020:13:55:44 +0300] "GET /upload/files/pictures/info.jpg HTTP/1.1" 302 313 "-" "Mozilla/5.0 (Windows NT 6.1; WOW64) AppleWebKit/537.36 (KHTML, like Gecko) Chrome/80.0.3987.132 YaBrowser/20.3.1.197 Yowser/2.5 Safari/537.36"
38.128.66.190 - - [05/Apr/2020:13:55:44 +0300] "GET /upload/files/pictures/sessiya.jpg HTTP/1.1" 302 316 "-" "Mozilla/5.0 (Windows NT 6.1; WOW64) AppleWebKit/537.36 (KHTML, like Gecko) Chrome/80.0.3987.132 YaBrowser/20.3.1.197 Yowser/2.5 Safari/537.36"
38.128.66.190 - - [05/Apr/2020:13:55:44 +0300] "GET /upload/files/personal-folders/167/alert.jpg HTTP/1.1" 302 326 "-" "Mozilla/5.0 (Windows NT 6.1; WOW64) AppleWebKit/537.36 (KHTML, like Gecko) Chrome/80.0.3987.132 YaBrowser/20.3.1.197 Yowser/2.5 Safari/537.36"
38.128.66.190 - - [05/Apr/2020:13:55:44 +0300] "GET /upload/files/org_sobr.jpg HTTP/1.1" 302 308 "-" "Mozilla/5.0 (Windows NT 6.1; WOW64) AppleWebKit/537.36 (KHTML, like Gecko) Chrome/80.0.3987.132 YaBrowser/20.3.1.197 Yowser/2.5 Safari/537.36"
38.128.66.190 - - [05/Apr/2020:13:55:44 +0300] "GET /upload/files/personal-folders/Dokumenty_k_praktike/Praktika.png HTTP/1.1" 302 346 "-" "Mozilla/5.0 (Windows NT 6.1; WOW64) AppleWebKit/537.36 (KHTML, like Gecko) Chrome/80.0.3987.132 YaBrowser/20.3.1.197 Yowser/2.5 Safari/537.36"
109.200.159.230 - - [05/Apr/2020:13:55:44 +0300] "GET /upload/files/zadolgn.jpg HTTP/1.1" 302 307 "-" "Mozilla/5.0 (Windows NT 10.0) AppleWebKit/537.36 (KHTML, like Gecko) Chrome/80.0.3987.132 YaBrowser/20.3.1.197 Yowser/2.5 Safari/537.36"
109.200.159.230 - - [05/Apr/2020:13:55:44 +0300] "GET /upload/files/pictures/info.jpg HTTP/1.1" 302 313 "-" "Mozilla/5.0 (Windows NT 10.0) AppleWebKit/537.36 (KHTML, like Gecko) Chrome/80.0.3987.132 YaBrowser/20.3.1.197 Yowser/2.5 Safari/537.36"
38.128.66.190 - - [05/Apr/2020:13:55:44 +0300] "GET /upload/files/personal-folders/167/rekv_new_3.jpg HTTP/1.1" 302 331 "-" "Mozilla/5.0 (Windows NT 6.1; WOW64) AppleWebKit/537.36 (KHTML, like Gecko) Chrome/80.0.3987.132 YaBrowser/20.3.1.197 Yowser/2.5 Safari/537.36"
109.200.159.230 - - [05/Apr/2020:13:55:44 +0300] "GET /upload/files/pictures/sessiya.jpg HTTP/1.1" 302 316 "-" "Mozilla/5.0 (Windows NT 10.0) AppleWebKit/537.36 (KHTML, like Gecko) Chrome/80.0.3987.132 YaBrowser/20.3.1.197 Yowser/2.5 Safari/537.36"
109.200.159.230 - - [05/Apr/2020:13:55:45 +0300] "GET /upload/files/personal-folders/167/alert.jpg HTTP/1.1" 302 326 "-" "Mozilla/5.0 (Windows NT 10.0) AppleWebKit/537.36 (KHTML, like Gecko) Chrome/80.0.3987.132 YaBrowser/20.3.1.197 Yowser/2.5 Safari/537.36"
109.200.159.230 - - [05/Apr/2020:13:55:45 +0300] "GET /upload/files/org_sobr.jpg HTTP/1.1" 302 308 "-" "Mozilla/5.0 (Windows NT 10.0) AppleWebKit/537.36 (KHTML, like Gecko) Chrome/80.0.3987.132 YaBrowser/20.3.1.197 Yowser/2.5 Safari/537.36"
38.128.66.190 - - [05/Apr/2020:13:55:45 +0300] "GET /upload/files/pictures/autocad-for-mac-icon.png HTTP/1.1" 302 329 "-" "Mozilla/5.0 (Windows NT 6.1; WOW64) AppleWebKit/537.36 (KHTML, like Gecko) Chrome/80.0.3987.132 YaBrowser/20.3.1.197 Yowser/2.5 Safari/537.36"
109.200.159.230 - - [05/Apr/2020:13:55:45 +0300] "GET /upload/files/personal-folders/Dokumenty_k_praktike/Praktika.png HTTP/1.1" 302 346 "-" "Mozilla/5.0 (Windows NT 10.0) AppleWebKit/537.36 (KHTML, like Gecko) Chrome/80.0.3987.132 YaBrowser/20.3.1.197 Yowser/2.5 Safari/537.36"
109.200.159.230 - - [05/Apr/2020:13:55:45 +0300] "GET /upload/files/personal-folders/167/rekv_new_3.jpg HTTP/1.1" 302 331 "-" "Mozilla/5.0 (Windows NT 10.0) AppleWebKit/537.36 (KHTML, like Gecko) Chrome/80.0.3987.132 YaBrowser/20.3.1.197 Yowser/2.5 Safari/537.36"
109.200.159.230 - - [05/Apr/2020:13:55:45 +0300] "GET /upload/files/pictures/autocad-for-mac-icon.png HTTP/1.1" 302 329 "-" "Mozilla/5.0 (Windows NT 10.0) AppleWebKit/537.36 (KHTML, like Gecko) Chrome/80.0.3987.132 YaBrowser/20.3.1.197 Yowser/2.5 Safari/537.36"
94.25.162.143 - - [05/Apr/2020:13:56:55 +0300] "GET /upload/files/personal-folders/167/SB.jpg HTTP/1.1" 302 331 "-" "Mozilla/5.0 (Windows NT 6.1; WOW64) AppleWebKit/537.36 (KHTML, like Gecko) Chrome/80.0.3987.132 YaBrowser/20.3.1.197 Yowser/2.5 Safari/537.36"
38.128.66.190 - - [05/Apr/2020:13:56:56 +0300] "GET /upload/files/Kuratory_foto/Julya_.jpg HTTP/1.1" 302 320 "-" "Mozilla/5.0 (Windows NT 6.1; WOW64) AppleWebKit/537.36 (KHTML, like Gecko) Chrome/80.0.3987.132 YaBrowser/20.3.1.197 Yowser/2.5 Safari/537.36"
38.128.66.190 - - [05/Apr/2020:13:56:56 +0300] "GET /upload/files/Kuratory_foto/Xoxlova-2.jpg HTTP/1.1" 302 323 "-" "Mozilla/5.0 (Windows NT 6.1; WOW64) AppleWebKit/537.36 (KHTML, like Gecko) Chrome/80.0.3987.132 YaBrowser/20.3.1.197 Yowser/2.5 Safari/537.36"
38.128.66.190 - - [05/Apr/2020:13:56:56 +0300] "GET /upload/files/Kuratory_foto/Antonova_E_P_1.jpg HTTP/1.1" 302 328 "-" "Mozilla/5.0 (Windows NT 6.1; WOW64) AppleWebKit/537.36 (KHTML, like Gecko) Chrome/80.0.3987.132 YaBrowser/20.3.1.197 Yowser/2.5 Safari/537.36"
38.128.66.190 - - [05/Apr/2020:13:56:56 +0300] "GET /upload/files/rub_kontrl2.jpg HTTP/1.1" 302 311 "-" "Mozilla/5.0 (Windows NT 6.1; WOW64) AppleWebKit/537.36 (KHTML, like Gecko) Chrome/80.0.3987.132 YaBrowser/20.3.1.197 Yowser/2.5 Safari/537.36"
38.128.66.190 - - [05/Apr/2020:13:56:56 +0300] "GET /upload/files/personal-folders/167/inf_v.jpg HTTP/1.1" 302 326 "-" "Mozilla/5.0 (Windows NT 6.1; WOW64) AppleWebKit/537.36 (KHTML, like Gecko) Chrome/80.0.3987.132 YaBrowser/20.3.1.197 Yowser/2.5 Safari/537.36"
38.128.66.190 - - [05/Apr/2020:13:56:56 +0300] "GET /upload/files/zadolgn_2018.jpg HTTP/1.1" 302 312 "-" "Mozilla/5.0 (Windows NT 6.1; WOW64) AppleWebKit/537.36 (KHTML, like Gecko) Chrome/80.0.3987.132 YaBrowser/20.3.1.197 Yowser/2.5 Safari/537.36"
38.128.66.190 - - [05/Apr/2020:13:56:56 +0300] "GET /upload/files/rub_kontrl.jpg HTTP/1.1" 302 310 "-" "Mozilla/5.0 (Windows NT 6.1; WOW64) AppleWebKit/537.36 (KHTML, like Gecko) Chrome/80.0.3987.132 YaBrowser/20.3.1.197 Yowser/2.5 Safari/537.36"
38.128.66.190 - - [05/Apr/2020:13:56:56 +0300] "GET /upload/files/oplata.gif HTTP/1.1" 302 306 "-" "Mozilla/5.0 (Windows NT 6.1; WOW64) AppleWebKit/537.36 (KHTML, like Gecko) Chrome/80.0.3987.132 YaBrowser/20.3.1.197 Yowser/2.5 Safari/537.36"
38.128.66.190 - - [05/Apr/2020:13:56:56 +0300] "GET /upload/files/pod_st_ob.jpg HTTP/1.1" 302 309 "-" "Mozilla/5.0 (Windows NT 6.1; WOW64) AppleWebKit/537.36 (KHTML, like Gecko) Chrome/80.0.3987.132 YaBrowser/20.3.1.197 Yowser/2.5 Safari/537.36"
38.128.66.190 - - [05/Apr/2020:13:56:56 +0300] "GET /upload/files/kons_ses.jpg HTTP/1.1" 302 308 "-" "Mozilla/5.0 (Windows NT 6.1; WOW64) AppleWebKit/537.36 (KHTML, like Gecko) Chrome/80.0.3987.132 YaBrowser/20.3.1.197 Yowser/2.5 Safari/537.36"
38.128.66.190 - - [05/Apr/2020:13:56:57 +0300] "GET /upload/files/sessia_ido_rs.jpg HTTP/1.1" 302 313 "-" "Mozilla/5.0 (Windows NT 6.1; WOW64) AppleWebKit/537.36 (KHTML, like Gecko) Chrome/80.0.3987.132 YaBrowser/20.3.1.197 Yowser/2.5 Safari/537.36"
38.128.66.190 - - [05/Apr/2020:13:56:57 +0300] "GET /upload/files/novost_lekcii_1.jpg HTTP/1.1" 302 315 "-" "Mozilla/5.0 (Windows NT 6.1; WOW64) AppleWebKit/537.36 (KHTML, like Gecko) Chrome/80.0.3987.132 YaBrowser/20.3.1.197 Yowser/2.5 Safari/537.36"
38.128.66.190 - - [05/Apr/2020:13:56:57 +0300] "GET /upload/files/mgsusmogu.png HTTP/1.1" 302 309 "-" "Mozilla/5.0 (Windows NT 6.1; WOW64) AppleWebKit/537.36 (KHTML, like Gecko) Chrome/80.0.3987.132 YaBrowser/20.3.1.197 Yowser/2.5 Safari/537.36"
38.128.66.190 - - [05/Apr/2020:13:56:57 +0300] "GET /upload/files/Kons_2018.jpg HTTP/1.1" 302 309 "-" "Mozilla/5.0 (Windows NT 6.1; WOW64) AppleWebKit/537.36 (KHTML, like Gecko) Chrome/80.0.3987.132 YaBrowser/20.3.1.197 Yowser/2.5 Safari/537.36"
38.128.66.190 - - [05/Apr/2020:13:56:57 +0300] "GET /upload/files/RK_2018.jpg HTTP/1.1" 302 307 "-" "Mozilla/5.0 (Windows NT 6.1; WOW64) AppleWebKit/537.36 (KHTML, like Gecko) Chrome/80.0.3987.132 YaBrowser/20.3.1.197 Yowser/2.5 Safari/537.36"
38.128.66.190 - - [05/Apr/2020:13:56:57 +0300] "GET /upload/files/inf_stoim.jpg HTTP/1.1" 302 309 "-" "Mozilla/5.0 (Windows NT 6.1; WOW64) AppleWebKit/537.36 (KHTML, like Gecko) Chrome/80.0.3987.132 YaBrowser/20.3.1.197 Yowser/2.5 Safari/537.36"
38.128.66.190 - - [05/Apr/2020:13:56:57 +0300] "GET /upload/files/ust_lekc.jpg HTTP/1.1" 302 308 "-" "Mozilla/5.0 (Windows NT 6.1; WOW64) AppleWebKit/537.36 (KHTML, like Gecko) Chrome/80.0.3987.132 YaBrowser/20.3.1.197 Yowser/2.5 Safari/537.36"
38.128.66.190 - - [05/Apr/2020:13:56:57 +0300] "GET /upload/files/gtaff_UP.jpg HTTP/1.1" 302 308 "-" "Mozilla/5.0 (Windows NT 6.1; WOW64) AppleWebKit/537.36 (KHTML, like Gecko) Chrome/80.0.3987.132 YaBrowser/20.3.1.197 Yowser/2.5 Safari/537.36"
38.128.66.190 - - [05/Apr/2020:13:56:57 +0300] "GET /upload/files/praktika_2017.jpg HTTP/1.1" 302 313 "-" "Mozilla/5.0 (Windows NT 6.1; WOW64) AppleWebKit/537.36 (KHTML, like Gecko) Chrome/80.0.3987.132 YaBrowser/20.3.1.197 Yowser/2.5 Safari/537.36"
38.128.66.190 - - [05/Apr/2020:13:56:57 +0300] "GET /upload/files/ses_2_2.jpg HTTP/1.1" 302 307 "-" "Mozilla/5.0 (Windows NT 6.1; WOW64) AppleWebKit/537.36 (KHTML, like Gecko) Chrome/80.0.3987.132 YaBrowser/20.3.1.197 Yowser/2.5 Safari/537.36"
38.128.66.190 - - [05/Apr/2020:13:56:57 +0300] "GET /upload/files/vazhnaya_info_01.jpg HTTP/1.1" 302 316 "-" "Mozilla/5.0 (Windows NT 6.1; WOW64) AppleWebKit/537.36 (KHTML, like Gecko) Chrome/80.0.3987.132 YaBrowser/20.3.1.197 Yowser/2.5 Safari/537.36"
38.128.66.190 - - [05/Apr/2020:13:56:57 +0300] "GET /upload/files/zadolgn.jpg HTTP/1.1" 302 307 "-" "Mozilla/5.0 (Windows NT 6.1; WOW64) AppleWebKit/537.36 (KHTML, like Gecko) Chrome/80.0.3987.132 YaBrowser/20.3.1.197 Yowser/2.5 Safari/537.36"
38.128.66.190 - - [05/Apr/2020:13:56:58 +0300] "GET /upload/files/pictures/info.jpg HTTP/1.1" 302 313 "-" "Mozilla/5.0 (Windows NT 6.1; WOW64) AppleWebKit/537.36 (KHTML, like Gecko) Chrome/80.0.3987.132 YaBrowser/20.3.1.197 Yowser/2.5 Safari/537.36"
38.128.66.190 - - [05/Apr/2020:13:56:58 +0300] "GET /upload/files/pictures/sessiya.jpg HTTP/1.1" 302 316 "-" "Mozilla/5.0 (Windows NT 6.1; WOW64) AppleWebKit/537.36 (KHTML, like Gecko) Chrome/80.0.3987.132 YaBrowser/20.3.1.197 Yowser/2.5 Safari/537.36"
38.128.66.190 - - [05/Apr/2020:13:56:58 +0300] "GET /upload/files/org_sobr.jpg HTTP/1.1" 302 308 "-" "Mozilla/5.0 (Windows NT 6.1; WOW64) AppleWebKit/537.36 (KHTML, like Gecko) Chrome/80.0.3987.132 YaBrowser/20.3.1.197 Yowser/2.5 Safari/537.36"
