37.97.137.40 - - [05/Apr/2020:03:47:19 +0300] "HEAD / HTTP/1.1" 302 - "-" "downnotifier.com monitoring"
63.143.42.251 - - [05/Apr/2020:03:49:53 +0300] "HEAD / HTTP/1.1" 302 - "http://cito.mgsu.ru/" "Mozilla/5.0+(compatible; UptimeRobot/2.0; http://www.uptimerobot.com/)"
66.249.65.195 - - [05/Apr/2020:03:51:01 +0300] "GET /upload/files/personal-folders/Raspisanie/2019/bak.mag._UZ_ZANYATIYA/IDO_UCH.Z_2-BAG.pdf HTTP/1.1" 302 370 "-" "Mozilla/5.0 (Linux; Android 6.0.1; Nexus 5X Build/MMB29P) AppleWebKit/537.36 (KHTML, like Gecko) Chrome/41.0.2272.96 Mobile Safari/537.36 (compatible; Googlebot/2.1; +http://www.google.com/bot.html)"
94.142.141.165 - - [05/Apr/2020:03:54:40 +0300] "GET /upload/files/Kuratory_foto/Julya_.jpg HTTP/1.1" 302 320 "-" "Mozilla/5.0 (Windows NT 6.1; Win64; x64) AppleWebKit/537.36 (KHTML, like Gecko) Chrome/80.0.3987.116 Safari/537.36"
94.142.141.165 - - [05/Apr/2020:03:54:40 +0300] "GET /upload/files/Kuratory_foto/Xoxlova-2.jpg HTTP/1.1" 302 323 "-" "Mozilla/5.0 (Windows NT 6.1; Win64; x64) AppleWebKit/537.36 (KHTML, like Gecko) Chrome/80.0.3987.116 Safari/537.36"
94.142.141.165 - - [05/Apr/2020:03:54:41 +0300] "GET /upload/files/rub_kontrl2.jpg HTTP/1.1" 302 311 "-" "Mozilla/5.0 (Windows NT 6.1; Win64; x64) AppleWebKit/537.36 (KHTML, like Gecko) Chrome/80.0.3987.116 Safari/537.36"
94.142.141.165 - - [05/Apr/2020:03:54:41 +0300] "GET /upload/files/Kuratory_foto/Antonova_E_P_1.jpg HTTP/1.1" 302 328 "-" "Mozilla/5.0 (Windows NT 6.1; Win64; x64) AppleWebKit/537.36 (KHTML, like Gecko) Chrome/80.0.3987.116 Safari/537.36"
94.142.141.165 - - [05/Apr/2020:03:54:41 +0300] "GET /upload/files/personal-folders/167/inf_v.jpg HTTP/1.1" 302 326 "-" "Mozilla/5.0 (Windows NT 6.1; Win64; x64) AppleWebKit/537.36 (KHTML, like Gecko) Chrome/80.0.3987.116 Safari/537.36"
94.142.141.165 - - [05/Apr/2020:03:54:41 +0300] "GET /upload/files/zadolgn_2018.jpg HTTP/1.1" 302 312 "-" "Mozilla/5.0 (Windows NT 6.1; Win64; x64) AppleWebKit/537.36 (KHTML, like Gecko) Chrome/80.0.3987.116 Safari/537.36"
94.142.141.165 - - [05/Apr/2020:03:54:42 +0300] "GET /upload/files/rub_kontrl.jpg HTTP/1.1" 302 310 "-" "Mozilla/5.0 (Windows NT 6.1; Win64; x64) AppleWebKit/537.36 (KHTML, like Gecko) Chrome/80.0.3987.116 Safari/537.36"
94.142.141.165 - - [05/Apr/2020:03:54:42 +0300] "GET /upload/files/pod_st_ob.jpg HTTP/1.1" 302 309 "-" "Mozilla/5.0 (Windows NT 6.1; Win64; x64) AppleWebKit/537.36 (KHTML, like Gecko) Chrome/80.0.3987.116 Safari/537.36"
94.142.141.165 - - [05/Apr/2020:03:54:42 +0300] "GET /upload/files/kons_ses.jpg HTTP/1.1" 302 308 "-" "Mozilla/5.0 (Windows NT 6.1; Win64; x64) AppleWebKit/537.36 (KHTML, like Gecko) Chrome/80.0.3987.116 Safari/537.36"
94.142.141.165 - - [05/Apr/2020:03:54:42 +0300] "GET /upload/files/sessia_ido_rs.jpg HTTP/1.1" 302 313 "-" "Mozilla/5.0 (Windows NT 6.1; Win64; x64) AppleWebKit/537.36 (KHTML, like Gecko) Chrome/80.0.3987.116 Safari/537.36"
94.142.141.165 - - [05/Apr/2020:03:54:43 +0300] "GET /upload/files/novost_lekcii_1.jpg HTTP/1.1" 302 315 "-" "Mozilla/5.0 (Windows NT 6.1; Win64; x64) AppleWebKit/537.36 (KHTML, like Gecko) Chrome/80.0.3987.116 Safari/537.36"
94.142.141.165 - - [05/Apr/2020:03:54:43 +0300] "GET /upload/files/mgsusmogu.png HTTP/1.1" 302 309 "-" "Mozilla/5.0 (Windows NT 6.1; Win64; x64) AppleWebKit/537.36 (KHTML, like Gecko) Chrome/80.0.3987.116 Safari/537.36"
94.142.141.165 - - [05/Apr/2020:03:54:43 +0300] "GET /upload/files/personal-folders/167/SB.jpg HTTP/1.1" 302 331 "-" "Mozilla/5.0 (Windows NT 6.1; Win64; x64) AppleWebKit/537.36 (KHTML, like Gecko) Chrome/80.0.3987.116 Safari/537.36"
94.142.141.165 - - [05/Apr/2020:03:54:43 +0300] "GET /upload/files/Kons_2018.jpg HTTP/1.1" 302 309 "-" "Mozilla/5.0 (Windows NT 6.1; Win64; x64) AppleWebKit/537.36 (KHTML, like Gecko) Chrome/80.0.3987.116 Safari/537.36"
94.142.141.165 - - [05/Apr/2020:03:54:43 +0300] "GET /upload/files/RK_2018.jpg HTTP/1.1" 302 307 "-" "Mozilla/5.0 (Windows NT 6.1; Win64; x64) AppleWebKit/537.36 (KHTML, like Gecko) Chrome/80.0.3987.116 Safari/537.36"
94.142.141.165 - - [05/Apr/2020:03:54:43 +0300] "GET /upload/files/inf_stoim.jpg HTTP/1.1" 302 309 "-" "Mozilla/5.0 (Windows NT 6.1; Win64; x64) AppleWebKit/537.36 (KHTML, like Gecko) Chrome/80.0.3987.116 Safari/537.36"
94.142.141.165 - - [05/Apr/2020:03:54:43 +0300] "GET /upload/files/ust_lekc.jpg HTTP/1.1" 302 308 "-" "Mozilla/5.0 (Windows NT 6.1; Win64; x64) AppleWebKit/537.36 (KHTML, like Gecko) Chrome/80.0.3987.116 Safari/537.36"
94.142.141.165 - - [05/Apr/2020:03:54:44 +0300] "GET /upload/files/gtaff_UP.jpg HTTP/1.1" 302 308 "-" "Mozilla/5.0 (Windows NT 6.1; Win64; x64) AppleWebKit/537.36 (KHTML, like Gecko) Chrome/80.0.3987.116 Safari/537.36"
94.142.141.165 - - [05/Apr/2020:03:54:44 +0300] "GET /upload/files/praktika_2017.jpg HTTP/1.1" 302 313 "-" "Mozilla/5.0 (Windows NT 6.1; Win64; x64) AppleWebKit/537.36 (KHTML, like Gecko) Chrome/80.0.3987.116 Safari/537.36"
94.142.141.165 - - [05/Apr/2020:03:54:44 +0300] "GET /upload/files/ses_2_2.jpg HTTP/1.1" 302 307 "-" "Mozilla/5.0 (Windows NT 6.1; Win64; x64) AppleWebKit/537.36 (KHTML, like Gecko) Chrome/80.0.3987.116 Safari/537.36"
94.142.141.165 - - [05/Apr/2020:03:54:44 +0300] "GET /upload/files/vazhnaya_info_01.jpg HTTP/1.1" 302 316 "-" "Mozilla/5.0 (Windows NT 6.1; Win64; x64) AppleWebKit/537.36 (KHTML, like Gecko) Chrome/80.0.3987.116 Safari/537.36"
94.142.141.165 - - [05/Apr/2020:03:54:44 +0300] "GET /upload/files/zadolgn.jpg HTTP/1.1" 302 307 "-" "Mozilla/5.0 (Windows NT 6.1; Win64; x64) AppleWebKit/537.36 (KHTML, like Gecko) Chrome/80.0.3987.116 Safari/537.36"
94.142.141.165 - - [05/Apr/2020:03:54:45 +0300] "GET /upload/files/pictures/info.jpg HTTP/1.1" 302 313 "-" "Mozilla/5.0 (Windows NT 6.1; Win64; x64) AppleWebKit/537.36 (KHTML, like Gecko) Chrome/80.0.3987.116 Safari/537.36"
94.142.141.165 - - [05/Apr/2020:03:54:45 +0300] "GET /upload/files/pictures/sessiya.jpg HTTP/1.1" 302 316 "-" "Mozilla/5.0 (Windows NT 6.1; Win64; x64) AppleWebKit/537.36 (KHTML, like Gecko) Chrome/80.0.3987.116 Safari/537.36"
94.142.141.165 - - [05/Apr/2020:03:54:45 +0300] "GET /upload/files/personal-folders/167/alert.jpg HTTP/1.1" 302 326 "-" "Mozilla/5.0 (Windows NT 6.1; Win64; x64) AppleWebKit/537.36 (KHTML, like Gecko) Chrome/80.0.3987.116 Safari/537.36"
94.142.141.165 - - [05/Apr/2020:03:54:45 +0300] "GET /upload/files/org_sobr.jpg HTTP/1.1" 302 308 "-" "Mozilla/5.0 (Windows NT 6.1; Win64; x64) AppleWebKit/537.36 (KHTML, like Gecko) Chrome/80.0.3987.116 Safari/537.36"
94.142.141.165 - - [05/Apr/2020:03:54:45 +0300] "GET /upload/files/personal-folders/Dokumenty_k_praktike/Praktika.png HTTP/1.1" 302 346 "-" "Mozilla/5.0 (Windows NT 6.1; Win64; x64) AppleWebKit/537.36 (KHTML, like Gecko) Chrome/80.0.3987.116 Safari/537.36"
94.142.141.165 - - [05/Apr/2020:03:54:45 +0300] "GET /upload/files/oplata.gif HTTP/1.1" 302 306 "-" "Mozilla/5.0 (Windows NT 6.1; Win64; x64) AppleWebKit/537.36 (KHTML, like Gecko) Chrome/80.0.3987.116 Safari/537.36"
94.142.141.165 - - [05/Apr/2020:03:54:46 +0300] "GET /upload/files/personal-folders/167/rekv_new_3.jpg HTTP/1.1" 302 331 "-" "Mozilla/5.0 (Windows NT 6.1; Win64; x64) AppleWebKit/537.36 (KHTML, like Gecko) Chrome/80.0.3987.116 Safari/537.36"
94.142.141.165 - - [05/Apr/2020:03:54:46 +0300] "GET /upload/files/pictures/autocad-for-mac-icon.png HTTP/1.1" 302 329 "-" "Mozilla/5.0 (Windows NT 6.1; Win64; x64) AppleWebKit/537.36 (KHTML, like Gecko) Chrome/80.0.3987.116 Safari/537.36"
63.143.42.251 - - [05/Apr/2020:03:54:53 +0300] "HEAD / HTTP/1.1" 302 - "http://cito.mgsu.ru/" "Mozilla/5.0+(compatible; UptimeRobot/2.0; http://www.uptimerobot.com/)"
40.85.158.242 - - [05/Apr/2020:03:55:15 +0300] "GET / HTTP/1.0" 302 268 "-" "masscan/1.0 (https://github.com/robertdavidgraham/masscan)"
96.246.180.213 - - [05/Apr/2020:03:55:53 +0300] "GET / HTTP/1.1" 400 301 "-" "-"
66.102.9.81 - - [05/Apr/2020:03:56:25 +0300] "GET /resource/index/data/lesson_id/9811/subject_id/1410/resource_id/2575/revision_id/0 HTTP/1.1" 302 364 "-" "Mozilla/5.0 (compatible; Google AppsViewer; http://drive.google.com)"
63.143.42.251 - - [05/Apr/2020:03:59:53 +0300] "HEAD / HTTP/1.1" 302 - "http://cito.mgsu.ru/" "Mozilla/5.0+(compatible; UptimeRobot/2.0; http://www.uptimerobot.com/)"
77.88.31.239 - - [05/Apr/2020:04:01:36 +0300] "GET /upload/files/mgsulogo1-1921.png HTTP/1.1" 302 314 "-" "Mozilla/5.0 (compatible; YandexImageResizer/2.0; +http://yandex.com/bots)"
45.144.2.66 - - [05/Apr/2020:04:03:54 +0300] "GET / HTTP/1.1" 200 48601 "-" "Mozilla/5.0 (Windows NT 10.0; Win64; x64) AppleWebKit/537.36 (KHTML, like Gecko) Chrome/74.0.3729.169 Safari/537.36"
45.144.2.66 - - [05/Apr/2020:04:03:58 +0300] "GET / HTTP/1.1" 302 288 "-" "Mozilla/5.0 (Windows NT 10.0; Win64; x64) AppleWebKit/537.36 (KHTML, like Gecko) Chrome/74.0.3729.169 Safari/537.36"
63.143.42.251 - - [05/Apr/2020:04:04:53 +0300] "HEAD / HTTP/1.1" 302 - "http://cito.mgsu.ru/" "Mozilla/5.0+(compatible; UptimeRobot/2.0; http://www.uptimerobot.com/)"
171.67.70.85 - - [05/Apr/2020:04:08:49 +0300] "GET / HTTP/1.1" 302 285 "-" "Mozilla/5.0 zgrab/0.x"
63.143.42.251 - - [05/Apr/2020:04:09:53 +0300] "HEAD / HTTP/1.1" 302 - "http://cito.mgsu.ru/" "Mozilla/5.0+(compatible; UptimeRobot/2.0; http://www.uptimerobot.com/)"
5.188.210.87 - - [05/Apr/2020:04:10:41 +0300] "GET /forum.php HTTP/1.0" 302 296 "http://www.do.mgsu.ru/forum.php" "Mozilla/5.0 (Windows NT 10.0; Win64; x64) AppleWebKit/537.36 (KHTML, like Gecko) Chrome/68.0.3440.75 Safari/537.36"
37.49.226.4 - - [05/Apr/2020:04:14:13 +0300] "GET login.cgi HTTP/1.1" 400 301 "-" "-"
63.143.42.251 - - [05/Apr/2020:04:14:53 +0300] "HEAD / HTTP/1.1" 302 - "http://cito.mgsu.ru/" "Mozilla/5.0+(compatible; UptimeRobot/2.0; http://www.uptimerobot.com/)"
207.46.13.55 - - [05/Apr/2020:04:16:02 +0300] "GET /subject/list/index/switcher/list?page_id=m0602&page_id=m0602 HTTP/1.1" 302 347 "-" "Mozilla/5.0 (compatible; bingbot/2.0; +http://www.bing.com/bingbot.htm)"
66.102.9.83 - - [05/Apr/2020:04:17:00 +0300] "GET /upload/files/mgsulogo1-1921.png HTTP/1.1" 302 314 "-" "Mozilla/5.0 (Windows NT 5.1; rv:11.0) Gecko Firefox/11.0 (via ggpht.com GoogleImageProxy)"
139.59.109.12 - - [05/Apr/2020:04:17:17 +0300] "HEAD / HTTP/1.1" 302 - "-" "downnotifier.com monitoring"
63.143.42.251 - - [05/Apr/2020:04:19:53 +0300] "HEAD / HTTP/1.1" 302 - "http://cito.mgsu.ru/" "Mozilla/5.0+(compatible; UptimeRobot/2.0; http://www.uptimerobot.com/)"
63.143.42.251 - - [05/Apr/2020:04:24:53 +0300] "HEAD / HTTP/1.1" 302 - "http://cito.mgsu.ru/" "Mozilla/5.0+(compatible; UptimeRobot/2.0; http://www.uptimerobot.com/)"
63.143.42.251 - - [05/Apr/2020:04:29:53 +0300] "HEAD / HTTP/1.1" 302 - "http://cito.mgsu.ru/" "Mozilla/5.0+(compatible; UptimeRobot/2.0; http://www.uptimerobot.com/)"
63.143.42.251 - - [05/Apr/2020:04:34:53 +0300] "HEAD / HTTP/1.1" 302 - "http://cito.mgsu.ru/" "Mozilla/5.0+(compatible; UptimeRobot/2.0; http://www.uptimerobot.com/)"
5.188.210.87 - - [05/Apr/2020:04:37:38 +0300] "GET /forum.php HTTP/1.0" 302 296 "http://www.do.mgsu.ru/forum.php" "Mozilla/5.0 (Windows NT 10.0; Win64; x64) AppleWebKit/537.36 (KHTML, like Gecko) Chrome/67.0.3396.62 Safari/537.36"
63.143.42.251 - - [05/Apr/2020:04:39:53 +0300] "HEAD / HTTP/1.1" 302 - "http://cito.mgsu.ru/" "Mozilla/5.0+(compatible; UptimeRobot/2.0; http://www.uptimerobot.com/)"
63.143.42.251 - - [05/Apr/2020:04:44:53 +0300] "HEAD / HTTP/1.1" 302 - "http://cito.mgsu.ru/" "Mozilla/5.0+(compatible; UptimeRobot/2.0; http://www.uptimerobot.com/)"
95.163.255.86 - - [05/Apr/2020:04:45:36 +0300] "GET /robots.txt HTTP/1.0" 302 293 "-" "Mozilla/5.0 (compatible; Linux x86_64; Mail.RU_Bot/2.0; +http://go.mail.ru/help/robots)"
95.163.255.82 - - [05/Apr/2020:04:45:37 +0300] "GET /lesson/list/my/subject_id/205 HTTP/1.1" 302 312 "-" "Mozilla/5.0 (compatible; Linux x86_64; Mail.RU_Bot/2.0; +http://go.mail.ru/help/robots)"
95.163.255.84 - - [05/Apr/2020:04:46:05 +0300] "GET /robots.txt HTTP/1.0" 302 289 "-" "Mozilla/5.0 (compatible; Linux x86_64; Mail.RU_Bot/2.0; +http://go.mail.ru/help/robots)"
95.163.255.88 - - [05/Apr/2020:04:46:07 +0300] "GET /forum/subject/subject/1151 HTTP/1.1" 302 305 "-" "Mozilla/5.0 (compatible; Linux x86_64; Mail.RU_Bot/2.0; +http://go.mail.ru/help/robots)"
149.28.73.26 - - [05/Apr/2020:04:47:15 +0300] "HEAD / HTTP/1.1" 302 - "-" "downnotifier.com monitoring"
63.143.42.251 - - [05/Apr/2020:04:49:53 +0300] "HEAD / HTTP/1.1" 302 - "http://cito.mgsu.ru/" "Mozilla/5.0+(compatible; UptimeRobot/2.0; http://www.uptimerobot.com/)"
95.163.255.84 - - [05/Apr/2020:04:51:12 +0300] "GET /subject/index/card/subject_id/801 HTTP/1.1" 302 312 "-" "Mozilla/5.0 (compatible; Linux x86_64; Mail.RU_Bot/2.0; +http://go.mail.ru/help/robots)"
95.163.255.86 - - [05/Apr/2020:04:51:15 +0300] "GET /subject/index/card/subject_id/801 HTTP/1.1" 302 312 "-" "Mozilla/5.0 (compatible; Linux x86_64; Mail.RU_Bot/2.0; +http://go.mail.ru/help/robots)"
195.231.8.141 - - [05/Apr/2020:04:53:43 +0300] "GET login.cgi HTTP/1.1" 400 301 "-" "-"
63.143.42.251 - - [05/Apr/2020:04:54:53 +0300] "HEAD / HTTP/1.1" 302 - "http://cito.mgsu.ru/" "Mozilla/5.0+(compatible; UptimeRobot/2.0; http://www.uptimerobot.com/)"
63.143.42.251 - - [05/Apr/2020:04:59:52 +0300] "HEAD / HTTP/1.1" 302 - "http://cito.mgsu.ru/" "Mozilla/5.0+(compatible; UptimeRobot/2.0; http://www.uptimerobot.com/)"
63.143.42.251 - - [05/Apr/2020:05:04:52 +0300] "HEAD / HTTP/1.1" 302 - "http://cito.mgsu.ru/" "Mozilla/5.0+(compatible; UptimeRobot/2.0; http://www.uptimerobot.com/)"
5.188.210.87 - - [05/Apr/2020:05:08:22 +0300] "GET /forum.php HTTP/1.0" 302 296 "http://www.do.mgsu.ru/forum.php" "Mozilla/5.0 (Windows NT 10.0; Win64; x64) AppleWebKit/537.36 (KHTML, like Gecko) Chrome/68.0.3440.75 Safari/537.36"
37.49.226.4 - - [05/Apr/2020:05:09:33 +0300] "GET login.cgi HTTP/1.1" 400 301 "-" "-"
63.143.42.251 - - [05/Apr/2020:05:09:53 +0300] "HEAD / HTTP/1.1" 302 - "http://cito.mgsu.ru/" "Mozilla/5.0+(compatible; UptimeRobot/2.0; http://www.uptimerobot.com/)"
217.12.73.116 - - [05/Apr/2020:05:12:06 +0300] "-" 408 - "-" "-"
217.12.73.116 - - [05/Apr/2020:05:12:06 +0300] "-" 408 - "-" "-"
63.143.42.251 - - [05/Apr/2020:05:14:52 +0300] "HEAD / HTTP/1.1" 302 - "http://cito.mgsu.ru/" "Mozilla/5.0+(compatible; UptimeRobot/2.0; http://www.uptimerobot.com/)"
104.236.216.73 - - [05/Apr/2020:05:17:14 +0300] "HEAD / HTTP/1.1" 302 - "-" "downnotifier.com monitoring"
63.143.42.251 - - [05/Apr/2020:05:19:53 +0300] "HEAD / HTTP/1.1" 302 - "http://cito.mgsu.ru/" "Mozilla/5.0+(compatible; UptimeRobot/2.0; http://www.uptimerobot.com/)"
46.229.168.129 - - [05/Apr/2020:05:23:34 +0300] "GET /robots.txt HTTP/1.1" 302 293 "-" "Mozilla/5.0 (compatible; SemrushBot/6~bl; +http://www.semrush.com/bot.html)"
46.229.168.141 - - [05/Apr/2020:05:23:35 +0300] "GET /?page_id=m8801&page_id=m8801 HTTP/1.1" 302 315 "-" "Mozilla/5.0 (compatible; SemrushBot/6~bl; +http://www.semrush.com/bot.html)"
63.143.42.251 - - [05/Apr/2020:05:24:52 +0300] "HEAD / HTTP/1.1" 302 - "http://cito.mgsu.ru/" "Mozilla/5.0+(compatible; UptimeRobot/2.0; http://www.uptimerobot.com/)"
40.77.167.141 - - [05/Apr/2020:05:25:15 +0300] "GET /dist/PKP2/7Orgprov/%CE%F0%E3%E0%ED%E8%E7%E0%F6%E8%FF%20%E8%20%EF%F0%EE%E2%E5%E4%E5%ED%E8%E5%20%EF%EE%E4%F0%FF%E4%ED%FB%F5%20%F2%EE%F0%E3%EE%E2/Page152.files/image002.gif HTTP/1.1" 302 448 "-" "Mozilla/5.0 (compatible; bingbot/2.0; +http://www.bing.com/bingbot.htm)"
144.217.199.143 - - [05/Apr/2020:05:25:29 +0300] "GET login.cgi HTTP/1.1" 400 301 "-" "-"
213.87.131.79 - - [05/Apr/2020:05:26:47 +0300] "GET /upload/files/mgsulogo1-1921.png HTTP/1.1" 302 314 "-" "Mozilla/5.0 (iPhone; CPU iPhone OS 13_1_3 like Mac OS X) AppleWebKit/605.1.15 (KHTML, like Gecko) Mobile/15E148"
114.119.166.3 - - [05/Apr/2020:05:29:12 +0300] "GET /robots.txt HTTP/1.1" 302 293 "-" "Mozilla/5.0 (Linux; Android 7.0;) AppleWebKit/537.36 (KHTML, like Gecko) Mobile Safari/537.36 (compatible; AspiegelBot)"
63.143.42.251 - - [05/Apr/2020:05:29:52 +0300] "HEAD / HTTP/1.1" 302 - "http://cito.mgsu.ru/" "Mozilla/5.0+(compatible; UptimeRobot/2.0; http://www.uptimerobot.com/)"
66.102.9.79 - - [05/Apr/2020:05:34:11 +0300] "GET /upload/files/mgsulogo1-1921.png HTTP/1.1" 302 314 "-" "Mozilla/5.0 (Windows NT 5.1; rv:11.0) Gecko Firefox/11.0 (via ggpht.com GoogleImageProxy)"
213.24.133.162 - - [05/Apr/2020:05:34:14 +0300] "GET / HTTP/1.1" 302 283 "-" "Mozilla/5.0 (Windows NT 6.3; Win64; x64) AppleWebKit/537.36 (KHTML, like Gecko) Chrome/80.0.3987.149 Safari/537.36"
63.143.42.251 - - [05/Apr/2020:05:34:52 +0300] "HEAD / HTTP/1.1" 302 - "http://cito.mgsu.ru/" "Mozilla/5.0+(compatible; UptimeRobot/2.0; http://www.uptimerobot.com/)"
5.188.210.87 - - [05/Apr/2020:05:35:37 +0300] "GET /forum.php HTTP/1.0" 302 296 "http://www.do.mgsu.ru/forum.php" "Mozilla/5.0 (Windows NT 6.1; Win64; x64) AppleWebKit/537.36 (KHTML, like Gecko) Chrome/67.0.3396.87 Safari/537.36 OPR/54.0.2952.54"
63.143.42.251 - - [05/Apr/2020:05:39:53 +0300] "HEAD / HTTP/1.1" 302 - "http://cito.mgsu.ru/" "Mozilla/5.0+(compatible; UptimeRobot/2.0; http://www.uptimerobot.com/)"
63.143.42.251 - - [05/Apr/2020:05:44:53 +0300] "HEAD / HTTP/1.1" 302 - "http://cito.mgsu.ru/" "Mozilla/5.0+(compatible; UptimeRobot/2.0; http://www.uptimerobot.com/)"
197.54.13.209 - - [05/Apr/2020:05:47:11 +0300] "GET / HTTP/1.1" 302 288 "-" "Mozilla/5.0 (Windows NT 6.1; WOW64) AppleWebKit/537.36 (KHTML, like Gecko) Chrome/52.0.2743.116 Safari/537.36"
37.97.137.40 - - [05/Apr/2020:05:47:12 +0300] "HEAD / HTTP/1.1" 302 - "-" "downnotifier.com monitoring"
63.143.42.251 - - [05/Apr/2020:05:49:53 +0300] "HEAD / HTTP/1.1" 302 - "http://cito.mgsu.ru/" "Mozilla/5.0+(compatible; UptimeRobot/2.0; http://www.uptimerobot.com/)"
5.248.224.61 - - [05/Apr/2020:05:54:19 +0300] "GET / HTTP/1.0" 302 279 "http://do.mgsu.ru/" "Mozilla/5.0 (Windows NT 10.0; Win64; x64) AppleWebKit/537.36 (KHTML, like Gecko) Chrome/68.0.3440.75 Safari/537.36"
63.143.42.251 - - [05/Apr/2020:05:54:53 +0300] "HEAD / HTTP/1.1" 302 - "http://cito.mgsu.ru/" "Mozilla/5.0+(compatible; UptimeRobot/2.0; http://www.uptimerobot.com/)"
63.143.42.251 - - [05/Apr/2020:05:59:53 +0300] "HEAD / HTTP/1.1" 302 - "http://cito.mgsu.ru/" "Mozilla/5.0+(compatible; UptimeRobot/2.0; http://www.uptimerobot.com/)"
5.188.210.87 - - [05/Apr/2020:06:02:56 +0300] "GET /forum.php HTTP/1.0" 302 296 "http://www.do.mgsu.ru/forum.php" "Mozilla/5.0 (Windows NT 6.3; Win64; x64) AppleWebKit/537.36 (KHTML, like Gecko) Chrome/65.0.3325.146 Safari/537.36"
37.49.226.4 - - [05/Apr/2020:06:03:03 +0300] "GET login.cgi HTTP/1.1" 400 301 "-" "-"
63.143.42.251 - - [05/Apr/2020:06:04:53 +0300] "HEAD / HTTP/1.1" 302 - "http://cito.mgsu.ru/" "Mozilla/5.0+(compatible; UptimeRobot/2.0; http://www.uptimerobot.com/)"
63.143.42.251 - - [05/Apr/2020:06:09:52 +0300] "HEAD / HTTP/1.1" 302 - "http://cito.mgsu.ru/" "Mozilla/5.0+(compatible; UptimeRobot/2.0; http://www.uptimerobot.com/)"
216.244.66.202 - - [05/Apr/2020:06:10:04 +0300] "GET /robots.txt HTTP/1.1" 302 297 "-" "Mozilla/5.0 (compatible; DotBot/1.1; http://www.opensiteexplorer.org/dotbot, help@moz.com)"
195.231.8.141 - - [05/Apr/2020:06:12:00 +0300] "GET login.cgi HTTP/1.1" 400 301 "-" "-"
66.249.65.195 - - [05/Apr/2020:06:12:06 +0300] "GET /robots.txt HTTP/1.1" 302 293 "-" "Mozilla/5.0 (compatible; Googlebot/2.1; +http://www.google.com/bot.html)"
66.249.65.199 - - [05/Apr/2020:06:12:07 +0300] "GET /language/lang/Eng HTTP/1.1" 302 300 "-" "Mozilla/5.0 (Linux; Android 6.0.1; Nexus 5X Build/MMB29P) AppleWebKit/537.36 (KHTML, like Gecko) Chrome/41.0.2272.96 Mobile Safari/537.36 (compatible; Googlebot/2.1; +http://www.google.com/bot.html)"
63.143.42.251 - - [05/Apr/2020:06:14:52 +0300] "HEAD / HTTP/1.1" 302 - "http://cito.mgsu.ru/" "Mozilla/5.0+(compatible; UptimeRobot/2.0; http://www.uptimerobot.com/)"
139.59.109.12 - - [05/Apr/2020:06:17:10 +0300] "HEAD / HTTP/1.1" 302 - "-" "downnotifier.com monitoring"
95.163.255.84 - - [05/Apr/2020:06:19:44 +0300] "GET /robots.txt HTTP/1.0" 302 293 "-" "Mozilla/5.0 (compatible; Linux x86_64; Mail.RU_Bot/2.0; +http://go.mail.ru/help/robots)"
95.163.255.86 - - [05/Apr/2020:06:19:46 +0300] "GET /forum.php?category=250 HTTP/1.1" 302 305 "-" "Mozilla/5.0 (compatible; Linux x86_64; Mail.RU_Bot/2.0; +http://go.mail.ru/help/robots)"
63.143.42.251 - - [05/Apr/2020:06:19:53 +0300] "HEAD / HTTP/1.1" 302 - "http://cito.mgsu.ru/" "Mozilla/5.0+(compatible; UptimeRobot/2.0; http://www.uptimerobot.com/)"
95.163.255.84 - - [05/Apr/2020:06:21:44 +0300] "GET /news/index/index/subject_id/0 HTTP/1.1" 302 312 "-" "Mozilla/5.0 (compatible; Linux x86_64; Mail.RU_Bot/2.0; +http://go.mail.ru/help/robots)"
195.91.216.180 - - [05/Apr/2020:06:22:50 +0300] "GET /upload/files/Kuratory_foto/Julya_.jpg HTTP/1.1" 302 320 "-" "Mozilla/5.0 (Windows NT 10.0; Win64; x64) AppleWebKit/537.36 (KHTML, like Gecko) Chrome/80.0.3987.149 Safari/537.36"
195.91.216.180 - - [05/Apr/2020:06:22:51 +0300] "GET /upload/files/zadolgn_2018.jpg HTTP/1.1" 302 312 "-" "Mozilla/5.0 (Windows NT 10.0; Win64; x64) AppleWebKit/537.36 (KHTML, like Gecko) Chrome/80.0.3987.149 Safari/537.36"
195.91.216.180 - - [05/Apr/2020:06:22:51 +0300] "GET /upload/files/personal-folders/167/inf_v.jpg HTTP/1.1" 302 326 "-" "Mozilla/5.0 (Windows NT 10.0; Win64; x64) AppleWebKit/537.36 (KHTML, like Gecko) Chrome/80.0.3987.149 Safari/537.36"
195.91.216.180 - - [05/Apr/2020:06:22:51 +0300] "GET /upload/files/rub_kontrl2.jpg HTTP/1.1" 302 311 "-" "Mozilla/5.0 (Windows NT 10.0; Win64; x64) AppleWebKit/537.36 (KHTML, like Gecko) Chrome/80.0.3987.149 Safari/537.36"
195.91.216.180 - - [05/Apr/2020:06:22:51 +0300] "GET /upload/files/Kuratory_foto/Antonova_E_P_1.jpg HTTP/1.1" 302 328 "-" "Mozilla/5.0 (Windows NT 10.0; Win64; x64) AppleWebKit/537.36 (KHTML, like Gecko) Chrome/80.0.3987.149 Safari/537.36"
195.91.216.180 - - [05/Apr/2020:06:22:51 +0300] "GET /upload/files/Kuratory_foto/Xoxlova-2.jpg HTTP/1.1" 302 323 "-" "Mozilla/5.0 (Windows NT 10.0; Win64; x64) AppleWebKit/537.36 (KHTML, like Gecko) Chrome/80.0.3987.149 Safari/537.36"
195.91.216.180 - - [05/Apr/2020:06:22:51 +0300] "GET /upload/files/rub_kontrl.jpg HTTP/1.1" 302 310 "-" "Mozilla/5.0 (Windows NT 10.0; Win64; x64) AppleWebKit/537.36 (KHTML, like Gecko) Chrome/80.0.3987.149 Safari/537.36"
195.91.216.180 - - [05/Apr/2020:06:22:51 +0300] "GET /upload/files/oplata.gif HTTP/1.1" 302 306 "-" "Mozilla/5.0 (Windows NT 10.0; Win64; x64) AppleWebKit/537.36 (KHTML, like Gecko) Chrome/80.0.3987.149 Safari/537.36"
195.91.216.180 - - [05/Apr/2020:06:22:51 +0300] "GET /upload/files/pod_st_ob.jpg HTTP/1.1" 302 309 "-" "Mozilla/5.0 (Windows NT 10.0; Win64; x64) AppleWebKit/537.36 (KHTML, like Gecko) Chrome/80.0.3987.149 Safari/537.36"
195.91.216.180 - - [05/Apr/2020:06:22:51 +0300] "GET /upload/files/sessia_ido_rs.jpg HTTP/1.1" 302 313 "-" "Mozilla/5.0 (Windows NT 10.0; Win64; x64) AppleWebKit/537.36 (KHTML, like Gecko) Chrome/80.0.3987.149 Safari/537.36"
195.91.216.180 - - [05/Apr/2020:06:22:51 +0300] "GET /upload/files/kons_ses.jpg HTTP/1.1" 302 308 "-" "Mozilla/5.0 (Windows NT 10.0; Win64; x64) AppleWebKit/537.36 (KHTML, like Gecko) Chrome/80.0.3987.149 Safari/537.36"
195.91.216.180 - - [05/Apr/2020:06:22:51 +0300] "GET /upload/files/novost_lekcii_1.jpg HTTP/1.1" 302 315 "-" "Mozilla/5.0 (Windows NT 10.0; Win64; x64) AppleWebKit/537.36 (KHTML, like Gecko) Chrome/80.0.3987.149 Safari/537.36"
195.91.216.180 - - [05/Apr/2020:06:22:51 +0300] "GET /upload/files/mgsusmogu.png HTTP/1.1" 302 309 "-" "Mozilla/5.0 (Windows NT 10.0; Win64; x64) AppleWebKit/537.36 (KHTML, like Gecko) Chrome/80.0.3987.149 Safari/537.36"
195.91.216.180 - - [05/Apr/2020:06:22:51 +0300] "GET /upload/files/Kons_2018.jpg HTTP/1.1" 302 309 "-" "Mozilla/5.0 (Windows NT 10.0; Win64; x64) AppleWebKit/537.36 (KHTML, like Gecko) Chrome/80.0.3987.149 Safari/537.36"
195.91.216.180 - - [05/Apr/2020:06:22:51 +0300] "GET /upload/files/RK_2018.jpg HTTP/1.1" 302 307 "-" "Mozilla/5.0 (Windows NT 10.0; Win64; x64) AppleWebKit/537.36 (KHTML, like Gecko) Chrome/80.0.3987.149 Safari/537.36"
195.91.216.180 - - [05/Apr/2020:06:22:52 +0300] "GET /upload/files/inf_stoim.jpg HTTP/1.1" 302 309 "-" "Mozilla/5.0 (Windows NT 10.0; Win64; x64) AppleWebKit/537.36 (KHTML, like Gecko) Chrome/80.0.3987.149 Safari/537.36"
195.91.216.180 - - [05/Apr/2020:06:22:52 +0300] "GET /upload/files/ust_lekc.jpg HTTP/1.1" 302 308 "-" "Mozilla/5.0 (Windows NT 10.0; Win64; x64) AppleWebKit/537.36 (KHTML, like Gecko) Chrome/80.0.3987.149 Safari/537.36"
195.91.216.180 - - [05/Apr/2020:06:22:52 +0300] "GET /upload/files/gtaff_UP.jpg HTTP/1.1" 302 308 "-" "Mozilla/5.0 (Windows NT 10.0; Win64; x64) AppleWebKit/537.36 (KHTML, like Gecko) Chrome/80.0.3987.149 Safari/537.36"
195.91.216.180 - - [05/Apr/2020:06:22:52 +0300] "GET /upload/files/praktika_2017.jpg HTTP/1.1" 302 313 "-" "Mozilla/5.0 (Windows NT 10.0; Win64; x64) AppleWebKit/537.36 (KHTML, like Gecko) Chrome/80.0.3987.149 Safari/537.36"
195.91.216.180 - - [05/Apr/2020:06:22:52 +0300] "GET /upload/files/ses_2_2.jpg HTTP/1.1" 302 307 "-" "Mozilla/5.0 (Windows NT 10.0; Win64; x64) AppleWebKit/537.36 (KHTML, like Gecko) Chrome/80.0.3987.149 Safari/537.36"
195.91.216.180 - - [05/Apr/2020:06:22:52 +0300] "GET /upload/files/vazhnaya_info_01.jpg HTTP/1.1" 302 316 "-" "Mozilla/5.0 (Windows NT 10.0; Win64; x64) AppleWebKit/537.36 (KHTML, like Gecko) Chrome/80.0.3987.149 Safari/537.36"
195.91.216.180 - - [05/Apr/2020:06:22:52 +0300] "GET /upload/files/zadolgn.jpg HTTP/1.1" 302 307 "-" "Mozilla/5.0 (Windows NT 10.0; Win64; x64) AppleWebKit/537.36 (KHTML, like Gecko) Chrome/80.0.3987.149 Safari/537.36"
195.91.216.180 - - [05/Apr/2020:06:22:52 +0300] "GET /upload/files/pictures/info.jpg HTTP/1.1" 302 313 "-" "Mozilla/5.0 (Windows NT 10.0; Win64; x64) AppleWebKit/537.36 (KHTML, like Gecko) Chrome/80.0.3987.149 Safari/537.36"
195.91.216.180 - - [05/Apr/2020:06:22:52 +0300] "GET /upload/files/personal-folders/167/SB.jpg HTTP/1.1" 302 331 "-" "Mozilla/5.0 (Windows NT 10.0; Win64; x64) AppleWebKit/537.36 (KHTML, like Gecko) Chrome/80.0.3987.149 Safari/537.36"
195.91.216.180 - - [05/Apr/2020:06:22:52 +0300] "GET /upload/files/pictures/sessiya.jpg HTTP/1.1" 302 316 "-" "Mozilla/5.0 (Windows NT 10.0; Win64; x64) AppleWebKit/537.36 (KHTML, like Gecko) Chrome/80.0.3987.149 Safari/537.36"
40.77.167.43 - - [05/Apr/2020:06:22:52 +0300] "GET /subject/index/card/subject_id/628 HTTP/1.1" 302 316 "-" "Mozilla/5.0 (compatible; bingbot/2.0; +http://www.bing.com/bingbot.htm)"
195.91.216.180 - - [05/Apr/2020:06:22:52 +0300] "GET /upload/files/personal-folders/167/alert.jpg HTTP/1.1" 302 326 "-" "Mozilla/5.0 (Windows NT 10.0; Win64; x64) AppleWebKit/537.36 (KHTML, like Gecko) Chrome/80.0.3987.149 Safari/537.36"
195.91.216.180 - - [05/Apr/2020:06:22:52 +0300] "GET /upload/files/org_sobr.jpg HTTP/1.1" 302 308 "-" "Mozilla/5.0 (Windows NT 10.0; Win64; x64) AppleWebKit/537.36 (KHTML, like Gecko) Chrome/80.0.3987.149 Safari/537.36"
195.91.216.180 - - [05/Apr/2020:06:22:52 +0300] "GET /upload/files/personal-folders/Dokumenty_k_praktike/Praktika.png HTTP/1.1" 302 346 "-" "Mozilla/5.0 (Windows NT 10.0; Win64; x64) AppleWebKit/537.36 (KHTML, like Gecko) Chrome/80.0.3987.149 Safari/537.36"
195.91.216.180 - - [05/Apr/2020:06:22:52 +0300] "GET /upload/files/personal-folders/167/rekv_new_3.jpg HTTP/1.1" 302 331 "-" "Mozilla/5.0 (Windows NT 10.0; Win64; x64) AppleWebKit/537.36 (KHTML, like Gecko) Chrome/80.0.3987.149 Safari/537.36"
195.91.216.180 - - [05/Apr/2020:06:22:52 +0300] "GET /upload/files/pictures/autocad-for-mac-icon.png HTTP/1.1" 302 329 "-" "Mozilla/5.0 (Windows NT 10.0; Win64; x64) AppleWebKit/537.36 (KHTML, like Gecko) Chrome/80.0.3987.149 Safari/537.36"
63.143.42.251 - - [05/Apr/2020:06:24:52 +0300] "HEAD / HTTP/1.1" 302 - "http://cito.mgsu.ru/" "Mozilla/5.0+(compatible; UptimeRobot/2.0; http://www.uptimerobot.com/)"
5.188.210.87 - - [05/Apr/2020:06:24:57 +0300] "GET /forum.php HTTP/1.0" 302 296 "http://www.do.mgsu.ru/forum.php" "Mozilla/5.0 (Windows NT 6.3; Win64; x64) AppleWebKit/537.36 (KHTML, like Gecko) Chrome/66.0.3359.181 Safari/537.36"
63.143.42.251 - - [05/Apr/2020:06:29:53 +0300] "HEAD / HTTP/1.1" 302 - "http://cito.mgsu.ru/" "Mozilla/5.0+(compatible; UptimeRobot/2.0; http://www.uptimerobot.com/)"
178.154.200.2 - - [05/Apr/2020:06:31:25 +0300] "GET /robots.txt HTTP/1.1" 302 293 "-" "Mozilla/5.0 (compatible; YandexBot/3.0; +http://yandex.com/bots)"
178.154.200.2 - - [05/Apr/2020:06:31:29 +0300] "GET /upload/files/pictures/fizkultura1.jpg HTTP/1.1" 302 320 "-" "Mozilla/5.0 (compatible; YandexImages/3.0; +http://yandex.com/bots)"
95.163.255.89 - - [05/Apr/2020:06:33:13 +0300] "GET /schedule.php4?tweek=1328779348 HTTP/1.1" 302 313 "-" "Mozilla/5.0 (compatible; Linux x86_64; Mail.RU_Bot/2.0; +http://go.mail.ru/help/robots)"
63.143.42.251 - - [05/Apr/2020:06:34:53 +0300] "HEAD / HTTP/1.1" 302 - "http://cito.mgsu.ru/" "Mozilla/5.0+(compatible; UptimeRobot/2.0; http://www.uptimerobot.com/)"
46.48.13.161 - - [05/Apr/2020:06:39:12 +0300] "GET / HTTP/1.1" 302 279 "http://x-xf.ru/www.do.mgsu.ru" "Mozilla/5.0 (Windows NT 10.0; Win64; x64) AppleWebKit/537.36 (KHTML, like Gecko) Chrome/80.0.3987.149 Safari/537.36"
63.143.42.251 - - [05/Apr/2020:06:39:53 +0300] "HEAD / HTTP/1.1" 302 - "http://cito.mgsu.ru/" "Mozilla/5.0+(compatible; UptimeRobot/2.0; http://www.uptimerobot.com/)"
195.231.8.141 - - [05/Apr/2020:06:40:25 +0300] "GET login.cgi HTTP/1.1" 400 301 "-" "-"
63.143.42.251 - - [05/Apr/2020:06:44:52 +0300] "HEAD / HTTP/1.1" 302 - "http://cito.mgsu.ru/" "Mozilla/5.0+(compatible; UptimeRobot/2.0; http://www.uptimerobot.com/)"
37.97.137.40 - - [05/Apr/2020:06:47:09 +0300] "HEAD / HTTP/1.1" 302 - "-" "downnotifier.com monitoring"
63.143.42.251 - - [05/Apr/2020:06:49:53 +0300] "HEAD / HTTP/1.1" 302 - "http://cito.mgsu.ru/" "Mozilla/5.0+(compatible; UptimeRobot/2.0; http://www.uptimerobot.com/)"
95.163.255.86 - - [05/Apr/2020:06:51:31 +0300] "GET /robots.txt HTTP/1.0" 302 289 "-" "Mozilla/5.0 (compatible; Linux x86_64; Mail.RU_Bot/2.0; +http://go.mail.ru/help/robots)"
95.163.255.83 - - [05/Apr/2020:06:51:34 +0300] "GET /subject/index/card/switcher/list/subject_id/347 HTTP/1.1" 302 326 "-" "Mozilla/5.0 (compatible; Linux x86_64; Mail.RU_Bot/2.0; +http://go.mail.ru/help/robots)"
95.163.255.89 - - [05/Apr/2020:06:51:35 +0300] "GET /subject/list/card/user_id/12125/subject_id/354 HTTP/1.1" 302 325 "-" "Mozilla/5.0 (compatible; Linux x86_64; Mail.RU_Bot/2.0; +http://go.mail.ru/help/robots)"
95.163.255.83 - - [05/Apr/2020:06:51:42 +0300] "GET /subject/list/card/user_id/12125/subject_id/354 HTTP/1.1" 302 325 "-" "Mozilla/5.0 (compatible; Linux x86_64; Mail.RU_Bot/2.0; +http://go.mail.ru/help/robots)"
95.163.255.87 - - [05/Apr/2020:06:51:43 +0300] "GET /subject/index/card/switcher/list/subject_id/347 HTTP/1.1" 302 326 "-" "Mozilla/5.0 (compatible; Linux x86_64; Mail.RU_Bot/2.0; +http://go.mail.ru/help/robots)"
95.163.255.87 - - [05/Apr/2020:06:52:36 +0300] "GET /rep.php?page_id=m1403&type=2 HTTP/1.1" 302 315 "-" "Mozilla/5.0 (compatible; Linux x86_64; Mail.RU_Bot/2.0; +http://go.mail.ru/help/robots)"
95.163.255.83 - - [05/Apr/2020:06:52:39 +0300] "GET /COURSES/course608/media-object.htm?id=%257B93D0B77F-802E-49EA-B3F1-914B7770A81C%257D HTTP/1.1" 302 367 "-" "Mozilla/5.0 (compatible; Linux x86_64; Mail.RU_Bot/2.0; +http://go.mail.ru/help/robots)"
95.163.255.88 - - [05/Apr/2020:06:52:47 +0300] "GET /COURSES/course623/media-object.htm?id=%7B244F86B6-C8FB-4B99-8AAF-7CEA24F45236%7D HTTP/1.1" 302 363 "-" "Mozilla/5.0 (compatible; Linux x86_64; Mail.RU_Bot/2.0; +http://go.mail.ru/help/robots)"
95.163.255.87 - - [05/Apr/2020:06:52:54 +0300] "GET /subject/list/list/list-switcher/past HTTP/1.1" 302 315 "-" "Mozilla/5.0 (compatible; Linux x86_64; Mail.RU_Bot/2.0; +http://go.mail.ru/help/robots)"
95.163.255.89 - - [05/Apr/2020:06:53:01 +0300] "GET /COURSES/course608/media-object.htm?id=%25257B93D0B77F-802E-49EA-B3F1-914B7770A81C%25257D HTTP/1.1" 302 371 "-" "Mozilla/5.0 (compatible; Linux x86_64; Mail.RU_Bot/2.0; +http://go.mail.ru/help/robots)"
95.163.255.88 - - [05/Apr/2020:06:53:05 +0300] "GET /COURSES/course623/media-object.htm?id=%257B244F86B6-C8FB-4B99-8AAF-7CEA24F45236%257D HTTP/1.1" 302 367 "-" "Mozilla/5.0 (compatible; Linux x86_64; Mail.RU_Bot/2.0; +http://go.mail.ru/help/robots)"
63.143.42.251 - - [05/Apr/2020:06:54:52 +0300] "HEAD / HTTP/1.1" 302 - "http://cito.mgsu.ru/" "Mozilla/5.0+(compatible; UptimeRobot/2.0; http://www.uptimerobot.com/)"
5.188.210.87 - - [05/Apr/2020:06:56:09 +0300] "GET /forum.php HTTP/1.0" 302 296 "http://www.do.mgsu.ru/forum.php" "Mozilla/5.0 (Windows NT 10.0; Win64; x64) AppleWebKit/537.36 (KHTML, like Gecko) Chrome/58.0.3029.110 Safari/537.36 Edge/16.16299"
95.108.133.219 - - [05/Apr/2020:06:59:42 +0300] "GET / HTTP/1.1" 302 283 "-" "Mozilla/5.0 (Windows NT 6.1; WOW64) AppleWebKit/537.36 (KHTML, like Gecko) Chrome/80.0.3987.132 YaBrowser/20.3.2.242 Yowser/2.5 Safari/537.36"
63.143.42.251 - - [05/Apr/2020:06:59:52 +0300] "HEAD / HTTP/1.1" 302 - "http://cito.mgsu.ru/" "Mozilla/5.0+(compatible; UptimeRobot/2.0; http://www.uptimerobot.com/)"
95.108.141.63 - - [05/Apr/2020:07:00:43 +0300] "GET /upload/files/Kuratory_foto/Julya_.jpg HTTP/1.1" 302 320 "-" "Mozilla/5.0 (Windows NT 6.1; WOW64) AppleWebKit/537.36 (KHTML, like Gecko) Chrome/80.0.3987.132 YaBrowser/20.3.2.242 Yowser/2.5 Safari/537.36"
37.140.189.227 - - [05/Apr/2020:07:00:51 +0300] "GET /upload/files/zadolgn_2018.jpg HTTP/1.1" 302 312 "-" "Mozilla/5.0 (Windows NT 6.1; WOW64) AppleWebKit/537.36 (KHTML, like Gecko) Chrome/80.0.3987.132 YaBrowser/20.3.2.242 Yowser/2.5 Safari/537.36"
37.140.189.227 - - [05/Apr/2020:07:00:51 +0300] "GET /upload/files/personal-folders/167/SB.jpg HTTP/1.1" 302 331 "-" "Mozilla/5.0 (Windows NT 6.1; WOW64) AppleWebKit/537.36 (KHTML, like Gecko) Chrome/80.0.3987.132 YaBrowser/20.3.2.242 Yowser/2.5 Safari/537.36"
37.140.189.227 - - [05/Apr/2020:07:00:51 +0300] "GET /upload/files/personal-folders/167/inf_v.jpg HTTP/1.1" 302 326 "-" "Mozilla/5.0 (Windows NT 6.1; WOW64) AppleWebKit/537.36 (KHTML, like Gecko) Chrome/80.0.3987.132 YaBrowser/20.3.2.242 Yowser/2.5 Safari/537.36"
37.140.189.227 - - [05/Apr/2020:07:00:51 +0300] "GET /upload/files/rub_kontrl2.jpg HTTP/1.1" 302 311 "-" "Mozilla/5.0 (Windows NT 6.1; WOW64) AppleWebKit/537.36 (KHTML, like Gecko) Chrome/80.0.3987.132 YaBrowser/20.3.2.242 Yowser/2.5 Safari/537.36"
37.140.189.227 - - [05/Apr/2020:07:00:51 +0300] "GET /upload/files/rub_kontrl.jpg HTTP/1.1" 302 310 "-" "Mozilla/5.0 (Windows NT 6.1; WOW64) AppleWebKit/537.36 (KHTML, like Gecko) Chrome/80.0.3987.132 YaBrowser/20.3.2.242 Yowser/2.5 Safari/537.36"
37.140.189.227 - - [05/Apr/2020:07:00:51 +0300] "GET /upload/files/Kuratory_foto/Xoxlova-2.jpg HTTP/1.1" 302 323 "-" "Mozilla/5.0 (Windows NT 6.1; WOW64) AppleWebKit/537.36 (KHTML, like Gecko) Chrome/80.0.3987.132 YaBrowser/20.3.2.242 Yowser/2.5 Safari/537.36"
37.140.189.227 - - [05/Apr/2020:07:00:51 +0300] "GET /upload/files/Kuratory_foto/Antonova_E_P_1.jpg HTTP/1.1" 302 328 "-" "Mozilla/5.0 (Windows NT 6.1; WOW64) AppleWebKit/537.36 (KHTML, like Gecko) Chrome/80.0.3987.132 YaBrowser/20.3.2.242 Yowser/2.5 Safari/537.36"
95.108.141.63 - - [05/Apr/2020:07:00:55 +0300] "GET /upload/files/oplata.gif HTTP/1.1" 302 306 "-" "Mozilla/5.0 (Windows NT 6.1; WOW64) AppleWebKit/537.36 (KHTML, like Gecko) Chrome/80.0.3987.132 YaBrowser/20.3.2.242 Yowser/2.5 Safari/537.36"
95.108.141.63 - - [05/Apr/2020:07:00:55 +0300] "GET /upload/files/novost_lekcii_1.jpg HTTP/1.1" 302 315 "-" "Mozilla/5.0 (Windows NT 6.1; WOW64) AppleWebKit/537.36 (KHTML, like Gecko) Chrome/80.0.3987.132 YaBrowser/20.3.2.242 Yowser/2.5 Safari/537.36"
95.108.141.63 - - [05/Apr/2020:07:00:55 +0300] "GET /upload/files/sessia_ido_rs.jpg HTTP/1.1" 302 313 "-" "Mozilla/5.0 (Windows NT 6.1; WOW64) AppleWebKit/537.36 (KHTML, like Gecko) Chrome/80.0.3987.132 YaBrowser/20.3.2.242 Yowser/2.5 Safari/537.36"
95.108.141.63 - - [05/Apr/2020:07:00:55 +0300] "GET /upload/files/kons_ses.jpg HTTP/1.1" 302 308 "-" "Mozilla/5.0 (Windows NT 6.1; WOW64) AppleWebKit/537.36 (KHTML, like Gecko) Chrome/80.0.3987.132 YaBrowser/20.3.2.242 Yowser/2.5 Safari/537.36"
95.108.141.63 - - [05/Apr/2020:07:00:55 +0300] "GET /upload/files/pod_st_ob.jpg HTTP/1.1" 302 309 "-" "Mozilla/5.0 (Windows NT 6.1; WOW64) AppleWebKit/537.36 (KHTML, like Gecko) Chrome/80.0.3987.132 YaBrowser/20.3.2.242 Yowser/2.5 Safari/537.36"
95.108.141.63 - - [05/Apr/2020:07:00:56 +0300] "GET /upload/files/mgsusmogu.png HTTP/1.1" 302 309 "-" "Mozilla/5.0 (Windows NT 6.1; WOW64) AppleWebKit/537.36 (KHTML, like Gecko) Chrome/80.0.3987.132 YaBrowser/20.3.2.242 Yowser/2.5 Safari/537.36"
95.108.133.219 - - [05/Apr/2020:07:00:57 +0300] "GET /upload/files/RK_2018.jpg HTTP/1.1" 302 307 "-" "Mozilla/5.0 (Windows NT 6.1; WOW64) AppleWebKit/537.36 (KHTML, like Gecko) Chrome/80.0.3987.132 YaBrowser/20.3.2.242 Yowser/2.5 Safari/537.36"
95.108.133.219 - - [05/Apr/2020:07:00:57 +0300] "GET /upload/files/Kons_2018.jpg HTTP/1.1" 302 309 "-" "Mozilla/5.0 (Windows NT 6.1; WOW64) AppleWebKit/537.36 (KHTML, like Gecko) Chrome/80.0.3987.132 YaBrowser/20.3.2.242 Yowser/2.5 Safari/537.36"
95.108.133.219 - - [05/Apr/2020:07:00:57 +0300] "GET /upload/files/ust_lekc.jpg HTTP/1.1" 302 308 "-" "Mozilla/5.0 (Windows NT 6.1; WOW64) AppleWebKit/537.36 (KHTML, like Gecko) Chrome/80.0.3987.132 YaBrowser/20.3.2.242 Yowser/2.5 Safari/537.36"
95.108.133.219 - - [05/Apr/2020:07:00:57 +0300] "GET /upload/files/inf_stoim.jpg HTTP/1.1" 302 309 "-" "Mozilla/5.0 (Windows NT 6.1; WOW64) AppleWebKit/537.36 (KHTML, like Gecko) Chrome/80.0.3987.132 YaBrowser/20.3.2.242 Yowser/2.5 Safari/537.36"
95.108.133.219 - - [05/Apr/2020:07:00:57 +0300] "GET /upload/files/gtaff_UP.jpg HTTP/1.1" 302 308 "-" "Mozilla/5.0 (Windows NT 6.1; WOW64) AppleWebKit/537.36 (KHTML, like Gecko) Chrome/80.0.3987.132 YaBrowser/20.3.2.242 Yowser/2.5 Safari/537.36"
95.108.133.219 - - [05/Apr/2020:07:00:58 +0300] "GET /upload/files/ses_2_2.jpg HTTP/1.1" 302 307 "-" "Mozilla/5.0 (Windows NT 6.1; WOW64) AppleWebKit/537.36 (KHTML, like Gecko) Chrome/80.0.3987.132 YaBrowser/20.3.2.242 Yowser/2.5 Safari/537.36"
95.108.133.219 - - [05/Apr/2020:07:00:58 +0300] "GET /upload/files/vazhnaya_info_01.jpg HTTP/1.1" 302 316 "-" "Mozilla/5.0 (Windows NT 6.1; WOW64) AppleWebKit/537.36 (KHTML, like Gecko) Chrome/80.0.3987.132 YaBrowser/20.3.2.242 Yowser/2.5 Safari/537.36"
95.108.133.219 - - [05/Apr/2020:07:00:58 +0300] "GET /upload/files/praktika_2017.jpg HTTP/1.1" 302 313 "-" "Mozilla/5.0 (Windows NT 6.1; WOW64) AppleWebKit/537.36 (KHTML, like Gecko) Chrome/80.0.3987.132 YaBrowser/20.3.2.242 Yowser/2.5 Safari/537.36"
95.108.133.219 - - [05/Apr/2020:07:00:58 +0300] "GET /upload/files/zadolgn.jpg HTTP/1.1" 302 307 "-" "Mozilla/5.0 (Windows NT 6.1; WOW64) AppleWebKit/537.36 (KHTML, like Gecko) Chrome/80.0.3987.132 YaBrowser/20.3.2.242 Yowser/2.5 Safari/537.36"
95.108.133.219 - - [05/Apr/2020:07:00:58 +0300] "GET /upload/files/pictures/info.jpg HTTP/1.1" 302 313 "-" "Mozilla/5.0 (Windows NT 6.1; WOW64) AppleWebKit/537.36 (KHTML, like Gecko) Chrome/80.0.3987.132 YaBrowser/20.3.2.242 Yowser/2.5 Safari/537.36"
95.108.133.219 - - [05/Apr/2020:07:00:59 +0300] "GET /upload/files/pictures/sessiya.jpg HTTP/1.1" 302 316 "-" "Mozilla/5.0 (Windows NT 6.1; WOW64) AppleWebKit/537.36 (KHTML, like Gecko) Chrome/80.0.3987.132 YaBrowser/20.3.2.242 Yowser/2.5 Safari/537.36"
95.108.133.219 - - [05/Apr/2020:07:00:59 +0300] "GET /upload/files/personal-folders/Dokumenty_k_praktike/Praktika.png HTTP/1.1" 302 346 "-" "Mozilla/5.0 (Windows NT 6.1; WOW64) AppleWebKit/537.36 (KHTML, like Gecko) Chrome/80.0.3987.132 YaBrowser/20.3.2.242 Yowser/2.5 Safari/537.36"
95.108.133.219 - - [05/Apr/2020:07:00:59 +0300] "GET /upload/files/org_sobr.jpg HTTP/1.1" 302 308 "-" "Mozilla/5.0 (Windows NT 6.1; WOW64) AppleWebKit/537.36 (KHTML, like Gecko) Chrome/80.0.3987.132 YaBrowser/20.3.2.242 Yowser/2.5 Safari/537.36"
95.108.133.219 - - [05/Apr/2020:07:00:59 +0300] "GET /upload/files/personal-folders/167/alert.jpg HTTP/1.1" 302 326 "-" "Mozilla/5.0 (Windows NT 6.1; WOW64) AppleWebKit/537.36 (KHTML, like Gecko) Chrome/80.0.3987.132 YaBrowser/20.3.2.242 Yowser/2.5 Safari/537.36"
95.108.133.219 - - [05/Apr/2020:07:01:00 +0300] "GET /upload/files/personal-folders/167/rekv_new_3.jpg HTTP/1.1" 302 331 "-" "Mozilla/5.0 (Windows NT 6.1; WOW64) AppleWebKit/537.36 (KHTML, like Gecko) Chrome/80.0.3987.132 YaBrowser/20.3.2.242 Yowser/2.5 Safari/537.36"
95.108.133.219 - - [05/Apr/2020:07:01:00 +0300] "GET /upload/files/pictures/autocad-for-mac-icon.png HTTP/1.1" 302 329 "-" "Mozilla/5.0 (Windows NT 6.1; WOW64) AppleWebKit/537.36 (KHTML, like Gecko) Chrome/80.0.3987.132 YaBrowser/20.3.2.242 Yowser/2.5 Safari/537.36"
63.143.42.251 - - [05/Apr/2020:07:04:53 +0300] "HEAD / HTTP/1.1" 302 - "http://cito.mgsu.ru/" "Mozilla/5.0+(compatible; UptimeRobot/2.0; http://www.uptimerobot.com/)"
46.188.98.10 - - [05/Apr/2020:07:09:31 +0300] "GET / HTTP/1.0" 302 279 "http://do.mgsu.ru/" "Mozilla/5.0 (Windows NT 6.3; Win64; x64) AppleWebKit/537.36 (KHTML, like Gecko) Chrome/68.0.3440.84 Safari/537.36"
63.143.42.251 - - [05/Apr/2020:07:09:53 +0300] "HEAD / HTTP/1.1" 302 - "http://cito.mgsu.ru/" "Mozilla/5.0+(compatible; UptimeRobot/2.0; http://www.uptimerobot.com/)"
178.17.170.105 - - [05/Apr/2020:07:10:41 +0300] "GET / HTTP/1.1" 302 283 "-" "Mozilla/5.0 (Windows NT 10.0; rv:68.0) Gecko/20100101 Firefox/68.0"
37.147.96.2 - - [05/Apr/2020:07:11:31 +0300] "GET / HTTP/1.1" 302 283 "http://ido.mgsu.ru/universityabout/Struktura/Instituti/IDO/" "Mozilla/5.0 (Windows NT 6.1; WOW64) AppleWebKit/537.36 (KHTML, like Gecko) Chrome/80.0.3987.149 Safari/537.36"
37.147.96.2 - - [05/Apr/2020:07:12:04 +0300] "GET /upload/files/Kuratory_foto/Julya_.jpg HTTP/1.1" 302 320 "-" "Mozilla/5.0 (Windows NT 6.1; WOW64) AppleWebKit/537.36 (KHTML, like Gecko) Chrome/80.0.3987.149 Safari/537.36"
37.147.96.2 - - [05/Apr/2020:07:12:05 +0300] "GET /upload/files/Kuratory_foto/Antonova_E_P_1.jpg HTTP/1.1" 302 328 "-" "Mozilla/5.0 (Windows NT 6.1; WOW64) AppleWebKit/537.36 (KHTML, like Gecko) Chrome/80.0.3987.149 Safari/537.36"
37.147.96.2 - - [05/Apr/2020:07:12:05 +0300] "GET /upload/files/Kuratory_foto/Xoxlova-2.jpg HTTP/1.1" 302 323 "-" "Mozilla/5.0 (Windows NT 6.1; WOW64) AppleWebKit/537.36 (KHTML, like Gecko) Chrome/80.0.3987.149 Safari/537.36"
178.17.170.105 - - [05/Apr/2020:07:12:38 +0300] "GET /upload/files/Kuratory_foto/Xoxlova-2.jpg HTTP/1.1" 302 323 "-" "Mozilla/5.0 (Windows NT 10.0; rv:68.0) Gecko/20100101 Firefox/68.0"
178.17.170.105 - - [05/Apr/2020:07:12:38 +0300] "GET /upload/files/Kuratory_foto/Julya_.jpg HTTP/1.1" 302 320 "-" "Mozilla/5.0 (Windows NT 10.0; rv:68.0) Gecko/20100101 Firefox/68.0"
178.17.170.105 - - [05/Apr/2020:07:12:38 +0300] "GET /upload/files/Kuratory_foto/Antonova_E_P_1.jpg HTTP/1.1" 302 328 "-" "Mozilla/5.0 (Windows NT 10.0; rv:68.0) Gecko/20100101 Firefox/68.0"
178.17.170.105 - - [05/Apr/2020:07:12:39 +0300] "GET /upload/files/personal-folders/167/inf_v.jpg HTTP/1.1" 302 326 "-" "Mozilla/5.0 (Windows NT 10.0; rv:68.0) Gecko/20100101 Firefox/68.0"
178.17.170.105 - - [05/Apr/2020:07:12:39 +0300] "GET /upload/files/personal-folders/167/SB.jpg HTTP/1.1" 302 331 "-" "Mozilla/5.0 (Windows NT 10.0; rv:68.0) Gecko/20100101 Firefox/68.0"
178.17.170.105 - - [05/Apr/2020:07:12:39 +0300] "GET /upload/files/rub_kontrl2.jpg HTTP/1.1" 302 311 "-" "Mozilla/5.0 (Windows NT 10.0; rv:68.0) Gecko/20100101 Firefox/68.0"
199.249.230.106 - - [05/Apr/2020:07:14:11 +0300] "GET / HTTP/1.1" 302 283 "-" "Mozilla/5.0 (Windows NT 10.0; rv:68.0) Gecko/20100101 Firefox/68.0"
63.143.42.251 - - [05/Apr/2020:07:14:53 +0300] "HEAD / HTTP/1.1" 302 - "http://cito.mgsu.ru/" "Mozilla/5.0+(compatible; UptimeRobot/2.0; http://www.uptimerobot.com/)"
199.249.230.106 - - [05/Apr/2020:07:15:14 +0300] "GET /upload/files/rub_kontrl2.jpg HTTP/1.1" 302 311 "-" "Mozilla/5.0 (Windows NT 10.0; rv:68.0) Gecko/20100101 Firefox/68.0"
199.249.230.106 - - [05/Apr/2020:07:15:14 +0300] "GET /upload/files/zadolgn_2018.jpg HTTP/1.1" 302 312 "-" "Mozilla/5.0 (Windows NT 10.0; rv:68.0) Gecko/20100101 Firefox/68.0"
199.249.230.106 - - [05/Apr/2020:07:15:14 +0300] "GET /upload/files/Kuratory_foto/Antonova_E_P_1.jpg HTTP/1.1" 302 328 "-" "Mozilla/5.0 (Windows NT 10.0; rv:68.0) Gecko/20100101 Firefox/68.0"
199.249.230.106 - - [05/Apr/2020:07:15:14 +0300] "GET /upload/files/personal-folders/167/inf_v.jpg HTTP/1.1" 302 326 "-" "Mozilla/5.0 (Windows NT 10.0; rv:68.0) Gecko/20100101 Firefox/68.0"
199.249.230.106 - - [05/Apr/2020:07:15:14 +0300] "GET /upload/files/Kuratory_foto/Julya_.jpg HTTP/1.1" 302 320 "-" "Mozilla/5.0 (Windows NT 10.0; rv:68.0) Gecko/20100101 Firefox/68.0"
199.249.230.106 - - [05/Apr/2020:07:15:14 +0300] "GET /upload/files/Kuratory_foto/Xoxlova-2.jpg HTTP/1.1" 302 323 "-" "Mozilla/5.0 (Windows NT 10.0; rv:68.0) Gecko/20100101 Firefox/68.0"
199.249.230.106 - - [05/Apr/2020:07:15:14 +0300] "GET /upload/files/personal-folders/167/SB.jpg HTTP/1.1" 302 331 "-" "Mozilla/5.0 (Windows NT 10.0; rv:68.0) Gecko/20100101 Firefox/68.0"
199.249.230.106 - - [05/Apr/2020:07:15:15 +0300] "GET /upload/files/rub_kontrl.jpg HTTP/1.1" 302 310 "-" "Mozilla/5.0 (Windows NT 10.0; rv:68.0) Gecko/20100101 Firefox/68.0"
199.249.230.106 - - [05/Apr/2020:07:15:15 +0300] "GET /upload/files/oplata.gif HTTP/1.1" 302 306 "-" "Mozilla/5.0 (Windows NT 10.0; rv:68.0) Gecko/20100101 Firefox/68.0"
199.249.230.106 - - [05/Apr/2020:07:15:15 +0300] "GET /upload/files/pod_st_ob.jpg HTTP/1.1" 302 309 "-" "Mozilla/5.0 (Windows NT 10.0; rv:68.0) Gecko/20100101 Firefox/68.0"
185.220.101.199 - - [05/Apr/2020:07:16:28 +0300] "GET / HTTP/1.1" 302 283 "-" "Mozilla/5.0 (Windows NT 10.0; rv:68.0) Gecko/20100101 Firefox/68.0"
139.59.109.12 - - [05/Apr/2020:07:17:08 +0300] "HEAD / HTTP/1.1" 302 - "-" "downnotifier.com monitoring"
185.220.101.199 - - [05/Apr/2020:07:17:17 +0300] "GET /upload/files/Kuratory_foto/Xoxlova-2.jpg HTTP/1.1" 302 323 "-" "Mozilla/5.0 (Windows NT 10.0; rv:68.0) Gecko/20100101 Firefox/68.0"
185.220.101.199 - - [05/Apr/2020:07:17:17 +0300] "GET /upload/files/Kuratory_foto/Julya_.jpg HTTP/1.1" 302 320 "-" "Mozilla/5.0 (Windows NT 10.0; rv:68.0) Gecko/20100101 Firefox/68.0"
185.220.101.199 - - [05/Apr/2020:07:17:17 +0300] "GET /upload/files/Kuratory_foto/Antonova_E_P_1.jpg HTTP/1.1" 302 328 "-" "Mozilla/5.0 (Windows NT 10.0; rv:68.0) Gecko/20100101 Firefox/68.0"
185.220.101.199 - - [05/Apr/2020:07:17:17 +0300] "GET /upload/files/personal-folders/167/inf_v.jpg HTTP/1.1" 302 326 "-" "Mozilla/5.0 (Windows NT 10.0; rv:68.0) Gecko/20100101 Firefox/68.0"
185.220.101.199 - - [05/Apr/2020:07:17:17 +0300] "GET /upload/files/personal-folders/167/SB.jpg HTTP/1.1" 302 331 "-" "Mozilla/5.0 (Windows NT 10.0; rv:68.0) Gecko/20100101 Firefox/68.0"
185.220.101.199 - - [05/Apr/2020:07:17:17 +0300] "GET /upload/files/rub_kontrl2.jpg HTTP/1.1" 302 311 "-" "Mozilla/5.0 (Windows NT 10.0; rv:68.0) Gecko/20100101 Firefox/68.0"
185.220.101.199 - - [05/Apr/2020:07:17:17 +0300] "GET /upload/files/rub_kontrl.jpg HTTP/1.1" 302 310 "-" "Mozilla/5.0 (Windows NT 10.0; rv:68.0) Gecko/20100101 Firefox/68.0"
185.220.101.199 - - [05/Apr/2020:07:17:17 +0300] "GET /upload/files/oplata.gif HTTP/1.1" 302 306 "-" "Mozilla/5.0 (Windows NT 10.0; rv:68.0) Gecko/20100101 Firefox/68.0"
185.220.101.199 - - [05/Apr/2020:07:17:18 +0300] "GET /upload/files/kons_ses.jpg HTTP/1.1" 302 308 "-" "Mozilla/5.0 (Windows NT 10.0; rv:68.0) Gecko/20100101 Firefox/68.0"
185.220.101.199 - - [05/Apr/2020:07:17:18 +0300] "GET /upload/files/pod_st_ob.jpg HTTP/1.1" 302 309 "-" "Mozilla/5.0 (Windows NT 10.0; rv:68.0) Gecko/20100101 Firefox/68.0"
185.220.101.199 - - [05/Apr/2020:07:17:18 +0300] "GET /upload/files/mgsusmogu.png HTTP/1.1" 302 309 "-" "Mozilla/5.0 (Windows NT 10.0; rv:68.0) Gecko/20100101 Firefox/68.0"
185.220.103.5 - - [05/Apr/2020:07:18:00 +0300] "GET / HTTP/1.1" 302 283 "-" "Mozilla/5.0 (Windows NT 10.0; rv:68.0) Gecko/20100101 Firefox/68.0"
185.220.103.5 - - [05/Apr/2020:07:19:04 +0300] "GET /upload/files/Kuratory_foto/Xoxlova-2.jpg HTTP/1.1" 302 323 "-" "Mozilla/5.0 (Windows NT 10.0; rv:68.0) Gecko/20100101 Firefox/68.0"
185.220.103.5 - - [05/Apr/2020:07:19:04 +0300] "GET /upload/files/rub_kontrl2.jpg HTTP/1.1" 302 311 "-" "Mozilla/5.0 (Windows NT 10.0; rv:68.0) Gecko/20100101 Firefox/68.0"
185.220.103.5 - - [05/Apr/2020:07:19:04 +0300] "GET /upload/files/zadolgn_2018.jpg HTTP/1.1" 302 312 "-" "Mozilla/5.0 (Windows NT 10.0; rv:68.0) Gecko/20100101 Firefox/68.0"
185.220.103.5 - - [05/Apr/2020:07:19:04 +0300] "GET /upload/files/Kuratory_foto/Antonova_E_P_1.jpg HTTP/1.1" 302 328 "-" "Mozilla/5.0 (Windows NT 10.0; rv:68.0) Gecko/20100101 Firefox/68.0"
185.220.103.5 - - [05/Apr/2020:07:19:04 +0300] "GET /upload/files/Kuratory_foto/Julya_.jpg HTTP/1.1" 302 320 "-" "Mozilla/5.0 (Windows NT 10.0; rv:68.0) Gecko/20100101 Firefox/68.0"
185.220.103.5 - - [05/Apr/2020:07:19:04 +0300] "GET /upload/files/personal-folders/167/inf_v.jpg HTTP/1.1" 302 326 "-" "Mozilla/5.0 (Windows NT 10.0; rv:68.0) Gecko/20100101 Firefox/68.0"
185.220.103.5 - - [05/Apr/2020:07:19:04 +0300] "GET /upload/files/personal-folders/167/SB.jpg HTTP/1.1" 302 331 "-" "Mozilla/5.0 (Windows NT 10.0; rv:68.0) Gecko/20100101 Firefox/68.0"
185.220.103.5 - - [05/Apr/2020:07:19:05 +0300] "GET /upload/files/rub_kontrl.jpg HTTP/1.1" 302 310 "-" "Mozilla/5.0 (Windows NT 10.0; rv:68.0) Gecko/20100101 Firefox/68.0"
185.220.103.5 - - [05/Apr/2020:07:19:05 +0300] "GET /upload/files/oplata.gif HTTP/1.1" 302 306 "-" "Mozilla/5.0 (Windows NT 10.0; rv:68.0) Gecko/20100101 Firefox/68.0"
185.220.103.5 - - [05/Apr/2020:07:19:05 +0300] "GET /upload/files/pod_st_ob.jpg HTTP/1.1" 302 309 "-" "Mozilla/5.0 (Windows NT 10.0; rv:68.0) Gecko/20100101 Firefox/68.0"
185.69.126.205 - - [05/Apr/2020:07:19:19 +0300] "GET /upload/files/Kuratory_foto/Julya_.jpg HTTP/1.1" 302 320 "-" "Mozilla/5.0 (Windows NT 6.1) AppleWebKit/537.36 (KHTML, like Gecko) Chrome/80.0.3987.149 Safari/537.36"
185.69.126.205 - - [05/Apr/2020:07:19:20 +0300] "GET /upload/files/Kuratory_foto/Antonova_E_P_1.jpg HTTP/1.1" 302 328 "-" "Mozilla/5.0 (Windows NT 6.1) AppleWebKit/537.36 (KHTML, like Gecko) Chrome/80.0.3987.149 Safari/537.36"
