195.91.216.180 - - [29/Mar/2020:05:51:29 +0300] "GET /upload/files/inf_stoim.jpg HTTP/1.1" 302 309 "-" "Mozilla/5.0 (Windows NT 10.0; Win64; x64) AppleWebKit/537.36 (KHTML, like Gecko) Chrome/80.0.3987.149 Safari/537.36"
195.91.216.180 - - [29/Mar/2020:05:51:29 +0300] "GET /upload/files/ust_lekc.jpg HTTP/1.1" 302 308 "-" "Mozilla/5.0 (Windows NT 10.0; Win64; x64) AppleWebKit/537.36 (KHTML, like Gecko) Chrome/80.0.3987.149 Safari/537.36"
195.91.216.180 - - [29/Mar/2020:05:51:29 +0300] "GET /upload/files/gtaff_UP.jpg HTTP/1.1" 302 308 "-" "Mozilla/5.0 (Windows NT 10.0; Win64; x64) AppleWebKit/537.36 (KHTML, like Gecko) Chrome/80.0.3987.149 Safari/537.36"
195.91.216.180 - - [29/Mar/2020:05:51:29 +0300] "GET /upload/files/praktika_2017.jpg HTTP/1.1" 302 313 "-" "Mozilla/5.0 (Windows NT 10.0; Win64; x64) AppleWebKit/537.36 (KHTML, like Gecko) Chrome/80.0.3987.149 Safari/537.36"
195.91.216.180 - - [29/Mar/2020:05:51:29 +0300] "GET /upload/files/ses_2_2.jpg HTTP/1.1" 302 307 "-" "Mozilla/5.0 (Windows NT 10.0; Win64; x64) AppleWebKit/537.36 (KHTML, like Gecko) Chrome/80.0.3987.149 Safari/537.36"
195.91.216.180 - - [29/Mar/2020:05:51:29 +0300] "GET /upload/files/vazhnaya_info_01.jpg HTTP/1.1" 302 316 "-" "Mozilla/5.0 (Windows NT 10.0; Win64; x64) AppleWebKit/537.36 (KHTML, like Gecko) Chrome/80.0.3987.149 Safari/537.36"
195.91.216.180 - - [29/Mar/2020:05:51:29 +0300] "GET /upload/files/zadolgn.jpg HTTP/1.1" 302 307 "-" "Mozilla/5.0 (Windows NT 10.0; Win64; x64) AppleWebKit/537.36 (KHTML, like Gecko) Chrome/80.0.3987.149 Safari/537.36"
195.91.216.180 - - [29/Mar/2020:05:51:29 +0300] "GET /upload/files/pictures/info.jpg HTTP/1.1" 302 313 "-" "Mozilla/5.0 (Windows NT 10.0; Win64; x64) AppleWebKit/537.36 (KHTML, like Gecko) Chrome/80.0.3987.149 Safari/537.36"
195.91.216.180 - - [29/Mar/2020:05:51:29 +0300] "GET /upload/files/pictures/sessiya.jpg HTTP/1.1" 302 316 "-" "Mozilla/5.0 (Windows NT 10.0; Win64; x64) AppleWebKit/537.36 (KHTML, like Gecko) Chrome/80.0.3987.149 Safari/537.36"
195.91.216.180 - - [29/Mar/2020:05:51:29 +0300] "GET /upload/files/personal-folders/167/SB.jpg HTTP/1.1" 302 331 "-" "Mozilla/5.0 (Windows NT 10.0; Win64; x64) AppleWebKit/537.36 (KHTML, like Gecko) Chrome/80.0.3987.149 Safari/537.36"
195.91.216.180 - - [29/Mar/2020:05:51:29 +0300] "GET /upload/files/personal-folders/167/alert.jpg HTTP/1.1" 302 326 "-" "Mozilla/5.0 (Windows NT 10.0; Win64; x64) AppleWebKit/537.36 (KHTML, like Gecko) Chrome/80.0.3987.149 Safari/537.36"
195.91.216.180 - - [29/Mar/2020:05:51:29 +0300] "GET /upload/files/org_sobr.jpg HTTP/1.1" 302 308 "-" "Mozilla/5.0 (Windows NT 10.0; Win64; x64) AppleWebKit/537.36 (KHTML, like Gecko) Chrome/80.0.3987.149 Safari/537.36"
195.91.216.180 - - [29/Mar/2020:05:51:29 +0300] "GET /upload/files/personal-folders/Dokumenty_k_praktike/Praktika.png HTTP/1.1" 302 346 "-" "Mozilla/5.0 (Windows NT 10.0; Win64; x64) AppleWebKit/537.36 (KHTML, like Gecko) Chrome/80.0.3987.149 Safari/537.36"
195.91.216.180 - - [29/Mar/2020:05:51:29 +0300] "GET /upload/files/personal-folders/167/rekv_new_3.jpg HTTP/1.1" 302 331 "-" "Mozilla/5.0 (Windows NT 10.0; Win64; x64) AppleWebKit/537.36 (KHTML, like Gecko) Chrome/80.0.3987.149 Safari/537.36"
195.91.216.180 - - [29/Mar/2020:05:51:29 +0300] "GET /upload/files/pictures/autocad-for-mac-icon.png HTTP/1.1" 302 329 "-" "Mozilla/5.0 (Windows NT 10.0; Win64; x64) AppleWebKit/537.36 (KHTML, like Gecko) Chrome/80.0.3987.149 Safari/537.36"
5.188.210.87 - - [29/Mar/2020:05:52:37 +0300] "GET /forum.php HTTP/1.0" 302 296 "http://www.do.mgsu.ru/forum.php" "Mozilla/5.0 (Windows NT 5.1) AppleWebKit/537.36 (KHTML, like Gecko) Chrome/49.0.2623.112 Safari/537.36"
63.143.42.251 - - [29/Mar/2020:05:52:44 +0300] "HEAD / HTTP/1.1" 302 - "http://cito.mgsu.ru/" "Mozilla/5.0+(compatible; UptimeRobot/2.0; http://www.uptimerobot.com/)"
139.59.109.12 - - [29/Mar/2020:05:55:22 +0300] "HEAD / HTTP/1.1" 302 - "-" "downnotifier.com monitoring"
63.143.42.251 - - [29/Mar/2020:05:57:44 +0300] "HEAD / HTTP/1.1" 302 - "http://cito.mgsu.ru/" "Mozilla/5.0+(compatible; UptimeRobot/2.0; http://www.uptimerobot.com/)"
63.143.42.251 - - [29/Mar/2020:06:02:44 +0300] "HEAD / HTTP/1.1" 302 - "http://cito.mgsu.ru/" "Mozilla/5.0+(compatible; UptimeRobot/2.0; http://www.uptimerobot.com/)"
171.67.70.85 - - [29/Mar/2020:06:05:37 +0300] "GET / HTTP/1.1" 302 285 "-" "Mozilla/5.0 zgrab/0.x"
63.143.42.251 - - [29/Mar/2020:06:07:44 +0300] "HEAD / HTTP/1.1" 302 - "http://cito.mgsu.ru/" "Mozilla/5.0+(compatible; UptimeRobot/2.0; http://www.uptimerobot.com/)"
34.234.54.252 - - [29/Mar/2020:06:09:25 +0300] "GET / HTTP/1.1" 302 283 "-" "Mozilla/5.0 (Windows NT 10.0; Win64; x64) AppleWebKit/537.36 (KHTML, like Gecko) Chrome/68.0.3440.75 Safari/537.36 (compatible; SMTBot/1.0; +http://www.similartech.com/smtbot)"
34.234.54.252 - - [29/Mar/2020:06:09:26 +0300] "GET / HTTP/1.1" 302 283 "-" "Mozilla/5.0 (Windows NT 10.0; Win64; x64) AppleWebKit/537.36 (KHTML, like Gecko) Chrome/68.0.3440.75 Safari/537.36 (compatible; SMTBot/1.0; +http://www.similartech.com/smtbot)"
63.143.42.251 - - [29/Mar/2020:06:12:44 +0300] "HEAD / HTTP/1.1" 302 - "http://cito.mgsu.ru/" "Mozilla/5.0+(compatible; UptimeRobot/2.0; http://www.uptimerobot.com/)"
63.143.42.251 - - [29/Mar/2020:06:17:44 +0300] "HEAD / HTTP/1.1" 302 - "http://cito.mgsu.ru/" "Mozilla/5.0+(compatible; UptimeRobot/2.0; http://www.uptimerobot.com/)"
63.143.42.251 - - [29/Mar/2020:06:22:44 +0300] "HEAD / HTTP/1.1" 302 - "http://cito.mgsu.ru/" "Mozilla/5.0+(compatible; UptimeRobot/2.0; http://www.uptimerobot.com/)"
5.188.210.87 - - [29/Mar/2020:06:22:59 +0300] "GET /forum.php HTTP/1.0" 302 296 "http://www.do.mgsu.ru/forum.php" "Mozilla/5.0 (Windows NT 5.1) AppleWebKit/537.36 (KHTML, like Gecko) Chrome/49.0.2623.112 Safari/537.36"
155.94.172.180 - - [29/Mar/2020:06:23:54 +0300] "GET /subject/index/card/switcher/list/subject_id/1096/ HTTP/1.0" 302 332 "http://cito.mgsu.ru/" "Mozilla/5.0 (Macintosh; Intel Mac OS X 10_13_5) AppleWebKit/537.36 (KHTML, like Gecko) Chrome/67.0.3396.79 Safari/537.36"
155.94.172.180 - - [29/Mar/2020:06:23:58 +0300] "GET / HTTP/1.0" 302 283 "http://cito.mgsu.ru" "Mozilla/5.0 (Macintosh; Intel Mac OS X 10_13_5) AppleWebKit/537.36 (KHTML, like Gecko) Chrome/67.0.3396.79 Safari/537.36"
119.204.192.171 - - [29/Mar/2020:06:24:02 +0300] "GET / HTTP/1.1" 200 48601 "-" "Mozilla/5.0 (Windows NT 6.1; WOW64) AppleWebKit/537.36 (KHTML, like Gecko) Chrome/51.0.2704.103 Safari/537.36"
37.97.137.40 - - [29/Mar/2020:06:25:21 +0300] "HEAD / HTTP/1.1" 302 - "-" "downnotifier.com monitoring"
66.249.76.149 - - [29/Mar/2020:06:25:49 +0300] "GET /language/lang/Eng HTTP/1.1" 302 300 "-" "Mozilla/5.0 (Linux; Android 6.0.1; Nexus 5X Build/MMB29P) AppleWebKit/537.36 (KHTML, like Gecko) Chrome/41.0.2272.96 Mobile Safari/537.36 (compatible; Googlebot/2.1; +http://www.google.com/bot.html)"
63.143.42.251 - - [29/Mar/2020:06:27:44 +0300] "HEAD / HTTP/1.1" 302 - "http://cito.mgsu.ru/" "Mozilla/5.0+(compatible; UptimeRobot/2.0; http://www.uptimerobot.com/)"
195.231.11.108 - - [29/Mar/2020:06:29:50 +0300] "GET login.cgi HTTP/1.1" 400 301 "-" "-"
104.237.156.51 - - [29/Mar/2020:06:31:01 +0300] "GET /upload/files/Kuratory_foto/Julya_.jpg HTTP/1.1" 302 320 "-" "Mozilla/5.0 (Windows NT 6.1; Win64; x64) AppleWebKit/537.36 (KHTML, like Gecko) Chrome/80.0.3987.132 Safari/537.36"
104.237.156.51 - - [29/Mar/2020:06:31:01 +0300] "GET /upload/files/rub_kontrl2.jpg HTTP/1.1" 302 311 "-" "Mozilla/5.0 (Windows NT 6.1; Win64; x64) AppleWebKit/537.36 (KHTML, like Gecko) Chrome/80.0.3987.132 Safari/537.36"
104.237.156.51 - - [29/Mar/2020:06:31:01 +0300] "GET /upload/files/Kuratory_foto/Antonova_E_P_1.jpg HTTP/1.1" 302 328 "-" "Mozilla/5.0 (Windows NT 6.1; Win64; x64) AppleWebKit/537.36 (KHTML, like Gecko) Chrome/80.0.3987.132 Safari/537.36"
104.237.156.51 - - [29/Mar/2020:06:31:01 +0300] "GET /upload/files/Kuratory_foto/Xoxlova-2.jpg HTTP/1.1" 302 323 "-" "Mozilla/5.0 (Windows NT 6.1; Win64; x64) AppleWebKit/537.36 (KHTML, like Gecko) Chrome/80.0.3987.132 Safari/537.36"
104.237.156.51 - - [29/Mar/2020:06:31:01 +0300] "GET /upload/files/zadolgn_2018.jpg HTTP/1.1" 302 312 "-" "Mozilla/5.0 (Windows NT 6.1; Win64; x64) AppleWebKit/537.36 (KHTML, like Gecko) Chrome/80.0.3987.132 Safari/537.36"
104.237.156.51 - - [29/Mar/2020:06:31:01 +0300] "GET /upload/files/personal-folders/167/inf_v.jpg HTTP/1.1" 302 326 "-" "Mozilla/5.0 (Windows NT 6.1; Win64; x64) AppleWebKit/537.36 (KHTML, like Gecko) Chrome/80.0.3987.132 Safari/537.36"
104.237.156.51 - - [29/Mar/2020:06:31:02 +0300] "GET /upload/files/personal-folders/167/SB.jpg HTTP/1.1" 302 331 "-" "Mozilla/5.0 (Windows NT 6.1; Win64; x64) AppleWebKit/537.36 (KHTML, like Gecko) Chrome/80.0.3987.132 Safari/537.36"
104.237.156.51 - - [29/Mar/2020:06:31:02 +0300] "GET /upload/files/rub_kontrl.jpg HTTP/1.1" 302 310 "-" "Mozilla/5.0 (Windows NT 6.1; Win64; x64) AppleWebKit/537.36 (KHTML, like Gecko) Chrome/80.0.3987.132 Safari/537.36"
104.237.156.51 - - [29/Mar/2020:06:31:02 +0300] "GET /upload/files/sessia_ido_rs.jpg HTTP/1.1" 302 313 "-" "Mozilla/5.0 (Windows NT 6.1; Win64; x64) AppleWebKit/537.36 (KHTML, like Gecko) Chrome/80.0.3987.132 Safari/537.36"
104.237.156.51 - - [29/Mar/2020:06:31:02 +0300] "GET /upload/files/pod_st_ob.jpg HTTP/1.1" 302 309 "-" "Mozilla/5.0 (Windows NT 6.1; Win64; x64) AppleWebKit/537.36 (KHTML, like Gecko) Chrome/80.0.3987.132 Safari/537.36"
104.237.156.51 - - [29/Mar/2020:06:31:02 +0300] "GET /upload/files/oplata.gif HTTP/1.1" 302 306 "-" "Mozilla/5.0 (Windows NT 6.1; Win64; x64) AppleWebKit/537.36 (KHTML, like Gecko) Chrome/80.0.3987.132 Safari/537.36"
104.237.156.51 - - [29/Mar/2020:06:31:03 +0300] "GET /upload/files/kons_ses.jpg HTTP/1.1" 302 308 "-" "Mozilla/5.0 (Windows NT 6.1; Win64; x64) AppleWebKit/537.36 (KHTML, like Gecko) Chrome/80.0.3987.132 Safari/537.36"
104.237.156.51 - - [29/Mar/2020:06:31:03 +0300] "GET /upload/files/novost_lekcii_1.jpg HTTP/1.1" 302 315 "-" "Mozilla/5.0 (Windows NT 6.1; Win64; x64) AppleWebKit/537.36 (KHTML, like Gecko) Chrome/80.0.3987.132 Safari/537.36"
104.237.156.51 - - [29/Mar/2020:06:31:04 +0300] "GET /upload/files/mgsusmogu.png HTTP/1.1" 302 309 "-" "Mozilla/5.0 (Windows NT 6.1; Win64; x64) AppleWebKit/537.36 (KHTML, like Gecko) Chrome/80.0.3987.132 Safari/537.36"
104.237.156.51 - - [29/Mar/2020:06:31:04 +0300] "GET /upload/files/Kons_2018.jpg HTTP/1.1" 302 309 "-" "Mozilla/5.0 (Windows NT 6.1; Win64; x64) AppleWebKit/537.36 (KHTML, like Gecko) Chrome/80.0.3987.132 Safari/537.36"
104.237.156.51 - - [29/Mar/2020:06:31:04 +0300] "GET /upload/files/RK_2018.jpg HTTP/1.1" 302 307 "-" "Mozilla/5.0 (Windows NT 6.1; Win64; x64) AppleWebKit/537.36 (KHTML, like Gecko) Chrome/80.0.3987.132 Safari/537.36"
104.237.156.51 - - [29/Mar/2020:06:31:04 +0300] "GET /upload/files/inf_stoim.jpg HTTP/1.1" 302 309 "-" "Mozilla/5.0 (Windows NT 6.1; Win64; x64) AppleWebKit/537.36 (KHTML, like Gecko) Chrome/80.0.3987.132 Safari/537.36"
104.237.156.51 - - [29/Mar/2020:06:31:04 +0300] "GET /upload/files/ust_lekc.jpg HTTP/1.1" 302 308 "-" "Mozilla/5.0 (Windows NT 6.1; Win64; x64) AppleWebKit/537.36 (KHTML, like Gecko) Chrome/80.0.3987.132 Safari/537.36"
104.237.156.51 - - [29/Mar/2020:06:31:04 +0300] "GET /upload/files/gtaff_UP.jpg HTTP/1.1" 302 308 "-" "Mozilla/5.0 (Windows NT 6.1; Win64; x64) AppleWebKit/537.36 (KHTML, like Gecko) Chrome/80.0.3987.132 Safari/537.36"
104.237.156.51 - - [29/Mar/2020:06:31:05 +0300] "GET /upload/files/praktika_2017.jpg HTTP/1.1" 302 313 "-" "Mozilla/5.0 (Windows NT 6.1; Win64; x64) AppleWebKit/537.36 (KHTML, like Gecko) Chrome/80.0.3987.132 Safari/537.36"
104.237.156.51 - - [29/Mar/2020:06:31:05 +0300] "GET /upload/files/zadolgn.jpg HTTP/1.1" 302 307 "-" "Mozilla/5.0 (Windows NT 6.1; Win64; x64) AppleWebKit/537.36 (KHTML, like Gecko) Chrome/80.0.3987.132 Safari/537.36"
104.237.156.51 - - [29/Mar/2020:06:31:05 +0300] "GET /upload/files/vazhnaya_info_01.jpg HTTP/1.1" 302 316 "-" "Mozilla/5.0 (Windows NT 6.1; Win64; x64) AppleWebKit/537.36 (KHTML, like Gecko) Chrome/80.0.3987.132 Safari/537.36"
104.237.156.51 - - [29/Mar/2020:06:31:05 +0300] "GET /upload/files/ses_2_2.jpg HTTP/1.1" 302 307 "-" "Mozilla/5.0 (Windows NT 6.1; Win64; x64) AppleWebKit/537.36 (KHTML, like Gecko) Chrome/80.0.3987.132 Safari/537.36"
104.237.156.51 - - [29/Mar/2020:06:31:05 +0300] "GET /upload/files/pictures/info.jpg HTTP/1.1" 302 313 "-" "Mozilla/5.0 (Windows NT 6.1; Win64; x64) AppleWebKit/537.36 (KHTML, like Gecko) Chrome/80.0.3987.132 Safari/537.36"
104.237.156.51 - - [29/Mar/2020:06:31:05 +0300] "GET /upload/files/pictures/sessiya.jpg HTTP/1.1" 302 316 "-" "Mozilla/5.0 (Windows NT 6.1; Win64; x64) AppleWebKit/537.36 (KHTML, like Gecko) Chrome/80.0.3987.132 Safari/537.36"
104.237.156.51 - - [29/Mar/2020:06:31:06 +0300] "GET /upload/files/org_sobr.jpg HTTP/1.1" 302 308 "-" "Mozilla/5.0 (Windows NT 6.1; Win64; x64) AppleWebKit/537.36 (KHTML, like Gecko) Chrome/80.0.3987.132 Safari/537.36"
104.237.156.51 - - [29/Mar/2020:06:31:06 +0300] "GET /upload/files/personal-folders/167/alert.jpg HTTP/1.1" 302 326 "-" "Mozilla/5.0 (Windows NT 6.1; Win64; x64) AppleWebKit/537.36 (KHTML, like Gecko) Chrome/80.0.3987.132 Safari/537.36"
104.237.156.51 - - [29/Mar/2020:06:31:06 +0300] "GET /upload/files/personal-folders/Dokumenty_k_praktike/Praktika.png HTTP/1.1" 302 346 "-" "Mozilla/5.0 (Windows NT 6.1; Win64; x64) AppleWebKit/537.36 (KHTML, like Gecko) Chrome/80.0.3987.132 Safari/537.36"
104.237.156.51 - - [29/Mar/2020:06:31:06 +0300] "GET /upload/files/personal-folders/167/rekv_new_3.jpg HTTP/1.1" 302 331 "-" "Mozilla/5.0 (Windows NT 6.1; Win64; x64) AppleWebKit/537.36 (KHTML, like Gecko) Chrome/80.0.3987.132 Safari/537.36"
104.237.156.51 - - [29/Mar/2020:06:31:06 +0300] "GET /upload/files/pictures/autocad-for-mac-icon.png HTTP/1.1" 302 329 "-" "Mozilla/5.0 (Windows NT 6.1; Win64; x64) AppleWebKit/537.36 (KHTML, like Gecko) Chrome/80.0.3987.132 Safari/537.36"
63.143.42.251 - - [29/Mar/2020:06:32:44 +0300] "HEAD / HTTP/1.1" 302 - "http://cito.mgsu.ru/" "Mozilla/5.0+(compatible; UptimeRobot/2.0; http://www.uptimerobot.com/)"
185.37.58.0 - - [29/Mar/2020:06:33:15 +0300] "GET /subject/list/index/switcher/list?page_id=m0602&page_id=m0602 HTTP/1.1" 302 347 "-" "Mozilla/5.0 (Windows NT 6.3; Win64; x64) AppleWebKit/537.36 (KHTML, like Gecko) Chrome/80.0.3987.132 Safari/537.36 OPR/67.0.3575.97"
217.150.73.11 - - [29/Mar/2020:06:33:26 +0300] "GET / HTTP/1.1" 302 283 "-" "Mozilla/5.0 (Macintosh; Intel Mac OS X 10_14_6) AppleWebKit/605.1.15 (KHTML, like Gecko) Version/13.0.5 Safari/605.1.15"
217.150.73.11 - - [29/Mar/2020:06:33:26 +0300] "GET / HTTP/1.1" 302 283 "-" "Mozilla/5.0 (Macintosh; Intel Mac OS X 10_14_6) AppleWebKit/605.1.15 (KHTML, like Gecko) Version/13.0.5 Safari/605.1.15"
66.70.228.168 - - [29/Mar/2020:06:35:47 +0300] "GET / HTTP/1.1" 302 283 "-" "Mozilla/5.0 (Windows NT 10.0; rv:68.0) Gecko/20100101 Firefox/68.0"
66.249.76.149 - - [29/Mar/2020:06:36:08 +0300] "GET /ads.txt HTTP/1.1" 302 290 "-" "Mozilla/5.0 (compatible; Googlebot/2.1; +http://www.google.com/bot.html)"
63.143.42.251 - - [29/Mar/2020:06:37:44 +0300] "HEAD / HTTP/1.1" 302 - "http://cito.mgsu.ru/" "Mozilla/5.0+(compatible; UptimeRobot/2.0; http://www.uptimerobot.com/)"
66.70.228.168 - - [29/Mar/2020:06:38:40 +0300] "GET /upload/files/personal-folders/167/SB.jpg HTTP/1.1" 302 331 "-" "Mozilla/5.0 (Windows NT 10.0; rv:68.0) Gecko/20100101 Firefox/68.0"
66.70.228.168 - - [29/Mar/2020:06:38:40 +0300] "GET /upload/files/Kuratory_foto/Xoxlova-2.jpg HTTP/1.1" 302 323 "-" "Mozilla/5.0 (Windows NT 10.0; rv:68.0) Gecko/20100101 Firefox/68.0"
66.70.228.168 - - [29/Mar/2020:06:38:40 +0300] "GET /upload/files/Kuratory_foto/Julya_.jpg HTTP/1.1" 302 320 "-" "Mozilla/5.0 (Windows NT 10.0; rv:68.0) Gecko/20100101 Firefox/68.0"
66.70.228.168 - - [29/Mar/2020:06:38:40 +0300] "GET /upload/files/zadolgn_2018.jpg HTTP/1.1" 302 312 "-" "Mozilla/5.0 (Windows NT 10.0; rv:68.0) Gecko/20100101 Firefox/68.0"
66.70.228.168 - - [29/Mar/2020:06:38:40 +0300] "GET /upload/files/rub_kontrl2.jpg HTTP/1.1" 302 311 "-" "Mozilla/5.0 (Windows NT 10.0; rv:68.0) Gecko/20100101 Firefox/68.0"
66.70.228.168 - - [29/Mar/2020:06:38:40 +0300] "GET /upload/files/Kuratory_foto/Antonova_E_P_1.jpg HTTP/1.1" 302 328 "-" "Mozilla/5.0 (Windows NT 10.0; rv:68.0) Gecko/20100101 Firefox/68.0"
66.70.228.168 - - [29/Mar/2020:06:38:40 +0300] "GET /upload/files/personal-folders/167/inf_v.jpg HTTP/1.1" 302 326 "-" "Mozilla/5.0 (Windows NT 10.0; rv:68.0) Gecko/20100101 Firefox/68.0"
66.70.228.168 - - [29/Mar/2020:06:38:41 +0300] "GET /upload/files/rub_kontrl.jpg HTTP/1.1" 302 310 "-" "Mozilla/5.0 (Windows NT 10.0; rv:68.0) Gecko/20100101 Firefox/68.0"
114.119.165.29 - - [29/Mar/2020:06:39:21 +0300] "GET /robots.txt HTTP/1.1" 302 289 "-" "Mozilla/5.0 (Linux; Android 7.0;) AppleWebKit/537.36 (KHTML, like Gecko) Mobile Safari/537.36 (compatible; AspiegelBot)"
81.12.40.251 - - [29/Mar/2020:06:41:53 +0300] "GET / HTTP/1.1" 302 288 "-" "Mozilla/5.0 (Windows NT 10.0; WOW64) AppleWebKit/537.36 (KHTML, like Gecko) Chrome/52.0.2743.116 Safari/537.36"
185.220.100.255 - - [29/Mar/2020:06:42:43 +0300] "GET / HTTP/1.1" 302 283 "-" "Mozilla/5.0 (Windows NT 10.0; rv:68.0) Gecko/20100101 Firefox/68.0"
63.143.42.251 - - [29/Mar/2020:06:42:44 +0300] "HEAD / HTTP/1.1" 302 - "http://cito.mgsu.ru/" "Mozilla/5.0+(compatible; UptimeRobot/2.0; http://www.uptimerobot.com/)"
185.220.100.255 - - [29/Mar/2020:06:43:43 +0300] "GET /upload/files/rub_kontrl2.jpg HTTP/1.1" 302 311 "-" "Mozilla/5.0 (Windows NT 10.0; rv:68.0) Gecko/20100101 Firefox/68.0"
185.220.100.255 - - [29/Mar/2020:06:43:43 +0300] "GET /upload/files/zadolgn_2018.jpg HTTP/1.1" 302 312 "-" "Mozilla/5.0 (Windows NT 10.0; rv:68.0) Gecko/20100101 Firefox/68.0"
185.220.100.255 - - [29/Mar/2020:06:43:43 +0300] "GET /upload/files/personal-folders/167/inf_v.jpg HTTP/1.1" 302 326 "-" "Mozilla/5.0 (Windows NT 10.0; rv:68.0) Gecko/20100101 Firefox/68.0"
185.220.100.255 - - [29/Mar/2020:06:43:43 +0300] "GET /upload/files/Kuratory_foto/Xoxlova-2.jpg HTTP/1.1" 302 323 "-" "Mozilla/5.0 (Windows NT 10.0; rv:68.0) Gecko/20100101 Firefox/68.0"
185.220.100.255 - - [29/Mar/2020:06:43:43 +0300] "GET /upload/files/Kuratory_foto/Antonova_E_P_1.jpg HTTP/1.1" 302 328 "-" "Mozilla/5.0 (Windows NT 10.0; rv:68.0) Gecko/20100101 Firefox/68.0"
185.220.100.255 - - [29/Mar/2020:06:43:43 +0300] "GET /upload/files/Kuratory_foto/Julya_.jpg HTTP/1.1" 302 320 "-" "Mozilla/5.0 (Windows NT 10.0; rv:68.0) Gecko/20100101 Firefox/68.0"
185.220.100.255 - - [29/Mar/2020:06:43:43 +0300] "GET /upload/files/personal-folders/167/SB.jpg HTTP/1.1" 302 331 "-" "Mozilla/5.0 (Windows NT 10.0; rv:68.0) Gecko/20100101 Firefox/68.0"
185.220.100.255 - - [29/Mar/2020:06:43:43 +0300] "GET /upload/files/rub_kontrl.jpg HTTP/1.1" 302 310 "-" "Mozilla/5.0 (Windows NT 10.0; rv:68.0) Gecko/20100101 Firefox/68.0"
185.220.100.255 - - [29/Mar/2020:06:43:43 +0300] "GET /upload/files/oplata.gif HTTP/1.1" 302 306 "-" "Mozilla/5.0 (Windows NT 10.0; rv:68.0) Gecko/20100101 Firefox/68.0"
185.220.100.255 - - [29/Mar/2020:06:43:43 +0300] "GET /upload/files/pod_st_ob.jpg HTTP/1.1" 302 309 "-" "Mozilla/5.0 (Windows NT 10.0; rv:68.0) Gecko/20100101 Firefox/68.0"
185.220.100.255 - - [29/Mar/2020:06:43:44 +0300] "GET /upload/files/kons_ses.jpg HTTP/1.1" 302 308 "-" "Mozilla/5.0 (Windows NT 10.0; rv:68.0) Gecko/20100101 Firefox/68.0"
209.141.49.164 - - [29/Mar/2020:06:45:03 +0300] "GET / HTTP/1.0" 302 283 "-" "Mozilla/5.0 (Windows NT 10.0; rv:68.0) Gecko/20100101 Firefox/68.0"
66.249.69.248 - - [29/Mar/2020:06:46:07 +0300] "GET /upload/files/personal-folders/Raspisanie/2019/bak._SESSIYA/IDOses_3.pdf HTTP/1.1" 302 354 "-" "Mozilla/5.0 (Linux; Android 6.0.1; Nexus 5X Build/MMB29P) AppleWebKit/537.36 (KHTML, like Gecko) Chrome/41.0.2272.96 Mobile Safari/537.36 (compatible; Googlebot/2.1; +http://www.google.com/bot.html)"
209.141.49.164 - - [29/Mar/2020:06:46:39 +0300] "GET /upload/files/Kuratory_foto/Julya_.jpg HTTP/1.0" 302 320 "-" "Mozilla/5.0 (Windows NT 10.0; rv:68.0) Gecko/20100101 Firefox/68.0"
209.141.49.164 - - [29/Mar/2020:06:46:39 +0300] "GET /upload/files/rub_kontrl2.jpg HTTP/1.0" 302 311 "-" "Mozilla/5.0 (Windows NT 10.0; rv:68.0) Gecko/20100101 Firefox/68.0"
209.141.49.164 - - [29/Mar/2020:06:46:39 +0300] "GET /upload/files/zadolgn_2018.jpg HTTP/1.0" 302 312 "-" "Mozilla/5.0 (Windows NT 10.0; rv:68.0) Gecko/20100101 Firefox/68.0"
209.141.49.164 - - [29/Mar/2020:06:46:39 +0300] "GET /upload/files/personal-folders/167/inf_v.jpg HTTP/1.0" 302 326 "-" "Mozilla/5.0 (Windows NT 10.0; rv:68.0) Gecko/20100101 Firefox/68.0"
209.141.49.164 - - [29/Mar/2020:06:46:39 +0300] "GET /upload/files/Kuratory_foto/Antonova_E_P_1.jpg HTTP/1.0" 302 328 "-" "Mozilla/5.0 (Windows NT 10.0; rv:68.0) Gecko/20100101 Firefox/68.0"
209.141.49.164 - - [29/Mar/2020:06:46:39 +0300] "GET /upload/files/Kuratory_foto/Xoxlova-2.jpg HTTP/1.0" 302 323 "-" "Mozilla/5.0 (Windows NT 10.0; rv:68.0) Gecko/20100101 Firefox/68.0"
209.141.49.164 - - [29/Mar/2020:06:46:39 +0300] "GET /upload/files/personal-folders/167/SB.jpg HTTP/1.0" 302 331 "-" "Mozilla/5.0 (Windows NT 10.0; rv:68.0) Gecko/20100101 Firefox/68.0"
63.143.42.251 - - [29/Mar/2020:06:47:43 +0300] "HEAD / HTTP/1.1" 302 - "http://cito.mgsu.ru/" "Mozilla/5.0+(compatible; UptimeRobot/2.0; http://www.uptimerobot.com/)"
209.141.60.236 - - [29/Mar/2020:06:50:20 +0300] "GET / HTTP/1.0" 302 283 "-" "Mozilla/5.0 (Windows NT 10.0; rv:68.0) Gecko/20100101 Firefox/68.0"
89.178.235.228 - - [29/Mar/2020:06:51:03 +0300] "GET /upload/files/Kuratory_foto/Antonova_E_P_1.jpg HTTP/1.1" 302 328 "-" "Mozilla/5.0 (Windows NT 6.1; rv:74.0) Gecko/20100101 Firefox/74.0"
89.178.235.228 - - [29/Mar/2020:06:51:03 +0300] "GET /upload/files/Kuratory_foto/Julya_.jpg HTTP/1.1" 302 320 "-" "Mozilla/5.0 (Windows NT 6.1; rv:74.0) Gecko/20100101 Firefox/74.0"
89.178.235.228 - - [29/Mar/2020:06:51:03 +0300] "GET /upload/files/rub_kontrl2.jpg HTTP/1.1" 302 311 "-" "Mozilla/5.0 (Windows NT 6.1; rv:74.0) Gecko/20100101 Firefox/74.0"
89.178.235.228 - - [29/Mar/2020:06:51:03 +0300] "GET /upload/files/zadolgn_2018.jpg HTTP/1.1" 302 312 "-" "Mozilla/5.0 (Windows NT 6.1; rv:74.0) Gecko/20100101 Firefox/74.0"
89.178.235.228 - - [29/Mar/2020:06:51:03 +0300] "GET /upload/files/Kuratory_foto/Xoxlova-2.jpg HTTP/1.1" 302 323 "-" "Mozilla/5.0 (Windows NT 6.1; rv:74.0) Gecko/20100101 Firefox/74.0"
89.178.235.228 - - [29/Mar/2020:06:51:03 +0300] "GET /upload/files/rub_kontrl.jpg HTTP/1.1" 302 310 "-" "Mozilla/5.0 (Windows NT 6.1; rv:74.0) Gecko/20100101 Firefox/74.0"
89.178.235.228 - - [29/Mar/2020:06:51:03 +0300] "GET /upload/files/personal-folders/167/SB.jpg HTTP/1.1" 302 331 "-" "Mozilla/5.0 (Windows NT 6.1; rv:74.0) Gecko/20100101 Firefox/74.0"
89.178.235.228 - - [29/Mar/2020:06:51:03 +0300] "GET /upload/files/personal-folders/167/inf_v.jpg HTTP/1.1" 302 326 "-" "Mozilla/5.0 (Windows NT 6.1; rv:74.0) Gecko/20100101 Firefox/74.0"
89.178.235.228 - - [29/Mar/2020:06:51:03 +0300] "GET /upload/files/oplata.gif HTTP/1.1" 302 306 "-" "Mozilla/5.0 (Windows NT 6.1; rv:74.0) Gecko/20100101 Firefox/74.0"
89.178.235.228 - - [29/Mar/2020:06:51:03 +0300] "GET /upload/files/sessia_ido_rs.jpg HTTP/1.1" 302 313 "-" "Mozilla/5.0 (Windows NT 6.1; rv:74.0) Gecko/20100101 Firefox/74.0"
89.178.235.228 - - [29/Mar/2020:06:51:03 +0300] "GET /upload/files/novost_lekcii_1.jpg HTTP/1.1" 302 315 "-" "Mozilla/5.0 (Windows NT 6.1; rv:74.0) Gecko/20100101 Firefox/74.0"
89.178.235.228 - - [29/Mar/2020:06:51:03 +0300] "GET /upload/files/pod_st_ob.jpg HTTP/1.1" 302 309 "-" "Mozilla/5.0 (Windows NT 6.1; rv:74.0) Gecko/20100101 Firefox/74.0"
89.178.235.228 - - [29/Mar/2020:06:51:03 +0300] "GET /upload/files/Kons_2018.jpg HTTP/1.1" 302 309 "-" "Mozilla/5.0 (Windows NT 6.1; rv:74.0) Gecko/20100101 Firefox/74.0"
89.178.235.228 - - [29/Mar/2020:06:51:03 +0300] "GET /upload/files/kons_ses.jpg HTTP/1.1" 302 308 "-" "Mozilla/5.0 (Windows NT 6.1; rv:74.0) Gecko/20100101 Firefox/74.0"
89.178.235.228 - - [29/Mar/2020:06:51:03 +0300] "GET /upload/files/mgsusmogu.png HTTP/1.1" 302 309 "-" "Mozilla/5.0 (Windows NT 6.1; rv:74.0) Gecko/20100101 Firefox/74.0"
89.178.235.228 - - [29/Mar/2020:06:51:04 +0300] "GET /upload/files/RK_2018.jpg HTTP/1.1" 302 307 "-" "Mozilla/5.0 (Windows NT 6.1; rv:74.0) Gecko/20100101 Firefox/74.0"
89.178.235.228 - - [29/Mar/2020:06:51:04 +0300] "GET /upload/files/inf_stoim.jpg HTTP/1.1" 302 309 "-" "Mozilla/5.0 (Windows NT 6.1; rv:74.0) Gecko/20100101 Firefox/74.0"
89.178.235.228 - - [29/Mar/2020:06:51:04 +0300] "GET /upload/files/ses_2_2.jpg HTTP/1.1" 302 307 "-" "Mozilla/5.0 (Windows NT 6.1; rv:74.0) Gecko/20100101 Firefox/74.0"
89.178.235.228 - - [29/Mar/2020:06:51:04 +0300] "GET /upload/files/ust_lekc.jpg HTTP/1.1" 302 308 "-" "Mozilla/5.0 (Windows NT 6.1; rv:74.0) Gecko/20100101 Firefox/74.0"
89.178.235.228 - - [29/Mar/2020:06:51:04 +0300] "GET /upload/files/praktika_2017.jpg HTTP/1.1" 302 313 "-" "Mozilla/5.0 (Windows NT 6.1; rv:74.0) Gecko/20100101 Firefox/74.0"
89.178.235.228 - - [29/Mar/2020:06:51:04 +0300] "GET /upload/files/gtaff_UP.jpg HTTP/1.1" 302 308 "-" "Mozilla/5.0 (Windows NT 6.1; rv:74.0) Gecko/20100101 Firefox/74.0"
89.178.235.228 - - [29/Mar/2020:06:51:04 +0300] "GET /upload/files/zadolgn.jpg HTTP/1.1" 302 307 "-" "Mozilla/5.0 (Windows NT 6.1; rv:74.0) Gecko/20100101 Firefox/74.0"
89.178.235.228 - - [29/Mar/2020:06:51:04 +0300] "GET /upload/files/pictures/sessiya.jpg HTTP/1.1" 302 316 "-" "Mozilla/5.0 (Windows NT 6.1; rv:74.0) Gecko/20100101 Firefox/74.0"
89.178.235.228 - - [29/Mar/2020:06:51:04 +0300] "GET /upload/files/vazhnaya_info_01.jpg HTTP/1.1" 302 316 "-" "Mozilla/5.0 (Windows NT 6.1; rv:74.0) Gecko/20100101 Firefox/74.0"
89.178.235.228 - - [29/Mar/2020:06:51:04 +0300] "GET /upload/files/personal-folders/167/SB.jpg HTTP/1.1" 302 331 "-" "Mozilla/5.0 (Windows NT 6.1; rv:74.0) Gecko/20100101 Firefox/74.0"
89.178.235.228 - - [29/Mar/2020:06:51:04 +0300] "GET /upload/files/org_sobr.jpg HTTP/1.1" 302 308 "-" "Mozilla/5.0 (Windows NT 6.1; rv:74.0) Gecko/20100101 Firefox/74.0"
89.178.235.228 - - [29/Mar/2020:06:51:04 +0300] "GET /upload/files/pictures/info.jpg HTTP/1.1" 302 313 "-" "Mozilla/5.0 (Windows NT 6.1; rv:74.0) Gecko/20100101 Firefox/74.0"
89.178.235.228 - - [29/Mar/2020:06:51:04 +0300] "GET /upload/files/personal-folders/Dokumenty_k_praktike/Praktika.png HTTP/1.1" 302 346 "-" "Mozilla/5.0 (Windows NT 6.1; rv:74.0) Gecko/20100101 Firefox/74.0"
89.178.235.228 - - [29/Mar/2020:06:51:04 +0300] "GET /upload/files/personal-folders/167/alert.jpg HTTP/1.1" 302 326 "-" "Mozilla/5.0 (Windows NT 6.1; rv:74.0) Gecko/20100101 Firefox/74.0"
89.178.235.228 - - [29/Mar/2020:06:51:05 +0300] "GET /upload/files/personal-folders/167/rekv_new_3.jpg HTTP/1.1" 302 331 "-" "Mozilla/5.0 (Windows NT 6.1; rv:74.0) Gecko/20100101 Firefox/74.0"
89.178.235.228 - - [29/Mar/2020:06:51:05 +0300] "GET /upload/files/pictures/autocad-for-mac-icon.png HTTP/1.1" 302 329 "-" "Mozilla/5.0 (Windows NT 6.1; rv:74.0) Gecko/20100101 Firefox/74.0"
178.35.233.233 - - [29/Mar/2020:06:52:30 +0300] "GET /upload/files/INSTRUKCII/Instrukciya_slushatelya_po_rabote_na_obrazovatel_nom_portale_NIU_MGSU_Vypusk_1_(v2).pdf HTTP/1.1" 302 394 "-" "Mozilla/5.0 (Windows NT 6.2; WOW64) AppleWebKit/537.36 (KHTML, like Gecko) Chrome/27.0.1453.93 Safari/537.36"
63.143.42.251 - - [29/Mar/2020:06:52:43 +0300] "HEAD / HTTP/1.1" 302 - "http://cito.mgsu.ru/" "Mozilla/5.0+(compatible; UptimeRobot/2.0; http://www.uptimerobot.com/)"
209.141.60.236 - - [29/Mar/2020:06:53:26 +0300] "GET /upload/files/Kuratory_foto/Julya_.jpg HTTP/1.0" 302 320 "-" "Mozilla/5.0 (Windows NT 10.0; rv:68.0) Gecko/20100101 Firefox/68.0"
209.141.60.236 - - [29/Mar/2020:06:53:26 +0300] "GET /upload/files/Kuratory_foto/Antonova_E_P_1.jpg HTTP/1.0" 302 328 "-" "Mozilla/5.0 (Windows NT 10.0; rv:68.0) Gecko/20100101 Firefox/68.0"
209.141.60.236 - - [29/Mar/2020:06:53:26 +0300] "GET /upload/files/personal-folders/167/SB.jpg HTTP/1.0" 302 331 "-" "Mozilla/5.0 (Windows NT 10.0; rv:68.0) Gecko/20100101 Firefox/68.0"
209.141.60.236 - - [29/Mar/2020:06:53:26 +0300] "GET /upload/files/Kuratory_foto/Xoxlova-2.jpg HTTP/1.0" 302 323 "-" "Mozilla/5.0 (Windows NT 10.0; rv:68.0) Gecko/20100101 Firefox/68.0"
209.141.60.236 - - [29/Mar/2020:06:53:26 +0300] "GET /upload/files/personal-folders/167/inf_v.jpg HTTP/1.0" 302 326 "-" "Mozilla/5.0 (Windows NT 10.0; rv:68.0) Gecko/20100101 Firefox/68.0"
209.141.60.236 - - [29/Mar/2020:06:53:27 +0300] "GET /upload/files/rub_kontrl2.jpg HTTP/1.0" 302 311 "-" "Mozilla/5.0 (Windows NT 10.0; rv:68.0) Gecko/20100101 Firefox/68.0"
209.141.60.236 - - [29/Mar/2020:06:53:27 +0300] "GET /upload/files/rub_kontrl.jpg HTTP/1.0" 302 310 "-" "Mozilla/5.0 (Windows NT 10.0; rv:68.0) Gecko/20100101 Firefox/68.0"
209.141.60.236 - - [29/Mar/2020:06:53:27 +0300] "GET /upload/files/oplata.gif HTTP/1.0" 302 306 "-" "Mozilla/5.0 (Windows NT 10.0; rv:68.0) Gecko/20100101 Firefox/68.0"
89.178.235.228 - - [29/Mar/2020:06:53:32 +0300] "GET /upload/files/mgsulogo1-1921.png HTTP/1.1" 302 314 "-" "Mozilla/5.0 (Windows NT 6.1; rv:74.0) Gecko/20100101 Firefox/74.0"
5.188.210.87 - - [29/Mar/2020:06:53:36 +0300] "GET /forum.php HTTP/1.0" 302 296 "http://www.do.mgsu.ru/forum.php" "Mozilla/5.0 (Windows NT 6.1) AppleWebKit/537.36 (KHTML, like Gecko) Chrome/67.0.3396.87 Safari/537.36"
185.79.103.131 - - [29/Mar/2020:06:53:47 +0300] "GET /upload/files/Kuratory_foto/Julya_.jpg HTTP/1.1" 302 320 "-" "Mozilla/5.0 (Linux; Android 8.0.0; ATU-L31) AppleWebKit/537.36 (KHTML, like Gecko) Chrome/80.0.3987.149 Mobile Safari/537.36"
185.79.103.131 - - [29/Mar/2020:06:53:47 +0300] "GET /upload/files/Kuratory_foto/Antonova_E_P_1.jpg HTTP/1.1" 302 328 "-" "Mozilla/5.0 (Linux; Android 8.0.0; ATU-L31) AppleWebKit/537.36 (KHTML, like Gecko) Chrome/80.0.3987.149 Mobile Safari/537.36"
185.79.103.131 - - [29/Mar/2020:06:53:47 +0300] "GET /upload/files/personal-folders/167/inf_v.jpg HTTP/1.1" 302 326 "-" "Mozilla/5.0 (Linux; Android 8.0.0; ATU-L31) AppleWebKit/537.36 (KHTML, like Gecko) Chrome/80.0.3987.149 Mobile Safari/537.36"
185.79.103.131 - - [29/Mar/2020:06:53:47 +0300] "GET /upload/files/Kuratory_foto/Xoxlova-2.jpg HTTP/1.1" 302 323 "-" "Mozilla/5.0 (Linux; Android 8.0.0; ATU-L31) AppleWebKit/537.36 (KHTML, like Gecko) Chrome/80.0.3987.149 Mobile Safari/537.36"
185.79.103.131 - - [29/Mar/2020:06:53:47 +0300] "GET /upload/files/rub_kontrl2.jpg HTTP/1.1" 302 311 "-" "Mozilla/5.0 (Linux; Android 8.0.0; ATU-L31) AppleWebKit/537.36 (KHTML, like Gecko) Chrome/80.0.3987.149 Mobile Safari/537.36"
185.79.103.131 - - [29/Mar/2020:06:53:47 +0300] "GET /upload/files/zadolgn_2018.jpg HTTP/1.1" 302 312 "-" "Mozilla/5.0 (Linux; Android 8.0.0; ATU-L31) AppleWebKit/537.36 (KHTML, like Gecko) Chrome/80.0.3987.149 Mobile Safari/537.36"
185.79.103.131 - - [29/Mar/2020:06:53:48 +0300] "GET /upload/files/rub_kontrl.jpg HTTP/1.1" 302 310 "-" "Mozilla/5.0 (Linux; Android 8.0.0; ATU-L31) AppleWebKit/537.36 (KHTML, like Gecko) Chrome/80.0.3987.149 Mobile Safari/537.36"
185.79.103.131 - - [29/Mar/2020:06:53:48 +0300] "GET /upload/files/oplata.gif HTTP/1.1" 302 306 "-" "Mozilla/5.0 (Linux; Android 8.0.0; ATU-L31) AppleWebKit/537.36 (KHTML, like Gecko) Chrome/80.0.3987.149 Mobile Safari/537.36"
185.79.103.131 - - [29/Mar/2020:06:53:48 +0300] "GET /upload/files/sessia_ido_rs.jpg HTTP/1.1" 302 313 "-" "Mozilla/5.0 (Linux; Android 8.0.0; ATU-L31) AppleWebKit/537.36 (KHTML, like Gecko) Chrome/80.0.3987.149 Mobile Safari/537.36"
185.79.103.131 - - [29/Mar/2020:06:53:48 +0300] "GET /upload/files/pod_st_ob.jpg HTTP/1.1" 302 309 "-" "Mozilla/5.0 (Linux; Android 8.0.0; ATU-L31) AppleWebKit/537.36 (KHTML, like Gecko) Chrome/80.0.3987.149 Mobile Safari/537.36"
185.79.103.131 - - [29/Mar/2020:06:53:48 +0300] "GET /upload/files/kons_ses.jpg HTTP/1.1" 302 308 "-" "Mozilla/5.0 (Linux; Android 8.0.0; ATU-L31) AppleWebKit/537.36 (KHTML, like Gecko) Chrome/80.0.3987.149 Mobile Safari/537.36"
185.79.103.131 - - [29/Mar/2020:06:53:48 +0300] "GET /upload/files/novost_lekcii_1.jpg HTTP/1.1" 302 315 "-" "Mozilla/5.0 (Linux; Android 8.0.0; ATU-L31) AppleWebKit/537.36 (KHTML, like Gecko) Chrome/80.0.3987.149 Mobile Safari/537.36"
185.79.103.131 - - [29/Mar/2020:06:53:48 +0300] "GET /upload/files/mgsusmogu.png HTTP/1.1" 302 309 "-" "Mozilla/5.0 (Linux; Android 8.0.0; ATU-L31) AppleWebKit/537.36 (KHTML, like Gecko) Chrome/80.0.3987.149 Mobile Safari/537.36"
185.79.103.131 - - [29/Mar/2020:06:53:48 +0300] "GET /upload/files/Kons_2018.jpg HTTP/1.1" 302 309 "-" "Mozilla/5.0 (Linux; Android 8.0.0; ATU-L31) AppleWebKit/537.36 (KHTML, like Gecko) Chrome/80.0.3987.149 Mobile Safari/537.36"
185.79.103.131 - - [29/Mar/2020:06:53:48 +0300] "GET /upload/files/RK_2018.jpg HTTP/1.1" 302 307 "-" "Mozilla/5.0 (Linux; Android 8.0.0; ATU-L31) AppleWebKit/537.36 (KHTML, like Gecko) Chrome/80.0.3987.149 Mobile Safari/537.36"
185.79.103.131 - - [29/Mar/2020:06:53:48 +0300] "GET /upload/files/inf_stoim.jpg HTTP/1.1" 302 309 "-" "Mozilla/5.0 (Linux; Android 8.0.0; ATU-L31) AppleWebKit/537.36 (KHTML, like Gecko) Chrome/80.0.3987.149 Mobile Safari/537.36"
185.79.103.131 - - [29/Mar/2020:06:53:48 +0300] "GET /upload/files/gtaff_UP.jpg HTTP/1.1" 302 308 "-" "Mozilla/5.0 (Linux; Android 8.0.0; ATU-L31) AppleWebKit/537.36 (KHTML, like Gecko) Chrome/80.0.3987.149 Mobile Safari/537.36"
185.79.103.131 - - [29/Mar/2020:06:53:48 +0300] "GET /upload/files/ust_lekc.jpg HTTP/1.1" 302 308 "-" "Mozilla/5.0 (Linux; Android 8.0.0; ATU-L31) AppleWebKit/537.36 (KHTML, like Gecko) Chrome/80.0.3987.149 Mobile Safari/537.36"
185.79.103.131 - - [29/Mar/2020:06:53:49 +0300] "GET /upload/files/praktika_2017.jpg HTTP/1.1" 302 313 "-" "Mozilla/5.0 (Linux; Android 8.0.0; ATU-L31) AppleWebKit/537.36 (KHTML, like Gecko) Chrome/80.0.3987.149 Mobile Safari/537.36"
185.79.103.131 - - [29/Mar/2020:06:53:49 +0300] "GET /upload/files/ses_2_2.jpg HTTP/1.1" 302 307 "-" "Mozilla/5.0 (Linux; Android 8.0.0; ATU-L31) AppleWebKit/537.36 (KHTML, like Gecko) Chrome/80.0.3987.149 Mobile Safari/537.36"
185.79.103.131 - - [29/Mar/2020:06:53:49 +0300] "GET /upload/files/vazhnaya_info_01.jpg HTTP/1.1" 302 316 "-" "Mozilla/5.0 (Linux; Android 8.0.0; ATU-L31) AppleWebKit/537.36 (KHTML, like Gecko) Chrome/80.0.3987.149 Mobile Safari/537.36"
185.79.103.131 - - [29/Mar/2020:06:53:49 +0300] "GET /upload/files/zadolgn.jpg HTTP/1.1" 302 307 "-" "Mozilla/5.0 (Linux; Android 8.0.0; ATU-L31) AppleWebKit/537.36 (KHTML, like Gecko) Chrome/80.0.3987.149 Mobile Safari/537.36"
185.79.103.131 - - [29/Mar/2020:06:53:49 +0300] "GET /upload/files/pictures/info.jpg HTTP/1.1" 302 313 "-" "Mozilla/5.0 (Linux; Android 8.0.0; ATU-L31) AppleWebKit/537.36 (KHTML, like Gecko) Chrome/80.0.3987.149 Mobile Safari/537.36"
185.79.103.131 - - [29/Mar/2020:06:53:49 +0300] "GET /upload/files/personal-folders/167/SB.jpg HTTP/1.1" 302 331 "-" "Mozilla/5.0 (Linux; Android 8.0.0; ATU-L31) AppleWebKit/537.36 (KHTML, like Gecko) Chrome/80.0.3987.149 Mobile Safari/537.36"
185.79.103.131 - - [29/Mar/2020:06:53:49 +0300] "GET /upload/files/pictures/sessiya.jpg HTTP/1.1" 302 316 "-" "Mozilla/5.0 (Linux; Android 8.0.0; ATU-L31) AppleWebKit/537.36 (KHTML, like Gecko) Chrome/80.0.3987.149 Mobile Safari/537.36"
185.79.103.131 - - [29/Mar/2020:06:53:49 +0300] "GET /upload/files/personal-folders/167/alert.jpg HTTP/1.1" 302 326 "-" "Mozilla/5.0 (Linux; Android 8.0.0; ATU-L31) AppleWebKit/537.36 (KHTML, like Gecko) Chrome/80.0.3987.149 Mobile Safari/537.36"
185.79.103.131 - - [29/Mar/2020:06:53:49 +0300] "GET /upload/files/org_sobr.jpg HTTP/1.1" 302 308 "-" "Mozilla/5.0 (Linux; Android 8.0.0; ATU-L31) AppleWebKit/537.36 (KHTML, like Gecko) Chrome/80.0.3987.149 Mobile Safari/537.36"
185.79.103.131 - - [29/Mar/2020:06:53:49 +0300] "GET /upload/files/personal-folders/Dokumenty_k_praktike/Praktika.png HTTP/1.1" 302 346 "-" "Mozilla/5.0 (Linux; Android 8.0.0; ATU-L31) AppleWebKit/537.36 (KHTML, like Gecko) Chrome/80.0.3987.149 Mobile Safari/537.36"
185.79.103.131 - - [29/Mar/2020:06:53:49 +0300] "GET /upload/files/personal-folders/167/rekv_new_3.jpg HTTP/1.1" 302 331 "-" "Mozilla/5.0 (Linux; Android 8.0.0; ATU-L31) AppleWebKit/537.36 (KHTML, like Gecko) Chrome/80.0.3987.149 Mobile Safari/537.36"
185.79.103.131 - - [29/Mar/2020:06:53:49 +0300] "GET /upload/files/pictures/autocad-for-mac-icon.png HTTP/1.1" 302 329 "-" "Mozilla/5.0 (Linux; Android 8.0.0; ATU-L31) AppleWebKit/537.36 (KHTML, like Gecko) Chrome/80.0.3987.149 Mobile Safari/537.36"
89.178.235.228 - - [29/Mar/2020:06:54:40 +0300] "GET /upload/files/mgsulogo1-1921.png HTTP/1.1" 302 314 "-" "Mozilla/5.0 (Windows NT 6.1; rv:74.0) Gecko/20100101 Firefox/74.0"
104.236.216.73 - - [29/Mar/2020:06:55:18 +0300] "HEAD / HTTP/1.1" 302 - "-" "downnotifier.com monitoring"
89.178.235.228 - - [29/Mar/2020:06:55:41 +0300] "GET /upload/files/mgsulogo1-1921.png HTTP/1.1" 302 314 "-" "Mozilla/5.0 (Windows NT 6.1; rv:74.0) Gecko/20100101 Firefox/74.0"
63.143.42.251 - - [29/Mar/2020:06:57:43 +0300] "HEAD / HTTP/1.1" 302 - "http://cito.mgsu.ru/" "Mozilla/5.0+(compatible; UptimeRobot/2.0; http://www.uptimerobot.com/)"
54.36.149.101 - - [29/Mar/2020:06:58:14 +0300] "GET / HTTP/1.1" 302 287 "-" "Mozilla/5.0 (compatible; AhrefsBot/6.1; +http://ahrefs.com/robot/)"
188.12.170.206 - - [29/Mar/2020:06:59:43 +0300] "POST /boaform/admin/formPing HTTP/1.1" 400 301 "-" "polaris botnet"
188.93.56.123 - - [29/Mar/2020:07:02:42 +0300] "GET /upload/files/mgsulogo1-1921.png HTTP/1.1" 302 314 "-" "Mozilla/5.0 (X11; Linux x86_64) AppleWebKit/537.36 (KHTML, like Gecko)"
63.143.42.251 - - [29/Mar/2020:07:02:43 +0300] "HEAD / HTTP/1.1" 302 - "http://cito.mgsu.ru/" "Mozilla/5.0+(compatible; UptimeRobot/2.0; http://www.uptimerobot.com/)"
81.177.126.205 - - [29/Mar/2020:07:02:47 +0300] "GET / HTTP/1.1" 302 283 "-" "Mozilla/5.0 (iPhone; CPU iPhone OS 13_3_1 like Mac OS X) AppleWebKit/605.1.15 (KHTML, like Gecko) Version/13.0.5 Mobile/15E148 Safari/604.1"
81.177.126.205 - - [29/Mar/2020:07:03:18 +0300] "GET / HTTP/1.1" 302 283 "-" "Mozilla/5.0 (iPhone; CPU iPhone OS 13_3_1 like Mac OS X) AppleWebKit/605.1.15 (KHTML, like Gecko) Version/13.0.5 Mobile/15E148 Safari/604.1"
185.37.58.0 - - [29/Mar/2020:07:03:39 +0300] "GET /subject/list/index/switcher/list?page_id=m0602&page_id=m0602 HTTP/1.1" 302 347 "-" "Mozilla/5.0 (Windows NT 6.3; Win64; x64) AppleWebKit/537.36 (KHTML, like Gecko) Chrome/80.0.3987.132 Safari/537.36 OPR/67.0.3575.97"
81.177.126.205 - - [29/Mar/2020:07:04:30 +0300] "GET /upload/files/mgsulogo1-1921.png HTTP/1.1" 302 314 "-" "Mozilla/5.0 (iPhone; CPU iPhone OS 13_3_1 like Mac OS X) AppleWebKit/605.1.15 (KHTML, like Gecko) Version/13.0.5 Mobile/15E148 Safari/604.1"
81.177.126.205 - - [29/Mar/2020:07:04:30 +0300] "GET /upload/files/personal-folders/16063/education_bg.jpg HTTP/1.1" 302 335 "-" "Mozilla/5.0 (iPhone; CPU iPhone OS 13_3_1 like Mac OS X) AppleWebKit/605.1.15 (KHTML, like Gecko) Version/13.0.5 Mobile/15E148 Safari/604.1"
5.188.210.87 - - [29/Mar/2020:07:06:28 +0300] "GET /forum.php HTTP/1.0" 302 296 "http://www.do.mgsu.ru/forum.php" "Mozilla/5.0 (Windows NT 6.1) AppleWebKit/537.36 (KHTML, like Gecko) Chrome/67.0.3396.99 Safari/537.36 Kinza/4.8.2"
63.143.42.251 - - [29/Mar/2020:07:07:43 +0300] "HEAD / HTTP/1.1" 302 - "http://cito.mgsu.ru/" "Mozilla/5.0+(compatible; UptimeRobot/2.0; http://www.uptimerobot.com/)"
5.101.0.209 - - [29/Mar/2020:07:08:45 +0300] "GET /solr/admin/info/system?wt=json HTTP/1.1" 302 318 "-" "Mozilla/5.0 (Windows NT 10.0; Win64; x64) AppleWebKit/537.36 (KHTML, like Gecko) Chrome/78.0.3904.108 Safari/537.36"
5.101.0.209 - - [29/Mar/2020:07:08:45 +0300] "\x16\x03\x01" 400 301 "-" "-"
141.98.10.43 - - [29/Mar/2020:07:10:46 +0300] "GET / HTTP/1.1" 302 285 "-" "Mozilla/5.0 (Windows NT 10.0; Win64; x64; rv:55.0) Gecko/20100101 Firefox/55.0"
63.143.42.251 - - [29/Mar/2020:07:12:43 +0300] "HEAD / HTTP/1.1" 302 - "http://cito.mgsu.ru/" "Mozilla/5.0+(compatible; UptimeRobot/2.0; http://www.uptimerobot.com/)"
89.113.101.165 - - [29/Mar/2020:07:12:51 +0300] "GET /upload/files/mgsulogo1-1921.png HTTP/1.1" 302 314 "-" "Mozilla/5.0 (iPhone; CPU iPhone OS 13_3 like Mac OS X) AppleWebKit/605.1.15 (KHTML, like Gecko) Mobile/15E148"
47.240.109.177 - - [29/Mar/2020:07:13:42 +0300] "GET /xmlrpc.php HTTP/1.1" 302 301 "-" "Mozilla/5.0 (Windows NT 6.1; WOW64; rv:45.0) Gecko/20100101 Firefox/45.0"
66.249.75.92 - - [29/Mar/2020:07:16:26 +0300] "GET /robots.txt HTTP/1.1" 302 297 "-" "Mozilla/5.0 (compatible; Googlebot/2.1; +http://www.google.com/bot.html)"
66.249.75.92 - - [29/Mar/2020:07:16:27 +0300] "GET /COURSES/course781/files/pdf/teoria_21_4ast_1.pdf HTTP/1.1" 302 335 "-" "Mozilla/5.0 (Linux; Android 6.0.1; Nexus 5X Build/MMB29P) AppleWebKit/537.36 (KHTML, like Gecko) Chrome/41.0.2272.96 Mobile Safari/537.36 (compatible; Googlebot/2.1; +http://www.google.com/bot.html)"
63.143.42.251 - - [29/Mar/2020:07:17:43 +0300] "HEAD / HTTP/1.1" 302 - "http://cito.mgsu.ru/" "Mozilla/5.0+(compatible; UptimeRobot/2.0; http://www.uptimerobot.com/)"
5.101.0.209 - - [29/Mar/2020:07:21:31 +0300] "GET /?a=fetch&content=die(@md5(HelloThinkCMF)) HTTP/1.1" 302 352 "-" "Mozilla/5.0 (Windows NT 10.0; Win64; x64) AppleWebKit/537.36 (KHTML, like Gecko) Chrome/78.0.3904.108 Safari/537.36"
5.101.0.209 - - [29/Mar/2020:07:21:31 +0300] "\x16\x03\x01" 400 301 "-" "-"
5.101.0.209 - - [29/Mar/2020:07:21:32 +0300] "GET /?XDEBUG_SESSION_START=phpstorm HTTP/1.1" 302 318 "-" "Mozilla/5.0 (Windows NT 10.0; Win64; x64) AppleWebKit/537.36 (KHTML, like Gecko) Chrome/78.0.3904.108 Safari/537.36"
5.101.0.209 - - [29/Mar/2020:07:21:32 +0300] "\x16\x03\x01" 400 301 "-" "-"
63.143.42.251 - - [29/Mar/2020:07:22:43 +0300] "HEAD / HTTP/1.1" 302 - "http://cito.mgsu.ru/" "Mozilla/5.0+(compatible; UptimeRobot/2.0; http://www.uptimerobot.com/)"
37.97.137.40 - - [29/Mar/2020:07:25:15 +0300] "HEAD / HTTP/1.1" 302 - "-" "downnotifier.com monitoring"
66.249.76.96 - - [29/Mar/2020:07:26:32 +0300] "GET /COURSES/course210/media/353071656353824/pdf/temi_referatov.pdf HTTP/1.1" 302 349 "-" "Mozilla/5.0 (Linux; Android 6.0.1; Nexus 5X Build/MMB29P) AppleWebKit/537.36 (KHTML, like Gecko) Chrome/41.0.2272.96 Mobile Safari/537.36 (compatible; Googlebot/2.1; +http://www.google.com/bot.html)"
63.143.42.251 - - [29/Mar/2020:07:27:43 +0300] "HEAD / HTTP/1.1" 302 - "http://cito.mgsu.ru/" "Mozilla/5.0+(compatible; UptimeRobot/2.0; http://www.uptimerobot.com/)"
5.101.0.209 - - [29/Mar/2020:07:29:39 +0300] "GET /index.php?s=/Index/\\think\\app/invokefunction&function=call_user_func_array&vars[0]=md5&vars[1][]=HelloThinkPHP HTTP/1.1" 302 426 "-" "Mozilla/5.0 (Windows NT 10.0; Win64; x64) AppleWebKit/537.36 (KHTML, like Gecko) Chrome/78.0.3904.108 Safari/537.36"
5.101.0.209 - - [29/Mar/2020:07:29:39 +0300] "\x16\x03\x01" 400 301 "-" "-"
63.143.42.251 - - [29/Mar/2020:07:32:43 +0300] "HEAD / HTTP/1.1" 302 - "http://cito.mgsu.ru/" "Mozilla/5.0+(compatible; UptimeRobot/2.0; http://www.uptimerobot.com/)"
5.188.210.87 - - [29/Mar/2020:07:33:08 +0300] "GET /forum.php HTTP/1.1" 302 300 "http://www.cito.mgsu.ru/" "Mozilla/5.0 (Macintosh; Intel Mac OS X 10_13_5) AppleWebKit/537.36 (KHTML, like Gecko) Chrome/67.0.3396.79 Safari/537.36"
5.188.210.87 - - [29/Mar/2020:07:33:12 +0300] "GET / HTTP/1.1" 302 291 "http://www.cito.mgsu.ru" "Mozilla/5.0 (Macintosh; Intel Mac OS X 10_13_5) AppleWebKit/537.36 (KHTML, like Gecko) Chrome/67.0.3396.79 Safari/537.36"
5.188.210.87 - - [29/Mar/2020:07:34:52 +0300] "GET /forum.php HTTP/1.0" 302 296 "http://www.do.mgsu.ru/forum.php" "Mozilla/5.0 (Windows NT 10.0; Win64; x64) AppleWebKit/537.36 (KHTML, like Gecko) Chrome/68.0.3440.75 Safari/537.36"
63.143.42.251 - - [29/Mar/2020:07:37:43 +0300] "HEAD / HTTP/1.1" 302 - "http://cito.mgsu.ru/" "Mozilla/5.0+(compatible; UptimeRobot/2.0; http://www.uptimerobot.com/)"
66.41.152.130 - - [29/Mar/2020:07:37:46 +0300] "GET / HTTP/1.1" 200 48604 "-" "Mozilla/5.0 (Windows NT 10.0; WOW64) AppleWebKit/537.36 (KHTML, like Gecko) Chrome/52.0.2743.116 Safari/537.36"
89.138.175.90 - - [29/Mar/2020:07:41:11 +0300] "GET / HTTP/1.1" 200 48604 "-" "Mozilla/5.0 (Macintosh; Intel Mac OS X 10_11_6) AppleWebKit/601.7.7 (KHTML, like Gecko) Version/9.1.2 Safari/601.7.7"
176.10.104.240 - - [29/Mar/2020:07:42:07 +0300] "GET / HTTP/1.1" 302 283 "-" "Mozilla/5.0 (Windows NT 10.0; rv:68.0) Gecko/20100101 Firefox/68.0"
63.143.42.251 - - [29/Mar/2020:07:42:43 +0300] "HEAD / HTTP/1.1" 302 - "http://cito.mgsu.ru/" "Mozilla/5.0+(compatible; UptimeRobot/2.0; http://www.uptimerobot.com/)"
130.0.191.218 - - [29/Mar/2020:07:42:53 +0300] "GET / HTTP/1.1" 302 285 "-" "Mozilla/5.0 (Windows NT 10.0; WOW64) AppleWebKit/537.36 (KHTML, like Gecko) Chrome/51.0.2704.103 Safari/537.36"
195.231.11.108 - - [29/Mar/2020:07:45:32 +0300] "GET login.cgi HTTP/1.1" 400 301 "-" "-"
5.255.241.240 - - [29/Mar/2020:07:45:37 +0300] "GET /upload/files/mgsulogo1-1921.png HTTP/1.1" 302 314 "-" "Mozilla/5.0 (compatible; YandexImageResizer/2.0; +http://yandex.com/bots)"
5.255.241.240 - - [29/Mar/2020:07:45:37 +0300] "GET /upload/files/personal-folders/16063/education_bg.jpg HTTP/1.1" 302 335 "-" "Mozilla/5.0 (compatible; YandexImageResizer/2.0; +http://yandex.com/bots)"
63.143.42.251 - - [29/Mar/2020:07:47:43 +0300] "HEAD / HTTP/1.1" 302 - "http://cito.mgsu.ru/" "Mozilla/5.0+(compatible; UptimeRobot/2.0; http://www.uptimerobot.com/)"
41.32.229.224 - - [29/Mar/2020:07:49:02 +0300] "GET / HTTP/1.1" 200 48604 "-" "Mozilla/5.0 (Windows NT 10.0; WOW64) AppleWebKit/537.36 (KHTML, like Gecko) Chrome/52.0.2743.116 Safari/537.36"
18.130.247.56 - - [29/Mar/2020:07:49:50 +0300] "GET / HTTP/1.1" 302 283 "-" "Mozilla/5.0 (Linux; Android 6.0.1; CPH1607 Build/MMB29M; wv) AppleWebKit/537.36 (KHTML, like Gecko) Version/4.0 Chrome/63.0.3239.111 Mobile Safari/537.36"
89.222.134.59 - - [29/Mar/2020:07:50:35 +0300] "GET /upload/files/Kuratory_foto/Julya_.jpg HTTP/1.1" 302 320 "-" "Mozilla/5.0 (Windows NT 6.1; Win64; x64) AppleWebKit/537.36 (KHTML, like Gecko) Chrome/80.0.3987.149 Safari/537.36"
89.222.134.59 - - [29/Mar/2020:07:50:36 +0300] "GET /upload/files/Kuratory_foto/Antonova_E_P_1.jpg HTTP/1.1" 302 328 "-" "Mozilla/5.0 (Windows NT 6.1; Win64; x64) AppleWebKit/537.36 (KHTML, like Gecko) Chrome/80.0.3987.149 Safari/537.36"
89.222.134.59 - - [29/Mar/2020:07:50:36 +0300] "GET /upload/files/Kuratory_foto/Xoxlova-2.jpg HTTP/1.1" 302 323 "-" "Mozilla/5.0 (Windows NT 6.1; Win64; x64) AppleWebKit/537.36 (KHTML, like Gecko) Chrome/80.0.3987.149 Safari/537.36"
176.10.104.240 - - [29/Mar/2020:07:50:40 +0300] "GET /upload/files/rub_kontrl2.jpg HTTP/1.1" 302 311 "-" "Mozilla/5.0 (Windows NT 10.0; rv:68.0) Gecko/20100101 Firefox/68.0"
176.10.104.240 - - [29/Mar/2020:07:50:40 +0300] "GET /upload/files/personal-folders/167/inf_v.jpg HTTP/1.1" 302 326 "-" "Mozilla/5.0 (Windows NT 10.0; rv:68.0) Gecko/20100101 Firefox/68.0"
176.10.104.240 - - [29/Mar/2020:07:50:40 +0300] "GET /upload/files/zadolgn_2018.jpg HTTP/1.1" 302 312 "-" "Mozilla/5.0 (Windows NT 10.0; rv:68.0) Gecko/20100101 Firefox/68.0"
176.10.104.240 - - [29/Mar/2020:07:50:40 +0300] "GET /upload/files/Kuratory_foto/Julya_.jpg HTTP/1.1" 302 320 "-" "Mozilla/5.0 (Windows NT 10.0; rv:68.0) Gecko/20100101 Firefox/68.0"
176.10.104.240 - - [29/Mar/2020:07:50:40 +0300] "GET /upload/files/Kuratory_foto/Xoxlova-2.jpg HTTP/1.1" 302 323 "-" "Mozilla/5.0 (Windows NT 10.0; rv:68.0) Gecko/20100101 Firefox/68.0"
176.10.104.240 - - [29/Mar/2020:07:50:40 +0300] "GET /upload/files/Kuratory_foto/Antonova_E_P_1.jpg HTTP/1.1" 302 328 "-" "Mozilla/5.0 (Windows NT 10.0; rv:68.0) Gecko/20100101 Firefox/68.0"
176.10.104.240 - - [29/Mar/2020:07:50:40 +0300] "GET /upload/files/personal-folders/167/SB.jpg HTTP/1.1" 302 331 "-" "Mozilla/5.0 (Windows NT 10.0; rv:68.0) Gecko/20100101 Firefox/68.0"
176.10.104.240 - - [29/Mar/2020:07:50:40 +0300] "GET /upload/files/oplata.gif HTTP/1.1" 302 306 "-" "Mozilla/5.0 (Windows NT 10.0; rv:68.0) Gecko/20100101 Firefox/68.0"
176.10.104.240 - - [29/Mar/2020:07:50:40 +0300] "GET /upload/files/pod_st_ob.jpg HTTP/1.1" 302 309 "-" "Mozilla/5.0 (Windows NT 10.0; rv:68.0) Gecko/20100101 Firefox/68.0"
176.10.104.240 - - [29/Mar/2020:07:50:40 +0300] "GET /upload/files/rub_kontrl.jpg HTTP/1.1" 302 310 "-" "Mozilla/5.0 (Windows NT 10.0; rv:68.0) Gecko/20100101 Firefox/68.0"
63.143.42.251 - - [29/Mar/2020:07:52:43 +0300] "HEAD / HTTP/1.1" 302 - "http://cito.mgsu.ru/" "Mozilla/5.0+(compatible; UptimeRobot/2.0; http://www.uptimerobot.com/)"
104.236.216.73 - - [29/Mar/2020:07:55:13 +0300] "HEAD / HTTP/1.1" 302 - "-" "downnotifier.com monitoring"
83.97.20.86 - - [29/Mar/2020:07:55:27 +0300] "GET /web_shell_cmd.gch HTTP/1.1" 302 302 "-" "python-requests/2.6.0 CPython/2.6.6 Linux/2.6.32-754.3.5.el6.x86_64"
185.69.126.151 - - [29/Mar/2020:07:56:42 +0300] "GET /upload/files/mgsulogo1-1921.png HTTP/1.1" 302 314 "-" "Mozilla/5.0 (Windows NT 6.1) AppleWebKit/537.36 (KHTML, like Gecko) Chrome/80.0.3987.149 Safari/537.36"
66.249.69.248 - - [29/Mar/2020:07:56:56 +0300] "GET /COURSES/course781/files/pdf/teoria_4_4ast_1.pdf HTTP/1.1" 302 330 "-" "Mozilla/5.0 (Linux; Android 6.0.1; Nexus 5X Build/MMB29P) AppleWebKit/537.36 (KHTML, like Gecko) Chrome/41.0.2272.96 Mobile Safari/537.36 (compatible; Googlebot/2.1; +http://www.google.com/bot.html)"
89.222.134.59 - - [29/Mar/2020:07:57:38 +0300] "GET /upload/files/Kuratory_foto/Julya_.jpg HTTP/1.1" 302 320 "-" "Mozilla/5.0 (Windows NT 6.1; Win64; x64) AppleWebKit/537.36 (KHTML, like Gecko) Chrome/80.0.3987.149 Safari/537.36"
89.222.134.59 - - [29/Mar/2020:07:57:39 +0300] "GET /upload/files/Kuratory_foto/Antonova_E_P_1.jpg HTTP/1.1" 302 328 "-" "Mozilla/5.0 (Windows NT 6.1; Win64; x64) AppleWebKit/537.36 (KHTML, like Gecko) Chrome/80.0.3987.149 Safari/537.36"
89.222.134.59 - - [29/Mar/2020:07:57:39 +0300] "GET /upload/files/Kuratory_foto/Xoxlova-2.jpg HTTP/1.1" 302 323 "-" "Mozilla/5.0 (Windows NT 6.1; Win64; x64) AppleWebKit/537.36 (KHTML, like Gecko) Chrome/80.0.3987.149 Safari/537.36"
63.143.42.251 - - [29/Mar/2020:07:57:43 +0300] "HEAD / HTTP/1.1" 302 - "http://cito.mgsu.ru/" "Mozilla/5.0+(compatible; UptimeRobot/2.0; http://www.uptimerobot.com/)"
