91.79.202.111 - - [29/Mar/2020:18:07:05 +0300] "GET /upload/files/kons_ses.jpg HTTP/1.1" 302 308 "-" "Mozilla/5.0 (Windows NT 6.3; Win64; x64) AppleWebKit/537.36 (KHTML, like Gecko) Chrome/80.0.3987.149 Safari/537.36"
91.79.202.111 - - [29/Mar/2020:18:07:05 +0300] "GET /upload/files/novost_lekcii_1.jpg HTTP/1.1" 302 315 "-" "Mozilla/5.0 (Windows NT 6.3; Win64; x64) AppleWebKit/537.36 (KHTML, like Gecko) Chrome/80.0.3987.149 Safari/537.36"
91.79.202.111 - - [29/Mar/2020:18:07:06 +0300] "GET /upload/files/mgsusmogu.png HTTP/1.1" 302 309 "-" "Mozilla/5.0 (Windows NT 6.3; Win64; x64) AppleWebKit/537.36 (KHTML, like Gecko) Chrome/80.0.3987.149 Safari/537.36"
91.79.202.111 - - [29/Mar/2020:18:07:06 +0300] "GET /upload/files/RK_2018.jpg HTTP/1.1" 302 307 "-" "Mozilla/5.0 (Windows NT 6.3; Win64; x64) AppleWebKit/537.36 (KHTML, like Gecko) Chrome/80.0.3987.149 Safari/537.36"
91.79.202.111 - - [29/Mar/2020:18:07:06 +0300] "GET /upload/files/Kons_2018.jpg HTTP/1.1" 302 309 "-" "Mozilla/5.0 (Windows NT 6.3; Win64; x64) AppleWebKit/537.36 (KHTML, like Gecko) Chrome/80.0.3987.149 Safari/537.36"
91.79.202.111 - - [29/Mar/2020:18:07:06 +0300] "GET /upload/files/inf_stoim.jpg HTTP/1.1" 302 309 "-" "Mozilla/5.0 (Windows NT 6.3; Win64; x64) AppleWebKit/537.36 (KHTML, like Gecko) Chrome/80.0.3987.149 Safari/537.36"
91.79.202.111 - - [29/Mar/2020:18:07:06 +0300] "GET /upload/files/gtaff_UP.jpg HTTP/1.1" 302 308 "-" "Mozilla/5.0 (Windows NT 6.3; Win64; x64) AppleWebKit/537.36 (KHTML, like Gecko) Chrome/80.0.3987.149 Safari/537.36"
91.79.202.111 - - [29/Mar/2020:18:07:06 +0300] "GET /upload/files/ust_lekc.jpg HTTP/1.1" 302 308 "-" "Mozilla/5.0 (Windows NT 6.3; Win64; x64) AppleWebKit/537.36 (KHTML, like Gecko) Chrome/80.0.3987.149 Safari/537.36"
91.79.202.111 - - [29/Mar/2020:18:07:06 +0300] "GET /upload/files/praktika_2017.jpg HTTP/1.1" 302 313 "-" "Mozilla/5.0 (Windows NT 6.3; Win64; x64) AppleWebKit/537.36 (KHTML, like Gecko) Chrome/80.0.3987.149 Safari/537.36"
91.79.202.111 - - [29/Mar/2020:18:07:06 +0300] "GET /upload/files/ses_2_2.jpg HTTP/1.1" 302 307 "-" "Mozilla/5.0 (Windows NT 6.3; Win64; x64) AppleWebKit/537.36 (KHTML, like Gecko) Chrome/80.0.3987.149 Safari/537.36"
91.79.202.111 - - [29/Mar/2020:18:07:06 +0300] "GET /upload/files/vazhnaya_info_01.jpg HTTP/1.1" 302 316 "-" "Mozilla/5.0 (Windows NT 6.3; Win64; x64) AppleWebKit/537.36 (KHTML, like Gecko) Chrome/80.0.3987.149 Safari/537.36"
91.79.202.111 - - [29/Mar/2020:18:07:06 +0300] "GET /upload/files/pictures/info.jpg HTTP/1.1" 302 313 "-" "Mozilla/5.0 (Windows NT 6.3; Win64; x64) AppleWebKit/537.36 (KHTML, like Gecko) Chrome/80.0.3987.149 Safari/537.36"
91.79.202.111 - - [29/Mar/2020:18:07:06 +0300] "GET /upload/files/zadolgn.jpg HTTP/1.1" 302 307 "-" "Mozilla/5.0 (Windows NT 6.3; Win64; x64) AppleWebKit/537.36 (KHTML, like Gecko) Chrome/80.0.3987.149 Safari/537.36"
91.79.202.111 - - [29/Mar/2020:18:07:06 +0300] "GET /upload/files/pictures/sessiya.jpg HTTP/1.1" 302 316 "-" "Mozilla/5.0 (Windows NT 6.3; Win64; x64) AppleWebKit/537.36 (KHTML, like Gecko) Chrome/80.0.3987.149 Safari/537.36"
91.79.202.111 - - [29/Mar/2020:18:07:06 +0300] "GET /upload/files/personal-folders/167/alert.jpg HTTP/1.1" 302 326 "-" "Mozilla/5.0 (Windows NT 6.3; Win64; x64) AppleWebKit/537.36 (KHTML, like Gecko) Chrome/80.0.3987.149 Safari/537.36"
91.79.202.111 - - [29/Mar/2020:18:07:06 +0300] "GET /upload/files/org_sobr.jpg HTTP/1.1" 302 308 "-" "Mozilla/5.0 (Windows NT 6.3; Win64; x64) AppleWebKit/537.36 (KHTML, like Gecko) Chrome/80.0.3987.149 Safari/537.36"
91.79.202.111 - - [29/Mar/2020:18:07:06 +0300] "GET /upload/files/pictures/autocad-for-mac-icon.png HTTP/1.1" 302 329 "-" "Mozilla/5.0 (Windows NT 6.3; Win64; x64) AppleWebKit/537.36 (KHTML, like Gecko) Chrome/80.0.3987.149 Safari/537.36"
91.79.202.111 - - [29/Mar/2020:18:07:06 +0300] "GET /upload/files/personal-folders/Dokumenty_k_praktike/Praktika.png HTTP/1.1" 302 346 "-" "Mozilla/5.0 (Windows NT 6.3; Win64; x64) AppleWebKit/537.36 (KHTML, like Gecko) Chrome/80.0.3987.149 Safari/537.36"
91.79.202.111 - - [29/Mar/2020:18:07:06 +0300] "GET /upload/files/personal-folders/167/rekv_new_3.jpg HTTP/1.1" 302 331 "-" "Mozilla/5.0 (Windows NT 6.3; Win64; x64) AppleWebKit/537.36 (KHTML, like Gecko) Chrome/80.0.3987.149 Safari/537.36"
91.79.39.255 - - [29/Mar/2020:18:07:19 +0300] "GET / HTTP/1.1" 302 283 "-" "Mozilla/5.0 (Windows NT 10.0; Win64; x64) AppleWebKit/537.36 (KHTML, like Gecko) Chrome/70.0.3538.102 Safari/537.36 Edge/18.18362"
23.227.142.146 - - [29/Mar/2020:18:07:25 +0300] "GET /upload/files/mgsulogo1-1921.png HTTP/1.1" 302 314 "-" "Mozilla/5.0 (Macintosh; Intel Mac OS X 10_14_6) AppleWebKit/537.36 (KHTML, like Gecko) Chrome/80.0.3987.149 Safari/537.36"
185.196.31.197 - - [29/Mar/2020:18:07:39 +0300] "GET /upload/files/mgsulogo1-1921.png HTTP/1.1" 302 314 "-" "Mozilla/5.0 (Windows NT 10.0; Win64; x64) AppleWebKit/537.36 (KHTML, like Gecko) Chrome/80.0.3987.149 Safari/537.36"
91.79.202.111 - - [29/Mar/2020:18:07:41 +0300] "GET /upload/files/mgsulogo1-1921.png HTTP/1.1" 302 314 "-" "Mozilla/5.0 (Windows NT 6.3; Win64; x64) AppleWebKit/537.36 (KHTML, like Gecko) Chrome/80.0.3987.149 Safari/537.36"
63.143.42.251 - - [29/Mar/2020:18:07:42 +0300] "HEAD / HTTP/1.1" 302 - "http://cito.mgsu.ru/" "Mozilla/5.0+(compatible; UptimeRobot/2.0; http://www.uptimerobot.com/)"
171.67.70.85 - - [29/Mar/2020:18:08:10 +0300] "GET / HTTP/1.1" 302 285 "-" "Mozilla/5.0 zgrab/0.x"
91.79.202.111 - - [29/Mar/2020:18:08:24 +0300] "GET /upload/files/mgsulogo1-1921.png HTTP/1.1" 302 314 "-" "Mozilla/5.0 (Windows NT 6.3; Win64; x64) AppleWebKit/537.36 (KHTML, like Gecko) Chrome/80.0.3987.149 Safari/537.36"
176.14.233.43 - - [29/Mar/2020:18:08:34 +0300] "GET /upload/files/Kuratory_foto/Julya_.jpg HTTP/1.1" 302 320 "-" "Mozilla/5.0 (Windows NT 10.0; Win64; x64) AppleWebKit/537.36 (KHTML, like Gecko) Chrome/80.0.3987.132 Safari/537.36 OPR/67.0.3575.79"
176.14.233.43 - - [29/Mar/2020:18:08:34 +0300] "GET /upload/files/Kuratory_foto/Antonova_E_P_1.jpg HTTP/1.1" 302 328 "-" "Mozilla/5.0 (Windows NT 10.0; Win64; x64) AppleWebKit/537.36 (KHTML, like Gecko) Chrome/80.0.3987.132 Safari/537.36 OPR/67.0.3575.79"
176.14.233.43 - - [29/Mar/2020:18:08:34 +0300] "GET /upload/files/Kuratory_foto/Xoxlova-2.jpg HTTP/1.1" 302 323 "-" "Mozilla/5.0 (Windows NT 10.0; Win64; x64) AppleWebKit/537.36 (KHTML, like Gecko) Chrome/80.0.3987.132 Safari/537.36 OPR/67.0.3575.79"
5.139.191.245 - - [29/Mar/2020:18:08:35 +0300] "GET /upload/files/mgsulogo1-1921.png HTTP/1.1" 302 314 "-" "Mozilla/5.0 (Windows NT 6.1; WOW64) AppleWebKit/537.36 (KHTML, like Gecko) Chrome/80.0.3987.132 Safari/537.36 OPR/67.0.3575.97 (Edition Yx)"
185.196.31.197 - - [29/Mar/2020:18:08:46 +0300] "GET / HTTP/1.1" 302 283 "-" "Mozilla/5.0 (Windows NT 10.0; Win64; x64) AppleWebKit/537.36 (KHTML, like Gecko) Chrome/80.0.3987.149 Safari/537.36"
54.39.179.39 - - [29/Mar/2020:18:08:56 +0300] "GET / HTTP/1.1" 302 283 "-" "Mozilla/5.0 (Windows NT 6.1; WOW64) AppleWebKit/537.36 (KHTML, like Gecko) Chrome/80.0.3987.132 YaBrowser/20.3.1.197 Yowser/2.5 Safari/537.36"
91.79.39.255 - - [29/Mar/2020:18:09:00 +0300] "GET /upload/files/mgsulogo1-1921.png HTTP/1.1" 302 314 "-" "Mozilla/5.0 (Windows NT 10.0; Win64; x64) AppleWebKit/537.36 (KHTML, like Gecko) Chrome/70.0.3538.102 Safari/537.36 Edge/18.18362"
91.79.39.255 - - [29/Mar/2020:18:09:00 +0300] "GET /upload/files/personal-folders/16063/education_bg.jpg HTTP/1.1" 302 335 "-" "Mozilla/5.0 (Windows NT 10.0; Win64; x64) AppleWebKit/537.36 (KHTML, like Gecko) Chrome/70.0.3538.102 Safari/537.36 Edge/18.18362"
54.39.179.39 - - [29/Mar/2020:18:09:00 +0300] "GET /upload/files/Kuratory_foto/Julya_.jpg HTTP/1.1" 302 320 "-" "Mozilla/5.0 (Windows NT 6.1; WOW64) AppleWebKit/537.36 (KHTML, like Gecko) Chrome/80.0.3987.132 YaBrowser/20.3.1.197 Yowser/2.5 Safari/537.36"
54.39.179.39 - - [29/Mar/2020:18:09:00 +0300] "GET /upload/files/Kuratory_foto/Antonova_E_P_1.jpg HTTP/1.1" 302 328 "-" "Mozilla/5.0 (Windows NT 6.1; WOW64) AppleWebKit/537.36 (KHTML, like Gecko) Chrome/80.0.3987.132 YaBrowser/20.3.1.197 Yowser/2.5 Safari/537.36"
54.39.179.39 - - [29/Mar/2020:18:09:00 +0300] "GET /upload/files/Kuratory_foto/Xoxlova-2.jpg HTTP/1.1" 302 323 "-" "Mozilla/5.0 (Windows NT 6.1; WOW64) AppleWebKit/537.36 (KHTML, like Gecko) Chrome/80.0.3987.132 YaBrowser/20.3.1.197 Yowser/2.5 Safari/537.36"
54.39.179.39 - - [29/Mar/2020:18:09:00 +0300] "GET /upload/files/personal-folders/167/inf_v.jpg HTTP/1.1" 302 326 "-" "Mozilla/5.0 (Windows NT 6.1; WOW64) AppleWebKit/537.36 (KHTML, like Gecko) Chrome/80.0.3987.132 YaBrowser/20.3.1.197 Yowser/2.5 Safari/537.36"
54.39.179.39 - - [29/Mar/2020:18:09:00 +0300] "GET /upload/files/rub_kontrl2.jpg HTTP/1.1" 302 311 "-" "Mozilla/5.0 (Windows NT 6.1; WOW64) AppleWebKit/537.36 (KHTML, like Gecko) Chrome/80.0.3987.132 YaBrowser/20.3.1.197 Yowser/2.5 Safari/537.36"
54.39.179.39 - - [29/Mar/2020:18:09:00 +0300] "GET /upload/files/zadolgn_2018.jpg HTTP/1.1" 302 312 "-" "Mozilla/5.0 (Windows NT 6.1; WOW64) AppleWebKit/537.36 (KHTML, like Gecko) Chrome/80.0.3987.132 YaBrowser/20.3.1.197 Yowser/2.5 Safari/537.36"
54.39.179.39 - - [29/Mar/2020:18:09:01 +0300] "GET /upload/files/rub_kontrl.jpg HTTP/1.1" 302 310 "-" "Mozilla/5.0 (Windows NT 6.1; WOW64) AppleWebKit/537.36 (KHTML, like Gecko) Chrome/80.0.3987.132 YaBrowser/20.3.1.197 Yowser/2.5 Safari/537.36"
54.39.179.39 - - [29/Mar/2020:18:09:01 +0300] "GET /upload/files/oplata.gif HTTP/1.1" 302 306 "-" "Mozilla/5.0 (Windows NT 6.1; WOW64) AppleWebKit/537.36 (KHTML, like Gecko) Chrome/80.0.3987.132 YaBrowser/20.3.1.197 Yowser/2.5 Safari/537.36"
54.39.179.39 - - [29/Mar/2020:18:09:01 +0300] "GET /upload/files/pod_st_ob.jpg HTTP/1.1" 302 309 "-" "Mozilla/5.0 (Windows NT 6.1; WOW64) AppleWebKit/537.36 (KHTML, like Gecko) Chrome/80.0.3987.132 YaBrowser/20.3.1.197 Yowser/2.5 Safari/537.36"
54.39.179.39 - - [29/Mar/2020:18:09:01 +0300] "GET /upload/files/kons_ses.jpg HTTP/1.1" 302 308 "-" "Mozilla/5.0 (Windows NT 6.1; WOW64) AppleWebKit/537.36 (KHTML, like Gecko) Chrome/80.0.3987.132 YaBrowser/20.3.1.197 Yowser/2.5 Safari/537.36"
54.39.179.39 - - [29/Mar/2020:18:09:01 +0300] "GET /upload/files/sessia_ido_rs.jpg HTTP/1.1" 302 313 "-" "Mozilla/5.0 (Windows NT 6.1; WOW64) AppleWebKit/537.36 (KHTML, like Gecko) Chrome/80.0.3987.132 YaBrowser/20.3.1.197 Yowser/2.5 Safari/537.36"
54.39.179.39 - - [29/Mar/2020:18:09:01 +0300] "GET /upload/files/novost_lekcii_1.jpg HTTP/1.1" 302 315 "-" "Mozilla/5.0 (Windows NT 6.1; WOW64) AppleWebKit/537.36 (KHTML, like Gecko) Chrome/80.0.3987.132 YaBrowser/20.3.1.197 Yowser/2.5 Safari/537.36"
54.39.179.39 - - [29/Mar/2020:18:09:02 +0300] "GET /upload/files/mgsusmogu.png HTTP/1.1" 302 309 "-" "Mozilla/5.0 (Windows NT 6.1; WOW64) AppleWebKit/537.36 (KHTML, like Gecko) Chrome/80.0.3987.132 YaBrowser/20.3.1.197 Yowser/2.5 Safari/537.36"
54.39.179.39 - - [29/Mar/2020:18:09:02 +0300] "GET /upload/files/Kons_2018.jpg HTTP/1.1" 302 309 "-" "Mozilla/5.0 (Windows NT 6.1; WOW64) AppleWebKit/537.36 (KHTML, like Gecko) Chrome/80.0.3987.132 YaBrowser/20.3.1.197 Yowser/2.5 Safari/537.36"
54.39.179.39 - - [29/Mar/2020:18:09:03 +0300] "GET /upload/files/ust_lekc.jpg HTTP/1.1" 302 308 "-" "Mozilla/5.0 (Windows NT 6.1; WOW64) AppleWebKit/537.36 (KHTML, like Gecko) Chrome/80.0.3987.132 YaBrowser/20.3.1.197 Yowser/2.5 Safari/537.36"
54.39.179.39 - - [29/Mar/2020:18:09:03 +0300] "GET /upload/files/gtaff_UP.jpg HTTP/1.1" 302 308 "-" "Mozilla/5.0 (Windows NT 6.1; WOW64) AppleWebKit/537.36 (KHTML, like Gecko) Chrome/80.0.3987.132 YaBrowser/20.3.1.197 Yowser/2.5 Safari/537.36"
54.39.179.39 - - [29/Mar/2020:18:09:03 +0300] "GET /upload/files/praktika_2017.jpg HTTP/1.1" 302 313 "-" "Mozilla/5.0 (Windows NT 6.1; WOW64) AppleWebKit/537.36 (KHTML, like Gecko) Chrome/80.0.3987.132 YaBrowser/20.3.1.197 Yowser/2.5 Safari/537.36"
54.39.179.39 - - [29/Mar/2020:18:09:03 +0300] "GET /upload/files/RK_2018.jpg HTTP/1.1" 302 307 "-" "Mozilla/5.0 (Windows NT 6.1; WOW64) AppleWebKit/537.36 (KHTML, like Gecko) Chrome/80.0.3987.132 YaBrowser/20.3.1.197 Yowser/2.5 Safari/537.36"
54.39.179.39 - - [29/Mar/2020:18:09:03 +0300] "GET /upload/files/inf_stoim.jpg HTTP/1.1" 302 309 "-" "Mozilla/5.0 (Windows NT 6.1; WOW64) AppleWebKit/537.36 (KHTML, like Gecko) Chrome/80.0.3987.132 YaBrowser/20.3.1.197 Yowser/2.5 Safari/537.36"
54.39.179.39 - - [29/Mar/2020:18:09:03 +0300] "GET /upload/files/ses_2_2.jpg HTTP/1.1" 302 307 "-" "Mozilla/5.0 (Windows NT 6.1; WOW64) AppleWebKit/537.36 (KHTML, like Gecko) Chrome/80.0.3987.132 YaBrowser/20.3.1.197 Yowser/2.5 Safari/537.36"
94.25.162.184 - - [29/Mar/2020:18:09:03 +0300] "GET /upload/files/personal-folders/167/SB.jpg HTTP/1.1" 302 331 "-" "Mozilla/5.0 (Windows NT 6.1; WOW64) AppleWebKit/537.36 (KHTML, like Gecko) Chrome/80.0.3987.132 YaBrowser/20.3.1.197 Yowser/2.5 Safari/537.36"
54.39.179.39 - - [29/Mar/2020:18:09:04 +0300] "GET /upload/files/vazhnaya_info_01.jpg HTTP/1.1" 302 316 "-" "Mozilla/5.0 (Windows NT 6.1; WOW64) AppleWebKit/537.36 (KHTML, like Gecko) Chrome/80.0.3987.132 YaBrowser/20.3.1.197 Yowser/2.5 Safari/537.36"
54.39.179.39 - - [29/Mar/2020:18:09:04 +0300] "GET /upload/files/zadolgn.jpg HTTP/1.1" 302 307 "-" "Mozilla/5.0 (Windows NT 6.1; WOW64) AppleWebKit/537.36 (KHTML, like Gecko) Chrome/80.0.3987.132 YaBrowser/20.3.1.197 Yowser/2.5 Safari/537.36"
54.39.179.39 - - [29/Mar/2020:18:09:04 +0300] "GET /upload/files/pictures/info.jpg HTTP/1.1" 302 313 "-" "Mozilla/5.0 (Windows NT 6.1; WOW64) AppleWebKit/537.36 (KHTML, like Gecko) Chrome/80.0.3987.132 YaBrowser/20.3.1.197 Yowser/2.5 Safari/537.36"
54.39.179.39 - - [29/Mar/2020:18:09:04 +0300] "GET /upload/files/pictures/sessiya.jpg HTTP/1.1" 302 316 "-" "Mozilla/5.0 (Windows NT 6.1; WOW64) AppleWebKit/537.36 (KHTML, like Gecko) Chrome/80.0.3987.132 YaBrowser/20.3.1.197 Yowser/2.5 Safari/537.36"
54.39.179.39 - - [29/Mar/2020:18:09:04 +0300] "GET /upload/files/personal-folders/167/alert.jpg HTTP/1.1" 302 326 "-" "Mozilla/5.0 (Windows NT 6.1; WOW64) AppleWebKit/537.36 (KHTML, like Gecko) Chrome/80.0.3987.132 YaBrowser/20.3.1.197 Yowser/2.5 Safari/537.36"
54.39.179.39 - - [29/Mar/2020:18:09:04 +0300] "GET /upload/files/org_sobr.jpg HTTP/1.1" 302 308 "-" "Mozilla/5.0 (Windows NT 6.1; WOW64) AppleWebKit/537.36 (KHTML, like Gecko) Chrome/80.0.3987.132 YaBrowser/20.3.1.197 Yowser/2.5 Safari/537.36"
54.39.179.39 - - [29/Mar/2020:18:09:04 +0300] "GET /upload/files/personal-folders/167/rekv_new_3.jpg HTTP/1.1" 302 331 "-" "Mozilla/5.0 (Windows NT 6.1; WOW64) AppleWebKit/537.36 (KHTML, like Gecko) Chrome/80.0.3987.132 YaBrowser/20.3.1.197 Yowser/2.5 Safari/537.36"
54.39.179.39 - - [29/Mar/2020:18:09:04 +0300] "GET /upload/files/pictures/autocad-for-mac-icon.png HTTP/1.1" 302 329 "-" "Mozilla/5.0 (Windows NT 6.1; WOW64) AppleWebKit/537.36 (KHTML, like Gecko) Chrome/80.0.3987.132 YaBrowser/20.3.1.197 Yowser/2.5 Safari/537.36"
54.39.179.39 - - [29/Mar/2020:18:09:05 +0300] "GET /upload/files/personal-folders/Dokumenty_k_praktike/Praktika.png HTTP/1.1" 302 346 "-" "Mozilla/5.0 (Windows NT 6.1; WOW64) AppleWebKit/537.36 (KHTML, like Gecko) Chrome/80.0.3987.132 YaBrowser/20.3.1.197 Yowser/2.5 Safari/537.36"
176.111.79.135 - - [29/Mar/2020:18:09:09 +0300] "GET /upload/files/Kuratory_foto/Julya_.jpg HTTP/1.1" 302 320 "-" "Mozilla/5.0 (Windows NT 10.0; Win64; x64) AppleWebKit/537.36 (KHTML, like Gecko) Chrome/80.0.3987.149 Safari/537.36"
176.111.79.135 - - [29/Mar/2020:18:09:09 +0300] "GET /upload/files/Kuratory_foto/Xoxlova-2.jpg HTTP/1.1" 302 323 "-" "Mozilla/5.0 (Windows NT 10.0; Win64; x64) AppleWebKit/537.36 (KHTML, like Gecko) Chrome/80.0.3987.149 Safari/537.36"
176.111.79.135 - - [29/Mar/2020:18:09:09 +0300] "GET /upload/files/personal-folders/167/inf_v.jpg HTTP/1.1" 302 326 "-" "Mozilla/5.0 (Windows NT 10.0; Win64; x64) AppleWebKit/537.36 (KHTML, like Gecko) Chrome/80.0.3987.149 Safari/537.36"
176.111.79.135 - - [29/Mar/2020:18:09:09 +0300] "GET /upload/files/Kuratory_foto/Antonova_E_P_1.jpg HTTP/1.1" 302 328 "-" "Mozilla/5.0 (Windows NT 10.0; Win64; x64) AppleWebKit/537.36 (KHTML, like Gecko) Chrome/80.0.3987.149 Safari/537.36"
176.111.79.135 - - [29/Mar/2020:18:09:09 +0300] "GET /upload/files/rub_kontrl2.jpg HTTP/1.1" 302 311 "-" "Mozilla/5.0 (Windows NT 10.0; Win64; x64) AppleWebKit/537.36 (KHTML, like Gecko) Chrome/80.0.3987.149 Safari/537.36"
176.111.79.135 - - [29/Mar/2020:18:09:09 +0300] "GET /upload/files/zadolgn_2018.jpg HTTP/1.1" 302 312 "-" "Mozilla/5.0 (Windows NT 10.0; Win64; x64) AppleWebKit/537.36 (KHTML, like Gecko) Chrome/80.0.3987.149 Safari/537.36"
176.111.79.135 - - [29/Mar/2020:18:09:09 +0300] "GET /upload/files/rub_kontrl.jpg HTTP/1.1" 302 310 "-" "Mozilla/5.0 (Windows NT 10.0; Win64; x64) AppleWebKit/537.36 (KHTML, like Gecko) Chrome/80.0.3987.149 Safari/537.36"
176.111.79.135 - - [29/Mar/2020:18:09:09 +0300] "GET /upload/files/personal-folders/167/SB.jpg HTTP/1.1" 302 331 "-" "Mozilla/5.0 (Windows NT 10.0; Win64; x64) AppleWebKit/537.36 (KHTML, like Gecko) Chrome/80.0.3987.149 Safari/537.36"
176.111.79.135 - - [29/Mar/2020:18:09:09 +0300] "GET /upload/files/oplata.gif HTTP/1.1" 302 306 "-" "Mozilla/5.0 (Windows NT 10.0; Win64; x64) AppleWebKit/537.36 (KHTML, like Gecko) Chrome/80.0.3987.149 Safari/537.36"
176.111.79.135 - - [29/Mar/2020:18:09:09 +0300] "GET /upload/files/pod_st_ob.jpg HTTP/1.1" 302 309 "-" "Mozilla/5.0 (Windows NT 10.0; Win64; x64) AppleWebKit/537.36 (KHTML, like Gecko) Chrome/80.0.3987.149 Safari/537.36"
176.111.79.135 - - [29/Mar/2020:18:09:09 +0300] "GET /upload/files/sessia_ido_rs.jpg HTTP/1.1" 302 313 "-" "Mozilla/5.0 (Windows NT 10.0; Win64; x64) AppleWebKit/537.36 (KHTML, like Gecko) Chrome/80.0.3987.149 Safari/537.36"
176.111.79.135 - - [29/Mar/2020:18:09:09 +0300] "GET /upload/files/kons_ses.jpg HTTP/1.1" 302 308 "-" "Mozilla/5.0 (Windows NT 10.0; Win64; x64) AppleWebKit/537.36 (KHTML, like Gecko) Chrome/80.0.3987.149 Safari/537.36"
176.111.79.135 - - [29/Mar/2020:18:09:09 +0300] "GET /upload/files/novost_lekcii_1.jpg HTTP/1.1" 302 315 "-" "Mozilla/5.0 (Windows NT 10.0; Win64; x64) AppleWebKit/537.36 (KHTML, like Gecko) Chrome/80.0.3987.149 Safari/537.36"
176.111.79.135 - - [29/Mar/2020:18:09:09 +0300] "GET /upload/files/mgsusmogu.png HTTP/1.1" 302 309 "-" "Mozilla/5.0 (Windows NT 10.0; Win64; x64) AppleWebKit/537.36 (KHTML, like Gecko) Chrome/80.0.3987.149 Safari/537.36"
176.111.79.135 - - [29/Mar/2020:18:09:09 +0300] "GET /upload/files/Kons_2018.jpg HTTP/1.1" 302 309 "-" "Mozilla/5.0 (Windows NT 10.0; Win64; x64) AppleWebKit/537.36 (KHTML, like Gecko) Chrome/80.0.3987.149 Safari/537.36"
176.111.79.135 - - [29/Mar/2020:18:09:10 +0300] "GET /upload/files/RK_2018.jpg HTTP/1.1" 302 307 "-" "Mozilla/5.0 (Windows NT 10.0; Win64; x64) AppleWebKit/537.36 (KHTML, like Gecko) Chrome/80.0.3987.149 Safari/537.36"
176.111.79.135 - - [29/Mar/2020:18:09:10 +0300] "GET /upload/files/inf_stoim.jpg HTTP/1.1" 302 309 "-" "Mozilla/5.0 (Windows NT 10.0; Win64; x64) AppleWebKit/537.36 (KHTML, like Gecko) Chrome/80.0.3987.149 Safari/537.36"
176.111.79.135 - - [29/Mar/2020:18:09:10 +0300] "GET /upload/files/ust_lekc.jpg HTTP/1.1" 302 308 "-" "Mozilla/5.0 (Windows NT 10.0; Win64; x64) AppleWebKit/537.36 (KHTML, like Gecko) Chrome/80.0.3987.149 Safari/537.36"
176.111.79.135 - - [29/Mar/2020:18:09:10 +0300] "GET /upload/files/gtaff_UP.jpg HTTP/1.1" 302 308 "-" "Mozilla/5.0 (Windows NT 10.0; Win64; x64) AppleWebKit/537.36 (KHTML, like Gecko) Chrome/80.0.3987.149 Safari/537.36"
91.79.202.111 - - [29/Mar/2020:18:09:10 +0300] "GET /upload/files/mgsulogo1-1921.png HTTP/1.1" 302 314 "-" "Mozilla/5.0 (Windows NT 6.3; Win64; x64) AppleWebKit/537.36 (KHTML, like Gecko) Chrome/80.0.3987.149 Safari/537.36"
176.111.79.135 - - [29/Mar/2020:18:09:10 +0300] "GET /upload/files/praktika_2017.jpg HTTP/1.1" 302 313 "-" "Mozilla/5.0 (Windows NT 10.0; Win64; x64) AppleWebKit/537.36 (KHTML, like Gecko) Chrome/80.0.3987.149 Safari/537.36"
176.111.79.135 - - [29/Mar/2020:18:09:10 +0300] "GET /upload/files/ses_2_2.jpg HTTP/1.1" 302 307 "-" "Mozilla/5.0 (Windows NT 10.0; Win64; x64) AppleWebKit/537.36 (KHTML, like Gecko) Chrome/80.0.3987.149 Safari/537.36"
176.111.79.135 - - [29/Mar/2020:18:09:10 +0300] "GET /upload/files/vazhnaya_info_01.jpg HTTP/1.1" 302 316 "-" "Mozilla/5.0 (Windows NT 10.0; Win64; x64) AppleWebKit/537.36 (KHTML, like Gecko) Chrome/80.0.3987.149 Safari/537.36"
176.111.79.135 - - [29/Mar/2020:18:09:10 +0300] "GET /upload/files/zadolgn.jpg HTTP/1.1" 302 307 "-" "Mozilla/5.0 (Windows NT 10.0; Win64; x64) AppleWebKit/537.36 (KHTML, like Gecko) Chrome/80.0.3987.149 Safari/537.36"
176.111.79.135 - - [29/Mar/2020:18:09:10 +0300] "GET /upload/files/pictures/info.jpg HTTP/1.1" 302 313 "-" "Mozilla/5.0 (Windows NT 10.0; Win64; x64) AppleWebKit/537.36 (KHTML, like Gecko) Chrome/80.0.3987.149 Safari/537.36"
176.111.79.135 - - [29/Mar/2020:18:09:10 +0300] "GET /upload/files/pictures/sessiya.jpg HTTP/1.1" 302 316 "-" "Mozilla/5.0 (Windows NT 10.0; Win64; x64) AppleWebKit/537.36 (KHTML, like Gecko) Chrome/80.0.3987.149 Safari/537.36"
176.111.79.135 - - [29/Mar/2020:18:09:10 +0300] "GET /upload/files/personal-folders/167/alert.jpg HTTP/1.1" 302 326 "-" "Mozilla/5.0 (Windows NT 10.0; Win64; x64) AppleWebKit/537.36 (KHTML, like Gecko) Chrome/80.0.3987.149 Safari/537.36"
176.111.79.135 - - [29/Mar/2020:18:09:10 +0300] "GET /upload/files/personal-folders/Dokumenty_k_praktike/Praktika.png HTTP/1.1" 302 346 "-" "Mozilla/5.0 (Windows NT 10.0; Win64; x64) AppleWebKit/537.36 (KHTML, like Gecko) Chrome/80.0.3987.149 Safari/537.36"
176.111.79.135 - - [29/Mar/2020:18:09:10 +0300] "GET /upload/files/org_sobr.jpg HTTP/1.1" 302 308 "-" "Mozilla/5.0 (Windows NT 10.0; Win64; x64) AppleWebKit/537.36 (KHTML, like Gecko) Chrome/80.0.3987.149 Safari/537.36"
176.111.79.135 - - [29/Mar/2020:18:09:10 +0300] "GET /upload/files/personal-folders/167/rekv_new_3.jpg HTTP/1.1" 302 331 "-" "Mozilla/5.0 (Windows NT 10.0; Win64; x64) AppleWebKit/537.36 (KHTML, like Gecko) Chrome/80.0.3987.149 Safari/537.36"
176.111.79.135 - - [29/Mar/2020:18:09:10 +0300] "GET /upload/files/pictures/autocad-for-mac-icon.png HTTP/1.1" 302 329 "-" "Mozilla/5.0 (Windows NT 10.0; Win64; x64) AppleWebKit/537.36 (KHTML, like Gecko) Chrome/80.0.3987.149 Safari/537.36"
91.79.39.255 - - [29/Mar/2020:18:09:12 +0300] "GET / HTTP/1.1" 302 283 "-" "Mozilla/5.0 (Windows NT 10.0; Win64; x64) AppleWebKit/537.36 (KHTML, like Gecko) Chrome/70.0.3538.102 Safari/537.36 Edge/18.18362"
185.196.31.197 - - [29/Mar/2020:18:09:13 +0300] "GET /upload/files/mgsulogo1-1921.png HTTP/1.1" 302 314 "-" "Mozilla/5.0 (Windows NT 10.0; Win64; x64) AppleWebKit/537.36 (KHTML, like Gecko) Chrome/80.0.3987.149 Safari/537.36"
54.39.179.39 - - [29/Mar/2020:18:09:19 +0300] "GET /upload/files/Kuratory_foto/Julya_.jpg HTTP/1.1" 302 320 "-" "Mozilla/5.0 (Windows NT 6.1; WOW64) AppleWebKit/537.36 (KHTML, like Gecko) Chrome/80.0.3987.132 YaBrowser/20.3.1.197 Yowser/2.5 Safari/537.36"
54.39.179.39 - - [29/Mar/2020:18:09:20 +0300] "GET /upload/files/Kuratory_foto/Antonova_E_P_1.jpg HTTP/1.1" 302 328 "-" "Mozilla/5.0 (Windows NT 6.1; WOW64) AppleWebKit/537.36 (KHTML, like Gecko) Chrome/80.0.3987.132 YaBrowser/20.3.1.197 Yowser/2.5 Safari/537.36"
54.39.179.39 - - [29/Mar/2020:18:09:20 +0300] "GET /upload/files/Kuratory_foto/Xoxlova-2.jpg HTTP/1.1" 302 323 "-" "Mozilla/5.0 (Windows NT 6.1; WOW64) AppleWebKit/537.36 (KHTML, like Gecko) Chrome/80.0.3987.132 YaBrowser/20.3.1.197 Yowser/2.5 Safari/537.36"
54.39.179.39 - - [29/Mar/2020:18:09:20 +0300] "GET /upload/files/personal-folders/167/inf_v.jpg HTTP/1.1" 302 326 "-" "Mozilla/5.0 (Windows NT 6.1; WOW64) AppleWebKit/537.36 (KHTML, like Gecko) Chrome/80.0.3987.132 YaBrowser/20.3.1.197 Yowser/2.5 Safari/537.36"
54.39.179.39 - - [29/Mar/2020:18:09:20 +0300] "GET /upload/files/rub_kontrl2.jpg HTTP/1.1" 302 311 "-" "Mozilla/5.0 (Windows NT 6.1; WOW64) AppleWebKit/537.36 (KHTML, like Gecko) Chrome/80.0.3987.132 YaBrowser/20.3.1.197 Yowser/2.5 Safari/537.36"
54.39.179.39 - - [29/Mar/2020:18:09:20 +0300] "GET /upload/files/zadolgn_2018.jpg HTTP/1.1" 302 312 "-" "Mozilla/5.0 (Windows NT 6.1; WOW64) AppleWebKit/537.36 (KHTML, like Gecko) Chrome/80.0.3987.132 YaBrowser/20.3.1.197 Yowser/2.5 Safari/537.36"
54.39.179.39 - - [29/Mar/2020:18:09:20 +0300] "GET /upload/files/rub_kontrl.jpg HTTP/1.1" 302 310 "-" "Mozilla/5.0 (Windows NT 6.1; WOW64) AppleWebKit/537.36 (KHTML, like Gecko) Chrome/80.0.3987.132 YaBrowser/20.3.1.197 Yowser/2.5 Safari/537.36"
94.25.162.184 - - [29/Mar/2020:18:09:21 +0300] "GET /upload/files/personal-folders/167/SB.jpg HTTP/1.1" 302 331 "-" "Mozilla/5.0 (Windows NT 6.1; WOW64) AppleWebKit/537.36 (KHTML, like Gecko) Chrome/80.0.3987.132 YaBrowser/20.3.1.197 Yowser/2.5 Safari/537.36"
54.39.179.39 - - [29/Mar/2020:18:09:21 +0300] "GET /upload/files/oplata.gif HTTP/1.1" 302 306 "-" "Mozilla/5.0 (Windows NT 6.1; WOW64) AppleWebKit/537.36 (KHTML, like Gecko) Chrome/80.0.3987.132 YaBrowser/20.3.1.197 Yowser/2.5 Safari/537.36"
54.39.179.39 - - [29/Mar/2020:18:09:21 +0300] "GET /upload/files/pod_st_ob.jpg HTTP/1.1" 302 309 "-" "Mozilla/5.0 (Windows NT 6.1; WOW64) AppleWebKit/537.36 (KHTML, like Gecko) Chrome/80.0.3987.132 YaBrowser/20.3.1.197 Yowser/2.5 Safari/537.36"
54.39.179.39 - - [29/Mar/2020:18:09:21 +0300] "GET /upload/files/sessia_ido_rs.jpg HTTP/1.1" 302 313 "-" "Mozilla/5.0 (Windows NT 6.1; WOW64) AppleWebKit/537.36 (KHTML, like Gecko) Chrome/80.0.3987.132 YaBrowser/20.3.1.197 Yowser/2.5 Safari/537.36"
54.39.179.39 - - [29/Mar/2020:18:09:21 +0300] "GET /upload/files/kons_ses.jpg HTTP/1.1" 302 308 "-" "Mozilla/5.0 (Windows NT 6.1; WOW64) AppleWebKit/537.36 (KHTML, like Gecko) Chrome/80.0.3987.132 YaBrowser/20.3.1.197 Yowser/2.5 Safari/537.36"
54.39.179.39 - - [29/Mar/2020:18:09:21 +0300] "GET /upload/files/novost_lekcii_1.jpg HTTP/1.1" 302 315 "-" "Mozilla/5.0 (Windows NT 6.1; WOW64) AppleWebKit/537.36 (KHTML, like Gecko) Chrome/80.0.3987.132 YaBrowser/20.3.1.197 Yowser/2.5 Safari/537.36"
54.39.179.39 - - [29/Mar/2020:18:09:21 +0300] "GET /upload/files/mgsusmogu.png HTTP/1.1" 302 309 "-" "Mozilla/5.0 (Windows NT 6.1; WOW64) AppleWebKit/537.36 (KHTML, like Gecko) Chrome/80.0.3987.132 YaBrowser/20.3.1.197 Yowser/2.5 Safari/537.36"
54.39.179.39 - - [29/Mar/2020:18:09:21 +0300] "GET /upload/files/Kons_2018.jpg HTTP/1.1" 302 309 "-" "Mozilla/5.0 (Windows NT 6.1; WOW64) AppleWebKit/537.36 (KHTML, like Gecko) Chrome/80.0.3987.132 YaBrowser/20.3.1.197 Yowser/2.5 Safari/537.36"
54.39.179.39 - - [29/Mar/2020:18:09:22 +0300] "GET /upload/files/RK_2018.jpg HTTP/1.1" 302 307 "-" "Mozilla/5.0 (Windows NT 6.1; WOW64) AppleWebKit/537.36 (KHTML, like Gecko) Chrome/80.0.3987.132 YaBrowser/20.3.1.197 Yowser/2.5 Safari/537.36"
54.39.179.39 - - [29/Mar/2020:18:09:22 +0300] "GET /upload/files/ust_lekc.jpg HTTP/1.1" 302 308 "-" "Mozilla/5.0 (Windows NT 6.1; WOW64) AppleWebKit/537.36 (KHTML, like Gecko) Chrome/80.0.3987.132 YaBrowser/20.3.1.197 Yowser/2.5 Safari/537.36"
54.39.179.39 - - [29/Mar/2020:18:09:22 +0300] "GET /upload/files/gtaff_UP.jpg HTTP/1.1" 302 308 "-" "Mozilla/5.0 (Windows NT 6.1; WOW64) AppleWebKit/537.36 (KHTML, like Gecko) Chrome/80.0.3987.132 YaBrowser/20.3.1.197 Yowser/2.5 Safari/537.36"
54.39.179.39 - - [29/Mar/2020:18:09:22 +0300] "GET /upload/files/praktika_2017.jpg HTTP/1.1" 302 313 "-" "Mozilla/5.0 (Windows NT 6.1; WOW64) AppleWebKit/537.36 (KHTML, like Gecko) Chrome/80.0.3987.132 YaBrowser/20.3.1.197 Yowser/2.5 Safari/537.36"
54.39.179.39 - - [29/Mar/2020:18:09:22 +0300] "GET /upload/files/ses_2_2.jpg HTTP/1.1" 302 307 "-" "Mozilla/5.0 (Windows NT 6.1; WOW64) AppleWebKit/537.36 (KHTML, like Gecko) Chrome/80.0.3987.132 YaBrowser/20.3.1.197 Yowser/2.5 Safari/537.36"
54.39.179.39 - - [29/Mar/2020:18:09:22 +0300] "GET /upload/files/vazhnaya_info_01.jpg HTTP/1.1" 302 316 "-" "Mozilla/5.0 (Windows NT 6.1; WOW64) AppleWebKit/537.36 (KHTML, like Gecko) Chrome/80.0.3987.132 YaBrowser/20.3.1.197 Yowser/2.5 Safari/537.36"
54.39.179.39 - - [29/Mar/2020:18:09:22 +0300] "GET /upload/files/zadolgn.jpg HTTP/1.1" 302 307 "-" "Mozilla/5.0 (Windows NT 6.1; WOW64) AppleWebKit/537.36 (KHTML, like Gecko) Chrome/80.0.3987.132 YaBrowser/20.3.1.197 Yowser/2.5 Safari/537.36"
54.39.179.39 - - [29/Mar/2020:18:09:22 +0300] "GET /upload/files/pictures/info.jpg HTTP/1.1" 302 313 "-" "Mozilla/5.0 (Windows NT 6.1; WOW64) AppleWebKit/537.36 (KHTML, like Gecko) Chrome/80.0.3987.132 YaBrowser/20.3.1.197 Yowser/2.5 Safari/537.36"
54.39.179.39 - - [29/Mar/2020:18:09:23 +0300] "GET /upload/files/inf_stoim.jpg HTTP/1.1" 302 309 "-" "Mozilla/5.0 (Windows NT 6.1; WOW64) AppleWebKit/537.36 (KHTML, like Gecko) Chrome/80.0.3987.132 YaBrowser/20.3.1.197 Yowser/2.5 Safari/537.36"
54.39.179.39 - - [29/Mar/2020:18:09:23 +0300] "GET /upload/files/pictures/sessiya.jpg HTTP/1.1" 302 316 "-" "Mozilla/5.0 (Windows NT 6.1; WOW64) AppleWebKit/537.36 (KHTML, like Gecko) Chrome/80.0.3987.132 YaBrowser/20.3.1.197 Yowser/2.5 Safari/537.36"
54.39.179.39 - - [29/Mar/2020:18:09:23 +0300] "GET /upload/files/personal-folders/167/alert.jpg HTTP/1.1" 302 326 "-" "Mozilla/5.0 (Windows NT 6.1; WOW64) AppleWebKit/537.36 (KHTML, like Gecko) Chrome/80.0.3987.132 YaBrowser/20.3.1.197 Yowser/2.5 Safari/537.36"
54.39.179.39 - - [29/Mar/2020:18:09:23 +0300] "GET /upload/files/org_sobr.jpg HTTP/1.1" 302 308 "-" "Mozilla/5.0 (Windows NT 6.1; WOW64) AppleWebKit/537.36 (KHTML, like Gecko) Chrome/80.0.3987.132 YaBrowser/20.3.1.197 Yowser/2.5 Safari/537.36"
54.39.179.39 - - [29/Mar/2020:18:09:23 +0300] "GET /upload/files/personal-folders/Dokumenty_k_praktike/Praktika.png HTTP/1.1" 302 346 "-" "Mozilla/5.0 (Windows NT 6.1; WOW64) AppleWebKit/537.36 (KHTML, like Gecko) Chrome/80.0.3987.132 YaBrowser/20.3.1.197 Yowser/2.5 Safari/537.36"
54.39.179.39 - - [29/Mar/2020:18:09:23 +0300] "GET /upload/files/personal-folders/167/rekv_new_3.jpg HTTP/1.1" 302 331 "-" "Mozilla/5.0 (Windows NT 6.1; WOW64) AppleWebKit/537.36 (KHTML, like Gecko) Chrome/80.0.3987.132 YaBrowser/20.3.1.197 Yowser/2.5 Safari/537.36"
54.39.179.39 - - [29/Mar/2020:18:09:23 +0300] "GET /upload/files/pictures/autocad-for-mac-icon.png HTTP/1.1" 302 329 "-" "Mozilla/5.0 (Windows NT 6.1; WOW64) AppleWebKit/537.36 (KHTML, like Gecko) Chrome/80.0.3987.132 YaBrowser/20.3.1.197 Yowser/2.5 Safari/537.36"
176.111.79.135 - - [29/Mar/2020:18:09:34 +0300] "GET /upload/files/mgsulogo1-1921.png HTTP/1.1" 302 314 "-" "Mozilla/5.0 (Windows NT 10.0; Win64; x64) AppleWebKit/537.36 (KHTML, like Gecko) Chrome/80.0.3987.149 Safari/537.36"
91.79.202.111 - - [29/Mar/2020:18:09:42 +0300] "GET /upload/files/mgsulogo1-1921.png HTTP/1.1" 302 314 "-" "Mozilla/5.0 (Windows NT 6.3; Win64; x64) AppleWebKit/537.36 (KHTML, like Gecko) Chrome/80.0.3987.149 Safari/537.36"
81.177.126.45 - - [29/Mar/2020:18:11:21 +0300] "GET /upload/files/mgsulogo1-1921.png HTTP/1.1" 302 314 "-" "Mozilla/5.0 (Windows NT 10.0; Win64; x64) AppleWebKit/537.36 (KHTML, like Gecko) Chrome/80.0.3987.149 Safari/537.36"
91.79.202.111 - - [29/Mar/2020:18:11:24 +0300] "GET /upload/files/mgsulogo1-1921.png HTTP/1.1" 302 314 "-" "Mozilla/5.0 (Windows NT 6.3; Win64; x64) AppleWebKit/537.36 (KHTML, like Gecko) Chrome/80.0.3987.149 Safari/537.36"
46.39.55.87 - - [29/Mar/2020:18:11:27 +0300] "GET / HTTP/1.1" 302 283 "-" "Mozilla/5.0 (Windows NT 10.0; Win64; x64) AppleWebKit/537.36 (KHTML, like Gecko) Chrome/75.0.3770.100 Safari/537.36"
125.138.64.28 - - [29/Mar/2020:18:12:21 +0300] "GET / HTTP/1.1" 200 48604 "-" "Mozilla/5.0 (Windows NT 6.1; WOW64) AppleWebKit/537.36 (KHTML, like Gecko) Chrome/52.0.2743.116 Safari/537.36"
91.79.202.111 - - [29/Mar/2020:18:12:27 +0300] "GET /upload/files/mgsulogo1-1921.png HTTP/1.1" 302 314 "-" "Mozilla/5.0 (Windows NT 6.3; Win64; x64) AppleWebKit/537.36 (KHTML, like Gecko) Chrome/80.0.3987.149 Safari/537.36"
63.143.42.251 - - [29/Mar/2020:18:12:41 +0300] "HEAD / HTTP/1.1" 302 - "http://cito.mgsu.ru/" "Mozilla/5.0+(compatible; UptimeRobot/2.0; http://www.uptimerobot.com/)"
217.69.132.20 - - [29/Mar/2020:18:12:53 +0300] "GET / HTTP/1.1" 302 283 "https://e.mail.ru/messages/inbox/" "\"Mozilla/5.0 (Windows NT 10.0; Win64; x64) AppleWebKit/537.36 (KHTML, like Gecko) Chrome/76.0.3809.100 Safari/537.36\""
213.87.157.67 - - [29/Mar/2020:18:13:30 +0300] "GET / HTTP/1.1" 302 283 "-" "Mozilla/5.0 (Linux; Android 9; ANE-LX1) AppleWebKit/537.36 (KHTML, like Gecko) Chrome/80.0.3987.149 Mobile Safari/537.36"
91.79.202.111 - - [29/Mar/2020:18:14:14 +0300] "GET /upload/files/mgsulogo1-1921.png HTTP/1.1" 302 314 "-" "Mozilla/5.0 (Windows NT 6.3; Win64; x64) AppleWebKit/537.36 (KHTML, like Gecko) Chrome/80.0.3987.149 Safari/537.36"
213.87.157.67 - - [29/Mar/2020:18:14:31 +0300] "-" 408 - "-" "-"
213.87.157.67 - - [29/Mar/2020:18:14:31 +0300] "-" 408 - "-" "-"
176.59.44.91 - - [29/Mar/2020:18:14:44 +0300] "GET /upload/files/mgsulogo1-1921.png HTTP/1.1" 302 314 "-" "Mozilla/5.0 (iPhone; CPU iPhone OS 13_3_1 like Mac OS X) AppleWebKit/605.1.15 (KHTML, like Gecko) Mobile/15E148"
66.102.9.81 - - [29/Mar/2020:18:14:47 +0300] "GET /resource/index/data/lesson_id/9695/subject_id/1126/resource_id/2459/revision_id/0 HTTP/1.1" 302 364 "-" "Mozilla/5.0 (compatible; Google AppsViewer; http://drive.google.com)"
176.192.165.205 - - [29/Mar/2020:18:14:54 +0300] "GET /upload/files/opisanie_kurs/informacionnye_tekhnologii.png HTTP/1.1" 302 340 "-" "Mozilla/5.0 (Windows NT 6.1; Win64; x64) AppleWebKit/537.36 (KHTML, like Gecko) Chrome/80.0.3987.149 Safari/537.36"
176.192.165.205 - - [29/Mar/2020:18:14:54 +0300] "GET /upload/files/Avtori_photo/suvorov_aleksandr_pavlovich.jpg HTTP/1.1" 302 340 "-" "Mozilla/5.0 (Windows NT 6.1; Win64; x64) AppleWebKit/537.36 (KHTML, like Gecko) Chrome/80.0.3987.149 Safari/537.36"
176.192.165.205 - - [29/Mar/2020:18:14:55 +0300] "GET /upload/files/Avtori_photo/orlov_viktor_nikolaevich.jpg HTTP/1.1" 302 337 "-" "Mozilla/5.0 (Windows NT 6.1; Win64; x64) AppleWebKit/537.36 (KHTML, like Gecko) Chrome/80.0.3987.149 Safari/537.36"
176.192.165.205 - - [29/Mar/2020:18:14:55 +0300] "GET /upload/files/Avtori_photo/chichurin_aleksandr_vyacheslavovich.jpg HTTP/1.1" 302 348 "-" "Mozilla/5.0 (Windows NT 6.1; Win64; x64) AppleWebKit/537.36 (KHTML, like Gecko) Chrome/80.0.3987.149 Safari/537.36"
176.192.165.205 - - [29/Mar/2020:18:14:55 +0300] "GET /upload/files/Avtori_photo/rogacheva_nehllya_nikolaevna.jpg HTTP/1.1" 302 341 "-" "Mozilla/5.0 (Windows NT 6.1; Win64; x64) AppleWebKit/537.36 (KHTML, like Gecko) Chrome/80.0.3987.149 Safari/537.36"
66.102.9.83 - - [29/Mar/2020:18:16:11 +0300] "GET /resource/index/data/lesson_id/9695/subject_id/1126/resource_id/2459/revision_id/0 HTTP/1.1" 302 364 "-" "Mozilla/5.0 (compatible; Google AppsViewer; http://drive.google.com)"
54.39.179.39 - - [29/Mar/2020:18:17:05 +0300] "GET /upload/files/Kuratory_foto/Julya_.jpg HTTP/1.1" 302 320 "-" "Mozilla/5.0 (Windows NT 6.1; WOW64) AppleWebKit/537.36 (KHTML, like Gecko) Chrome/80.0.3987.132 YaBrowser/20.3.1.197 Yowser/2.5 Safari/537.36"
54.39.179.39 - - [29/Mar/2020:18:17:05 +0300] "GET /upload/files/Kuratory_foto/Xoxlova-2.jpg HTTP/1.1" 302 323 "-" "Mozilla/5.0 (Windows NT 6.1; WOW64) AppleWebKit/537.36 (KHTML, like Gecko) Chrome/80.0.3987.132 YaBrowser/20.3.1.197 Yowser/2.5 Safari/537.36"
54.39.179.39 - - [29/Mar/2020:18:17:05 +0300] "GET /upload/files/Kuratory_foto/Antonova_E_P_1.jpg HTTP/1.1" 302 328 "-" "Mozilla/5.0 (Windows NT 6.1; WOW64) AppleWebKit/537.36 (KHTML, like Gecko) Chrome/80.0.3987.132 YaBrowser/20.3.1.197 Yowser/2.5 Safari/537.36"
54.39.179.39 - - [29/Mar/2020:18:17:05 +0300] "GET /upload/files/personal-folders/167/inf_v.jpg HTTP/1.1" 302 326 "-" "Mozilla/5.0 (Windows NT 6.1; WOW64) AppleWebKit/537.36 (KHTML, like Gecko) Chrome/80.0.3987.132 YaBrowser/20.3.1.197 Yowser/2.5 Safari/537.36"
54.39.179.39 - - [29/Mar/2020:18:17:05 +0300] "GET /upload/files/rub_kontrl2.jpg HTTP/1.1" 302 311 "-" "Mozilla/5.0 (Windows NT 6.1; WOW64) AppleWebKit/537.36 (KHTML, like Gecko) Chrome/80.0.3987.132 YaBrowser/20.3.1.197 Yowser/2.5 Safari/537.36"
54.39.179.39 - - [29/Mar/2020:18:17:05 +0300] "GET /upload/files/zadolgn_2018.jpg HTTP/1.1" 302 312 "-" "Mozilla/5.0 (Windows NT 6.1; WOW64) AppleWebKit/537.36 (KHTML, like Gecko) Chrome/80.0.3987.132 YaBrowser/20.3.1.197 Yowser/2.5 Safari/537.36"
54.39.179.39 - - [29/Mar/2020:18:17:05 +0300] "GET /upload/files/rub_kontrl.jpg HTTP/1.1" 302 310 "-" "Mozilla/5.0 (Windows NT 6.1; WOW64) AppleWebKit/537.36 (KHTML, like Gecko) Chrome/80.0.3987.132 YaBrowser/20.3.1.197 Yowser/2.5 Safari/537.36"
54.39.179.39 - - [29/Mar/2020:18:17:05 +0300] "GET /upload/files/oplata.gif HTTP/1.1" 302 306 "-" "Mozilla/5.0 (Windows NT 6.1; WOW64) AppleWebKit/537.36 (KHTML, like Gecko) Chrome/80.0.3987.132 YaBrowser/20.3.1.197 Yowser/2.5 Safari/537.36"
54.39.179.39 - - [29/Mar/2020:18:17:06 +0300] "GET /upload/files/pod_st_ob.jpg HTTP/1.1" 302 309 "-" "Mozilla/5.0 (Windows NT 6.1; WOW64) AppleWebKit/537.36 (KHTML, like Gecko) Chrome/80.0.3987.132 YaBrowser/20.3.1.197 Yowser/2.5 Safari/537.36"
54.39.179.39 - - [29/Mar/2020:18:17:06 +0300] "GET /upload/files/sessia_ido_rs.jpg HTTP/1.1" 302 313 "-" "Mozilla/5.0 (Windows NT 6.1; WOW64) AppleWebKit/537.36 (KHTML, like Gecko) Chrome/80.0.3987.132 YaBrowser/20.3.1.197 Yowser/2.5 Safari/537.36"
54.39.179.39 - - [29/Mar/2020:18:17:06 +0300] "GET /upload/files/kons_ses.jpg HTTP/1.1" 302 308 "-" "Mozilla/5.0 (Windows NT 6.1; WOW64) AppleWebKit/537.36 (KHTML, like Gecko) Chrome/80.0.3987.132 YaBrowser/20.3.1.197 Yowser/2.5 Safari/537.36"
54.39.179.39 - - [29/Mar/2020:18:17:06 +0300] "GET /upload/files/novost_lekcii_1.jpg HTTP/1.1" 302 315 "-" "Mozilla/5.0 (Windows NT 6.1; WOW64) AppleWebKit/537.36 (KHTML, like Gecko) Chrome/80.0.3987.132 YaBrowser/20.3.1.197 Yowser/2.5 Safari/537.36"
54.39.179.39 - - [29/Mar/2020:18:17:06 +0300] "GET /upload/files/mgsusmogu.png HTTP/1.1" 302 309 "-" "Mozilla/5.0 (Windows NT 6.1; WOW64) AppleWebKit/537.36 (KHTML, like Gecko) Chrome/80.0.3987.132 YaBrowser/20.3.1.197 Yowser/2.5 Safari/537.36"
54.39.179.39 - - [29/Mar/2020:18:17:06 +0300] "GET /upload/files/Kons_2018.jpg HTTP/1.1" 302 309 "-" "Mozilla/5.0 (Windows NT 6.1; WOW64) AppleWebKit/537.36 (KHTML, like Gecko) Chrome/80.0.3987.132 YaBrowser/20.3.1.197 Yowser/2.5 Safari/537.36"
54.39.179.39 - - [29/Mar/2020:18:17:06 +0300] "GET /upload/files/inf_stoim.jpg HTTP/1.1" 302 309 "-" "Mozilla/5.0 (Windows NT 6.1; WOW64) AppleWebKit/537.36 (KHTML, like Gecko) Chrome/80.0.3987.132 YaBrowser/20.3.1.197 Yowser/2.5 Safari/537.36"
54.39.179.39 - - [29/Mar/2020:18:17:07 +0300] "GET /upload/files/ust_lekc.jpg HTTP/1.1" 302 308 "-" "Mozilla/5.0 (Windows NT 6.1; WOW64) AppleWebKit/537.36 (KHTML, like Gecko) Chrome/80.0.3987.132 YaBrowser/20.3.1.197 Yowser/2.5 Safari/537.36"
54.39.179.39 - - [29/Mar/2020:18:17:07 +0300] "GET /upload/files/gtaff_UP.jpg HTTP/1.1" 302 308 "-" "Mozilla/5.0 (Windows NT 6.1; WOW64) AppleWebKit/537.36 (KHTML, like Gecko) Chrome/80.0.3987.132 YaBrowser/20.3.1.197 Yowser/2.5 Safari/537.36"
54.39.179.39 - - [29/Mar/2020:18:17:07 +0300] "GET /upload/files/praktika_2017.jpg HTTP/1.1" 302 313 "-" "Mozilla/5.0 (Windows NT 6.1; WOW64) AppleWebKit/537.36 (KHTML, like Gecko) Chrome/80.0.3987.132 YaBrowser/20.3.1.197 Yowser/2.5 Safari/537.36"
54.39.179.39 - - [29/Mar/2020:18:17:07 +0300] "GET /upload/files/RK_2018.jpg HTTP/1.1" 302 307 "-" "Mozilla/5.0 (Windows NT 6.1; WOW64) AppleWebKit/537.36 (KHTML, like Gecko) Chrome/80.0.3987.132 YaBrowser/20.3.1.197 Yowser/2.5 Safari/537.36"
63.143.42.251 - - [29/Mar/2020:18:17:41 +0300] "HEAD / HTTP/1.1" 302 - "http://cito.mgsu.ru/" "Mozilla/5.0+(compatible; UptimeRobot/2.0; http://www.uptimerobot.com/)"
5.188.210.87 - - [29/Mar/2020:18:18:11 +0300] "GET /forum.php HTTP/1.0" 302 296 "http://www.do.mgsu.ru/forum.php" "Mozilla/5.0 (Windows NT 10.0; Win64; x64) AppleWebKit/537.36 (KHTML, like Gecko) Chrome/66.0.3359.181 Safari/537.36"
91.79.202.111 - - [29/Mar/2020:18:18:13 +0300] "GET /upload/files/mgsulogo1-1921.png HTTP/1.1" 302 314 "-" "Mozilla/5.0 (Windows NT 6.3; Win64; x64) AppleWebKit/537.36 (KHTML, like Gecko) Chrome/80.0.3987.149 Safari/537.36"
5.101.0.209 - - [29/Mar/2020:18:18:26 +0300] "POST /vendor/phpunit/phpunit/src/Util/PHP/eval-stdin.php HTTP/1.1" 302 338 "-" "Mozilla/5.0 (Windows NT 10.0; Win64; x64) AppleWebKit/537.36 (KHTML, like Gecko) Chrome/78.0.3904.108 Safari/537.36"
5.101.0.209 - - [29/Mar/2020:18:18:26 +0300] "\x16\x03\x01" 400 301 "-" "-"
188.93.56.127 - - [29/Mar/2020:18:18:36 +0300] "GET /upload/files/personal-folders/16063/education_bg.jpg HTTP/1.1" 302 335 "-" "Mozilla/5.0 (X11; Linux x86_64) AppleWebKit/537.36 (KHTML, like Gecko)"
212.35.177.160 - - [29/Mar/2020:18:18:38 +0300] "GET / HTTP/1.1" 302 283 "-" "Mozilla/5.0 (Windows NT 10.0; WOW64) AppleWebKit/537.36 (KHTML, like Gecko) Chrome/76.0.3809.100 YaBrowser/19.9.0.1343 Yowser/2.5 Safari/537.36"
66.102.9.81 - - [29/Mar/2020:18:19:20 +0300] "GET /resource/index/data/lesson_id/10821/subject_id/1508/resource_id/2868/revision_id/0 HTTP/1.1" 302 365 "-" "Mozilla/5.0 (compatible; Google AppsViewer; http://drive.google.com)"
66.102.9.81 - - [29/Mar/2020:18:19:54 +0300] "GET /resource/index/data/lesson_id/10823/subject_id/1508/resource_id/2870/revision_id/0 HTTP/1.1" 302 365 "-" "Mozilla/5.0 (compatible; Google AppsViewer; http://drive.google.com)"
66.102.9.81 - - [29/Mar/2020:18:20:08 +0300] "GET /resource/index/data/lesson_id/10824/subject_id/1508/resource_id/2871/revision_id/0 HTTP/1.1" 302 365 "-" "Mozilla/5.0 (compatible; Google AppsViewer; http://drive.google.com)"
194.226.9.131 - - [29/Mar/2020:18:20:21 +0300] "GET / HTTP/1.1" 302 283 "-" "Mozilla/5.0 (Windows NT 6.3; Win64; x64) AppleWebKit/537.36 (KHTML, like Gecko) Chrome/80.0.3987.132 YaBrowser/20.3.1.195 Yowser/2.5 Yptp/1.23 Safari/537.36"
194.226.9.131 - - [29/Mar/2020:18:20:24 +0300] "GET /upload/files/Kuratory_foto/Julya_.jpg HTTP/1.1" 302 320 "-" "Mozilla/5.0 (Windows NT 6.3; Win64; x64) AppleWebKit/537.36 (KHTML, like Gecko) Chrome/80.0.3987.132 YaBrowser/20.3.1.195 Yowser/2.5 Yptp/1.23 Safari/537.36"
66.102.9.81 - - [29/Mar/2020:18:20:25 +0300] "GET /resource/index/data/lesson_id/10825/subject_id/1508/resource_id/2872/revision_id/0 HTTP/1.1" 302 365 "-" "Mozilla/5.0 (compatible; Google AppsViewer; http://drive.google.com)"
194.226.9.131 - - [29/Mar/2020:18:20:27 +0300] "GET /upload/files/personal-folders/167/inf_v.jpg HTTP/1.1" 302 326 "-" "Mozilla/5.0 (Windows NT 6.3; Win64; x64) AppleWebKit/537.36 (KHTML, like Gecko) Chrome/80.0.3987.132 YaBrowser/20.3.1.195 Yowser/2.5 Yptp/1.23 Safari/537.36"
194.226.9.131 - - [29/Mar/2020:18:20:27 +0300] "GET /upload/files/rub_kontrl2.jpg HTTP/1.1" 302 311 "-" "Mozilla/5.0 (Windows NT 6.3; Win64; x64) AppleWebKit/537.36 (KHTML, like Gecko) Chrome/80.0.3987.132 YaBrowser/20.3.1.195 Yowser/2.5 Yptp/1.23 Safari/537.36"
194.226.9.131 - - [29/Mar/2020:18:20:27 +0300] "GET /upload/files/zadolgn_2018.jpg HTTP/1.1" 302 312 "-" "Mozilla/5.0 (Windows NT 6.3; Win64; x64) AppleWebKit/537.36 (KHTML, like Gecko) Chrome/80.0.3987.132 YaBrowser/20.3.1.195 Yowser/2.5 Yptp/1.23 Safari/537.36"
194.226.9.131 - - [29/Mar/2020:18:20:27 +0300] "GET /upload/files/rub_kontrl.jpg HTTP/1.1" 302 310 "-" "Mozilla/5.0 (Windows NT 6.3; Win64; x64) AppleWebKit/537.36 (KHTML, like Gecko) Chrome/80.0.3987.132 YaBrowser/20.3.1.195 Yowser/2.5 Yptp/1.23 Safari/537.36"
194.226.9.131 - - [29/Mar/2020:18:20:28 +0300] "GET /upload/files/pod_st_ob.jpg HTTP/1.1" 302 309 "-" "Mozilla/5.0 (Windows NT 6.3; Win64; x64) AppleWebKit/537.36 (KHTML, like Gecko) Chrome/80.0.3987.132 YaBrowser/20.3.1.195 Yowser/2.5 Yptp/1.23 Safari/537.36"
194.226.9.131 - - [29/Mar/2020:18:20:28 +0300] "GET /upload/files/personal-folders/167/SB.jpg HTTP/1.1" 302 331 "-" "Mozilla/5.0 (Windows NT 6.3; Win64; x64) AppleWebKit/537.36 (KHTML, like Gecko) Chrome/80.0.3987.132 YaBrowser/20.3.1.195 Yowser/2.5 Yptp/1.23 Safari/537.36"
194.226.9.131 - - [29/Mar/2020:18:20:28 +0300] "GET /upload/files/Kons_2018.jpg HTTP/1.1" 302 309 "-" "Mozilla/5.0 (Windows NT 6.3; Win64; x64) AppleWebKit/537.36 (KHTML, like Gecko) Chrome/80.0.3987.132 YaBrowser/20.3.1.195 Yowser/2.5 Yptp/1.23 Safari/537.36"
194.226.9.131 - - [29/Mar/2020:18:20:29 +0300] "GET /upload/files/inf_stoim.jpg HTTP/1.1" 302 309 "-" "Mozilla/5.0 (Windows NT 6.3; Win64; x64) AppleWebKit/537.36 (KHTML, like Gecko) Chrome/80.0.3987.132 YaBrowser/20.3.1.195 Yowser/2.5 Yptp/1.23 Safari/537.36"
194.226.9.131 - - [29/Mar/2020:18:20:29 +0300] "GET /upload/files/ust_lekc.jpg HTTP/1.1" 302 308 "-" "Mozilla/5.0 (Windows NT 6.3; Win64; x64) AppleWebKit/537.36 (KHTML, like Gecko) Chrome/80.0.3987.132 YaBrowser/20.3.1.195 Yowser/2.5 Yptp/1.23 Safari/537.36"
194.226.9.131 - - [29/Mar/2020:18:20:29 +0300] "GET /upload/files/praktika_2017.jpg HTTP/1.1" 302 313 "-" "Mozilla/5.0 (Windows NT 6.3; Win64; x64) AppleWebKit/537.36 (KHTML, like Gecko) Chrome/80.0.3987.132 YaBrowser/20.3.1.195 Yowser/2.5 Yptp/1.23 Safari/537.36"
194.226.9.131 - - [29/Mar/2020:18:20:29 +0300] "GET /upload/files/vazhnaya_info_01.jpg HTTP/1.1" 302 316 "-" "Mozilla/5.0 (Windows NT 6.3; Win64; x64) AppleWebKit/537.36 (KHTML, like Gecko) Chrome/80.0.3987.132 YaBrowser/20.3.1.195 Yowser/2.5 Yptp/1.23 Safari/537.36"
194.226.9.131 - - [29/Mar/2020:18:20:29 +0300] "GET /upload/files/pictures/info.jpg HTTP/1.1" 302 313 "-" "Mozilla/5.0 (Windows NT 6.3; Win64; x64) AppleWebKit/537.36 (KHTML, like Gecko) Chrome/80.0.3987.132 YaBrowser/20.3.1.195 Yowser/2.5 Yptp/1.23 Safari/537.36"
194.226.9.131 - - [29/Mar/2020:18:20:29 +0300] "GET /upload/files/pictures/sessiya.jpg HTTP/1.1" 302 316 "-" "Mozilla/5.0 (Windows NT 6.3; Win64; x64) AppleWebKit/537.36 (KHTML, like Gecko) Chrome/80.0.3987.132 YaBrowser/20.3.1.195 Yowser/2.5 Yptp/1.23 Safari/537.36"
194.226.9.131 - - [29/Mar/2020:18:20:29 +0300] "GET /upload/files/personal-folders/167/alert.jpg HTTP/1.1" 302 326 "-" "Mozilla/5.0 (Windows NT 6.3; Win64; x64) AppleWebKit/537.36 (KHTML, like Gecko) Chrome/80.0.3987.132 YaBrowser/20.3.1.195 Yowser/2.5 Yptp/1.23 Safari/537.36"
194.226.9.131 - - [29/Mar/2020:18:20:30 +0300] "GET /upload/files/personal-folders/167/rekv_new_3.jpg HTTP/1.1" 302 331 "-" "Mozilla/5.0 (Windows NT 6.3; Win64; x64) AppleWebKit/537.36 (KHTML, like Gecko) Chrome/80.0.3987.132 YaBrowser/20.3.1.195 Yowser/2.5 Yptp/1.23 Safari/537.36"
194.226.9.131 - - [29/Mar/2020:18:20:30 +0300] "GET /upload/files/pictures/autocad-for-mac-icon.png HTTP/1.1" 302 329 "-" "Mozilla/5.0 (Windows NT 6.3; Win64; x64) AppleWebKit/537.36 (KHTML, like Gecko) Chrome/80.0.3987.132 YaBrowser/20.3.1.195 Yowser/2.5 Yptp/1.23 Safari/537.36"
109.252.23.105 - - [29/Mar/2020:18:21:28 +0300] "GET /upload/files/personal-folders/16063/pics/mgsulogo-1921.png HTTP/1.1" 302 341 "-" "Mozilla/5.0 (Windows NT 10.0; Win64; x64) AppleWebKit/537.36 (KHTML, like Gecko) Chrome/80.0.3987.149 Safari/537.36"
79.172.102.50 - - [29/Mar/2020:18:21:29 +0300] "GET /upload/files/mgsulogo1-1921.png HTTP/1.1" 302 314 "-" "Mozilla/5.0 (Windows NT 10.0; Win64; x64) AppleWebKit/537.36 (KHTML, like Gecko) Chrome/70.0.3538.102 Safari/537.36 Edge/18.18362"
91.79.202.111 - - [29/Mar/2020:18:21:31 +0300] "GET /upload/files/mgsulogo1-1921.png HTTP/1.1" 302 314 "-" "Mozilla/5.0 (Windows NT 6.3; Win64; x64) AppleWebKit/537.36 (KHTML, like Gecko) Chrome/80.0.3987.149 Safari/537.36"
109.252.23.105 - - [29/Mar/2020:18:21:33 +0300] "GET / HTTP/1.1" 302 283 "-" "Mozilla/5.0 (Windows NT 10.0; Win64; x64) AppleWebKit/537.36 (KHTML, like Gecko) Chrome/80.0.3987.149 Safari/537.36"
63.143.42.251 - - [29/Mar/2020:18:22:42 +0300] "HEAD / HTTP/1.1" 302 - "http://cito.mgsu.ru/" "Mozilla/5.0+(compatible; UptimeRobot/2.0; http://www.uptimerobot.com/)"
178.140.61.123 - - [29/Mar/2020:18:24:01 +0300] "GET / HTTP/1.1" 302 283 "http://ido.mgsu.ru/universityabout/Struktura/Instituti/IDO/" "Mozilla/5.0 (Windows NT 10.0; Win64; x64) AppleWebKit/537.36 (KHTML, like Gecko) Chrome/80.0.3987.132 Safari/537.36 OPR/67.0.3575.79"
91.79.34.224 - - [29/Mar/2020:18:24:17 +0300] "GET / HTTP/1.1" 302 283 "http://ido.mgsu.ru/universityabout/Struktura/Instituti/IDO/" "Mozilla/5.0 (Windows NT 10.0; Win64; x64) AppleWebKit/537.36 (KHTML, like Gecko) Chrome/80.0.3987.149 Safari/537.36"
91.79.34.224 - - [29/Mar/2020:18:24:23 +0300] "GET /upload/files/Kuratory_foto/Julya_.jpg HTTP/1.1" 302 320 "-" "Mozilla/5.0 (Windows NT 10.0; Win64; x64) AppleWebKit/537.36 (KHTML, like Gecko) Chrome/80.0.3987.149 Safari/537.36"
91.79.34.224 - - [29/Mar/2020:18:24:23 +0300] "GET /upload/files/Kuratory_foto/Antonova_E_P_1.jpg HTTP/1.1" 302 328 "-" "Mozilla/5.0 (Windows NT 10.0; Win64; x64) AppleWebKit/537.36 (KHTML, like Gecko) Chrome/80.0.3987.149 Safari/537.36"
91.79.34.224 - - [29/Mar/2020:18:24:23 +0300] "GET /upload/files/Kuratory_foto/Xoxlova-2.jpg HTTP/1.1" 302 323 "-" "Mozilla/5.0 (Windows NT 10.0; Win64; x64) AppleWebKit/537.36 (KHTML, like Gecko) Chrome/80.0.3987.149 Safari/537.36"
139.59.109.12 - - [29/Mar/2020:18:24:33 +0300] "HEAD / HTTP/1.1" 302 - "-" "downnotifier.com monitoring"
208.91.109.90 - - [29/Mar/2020:18:24:35 +0300] "HEAD /robots.txt HTTP/1.0" 302 - "-" "-"
91.79.202.111 - - [29/Mar/2020:18:25:46 +0300] "GET /upload/files/mgsulogo1-1921.png HTTP/1.1" 302 314 "-" "Mozilla/5.0 (Windows NT 6.3; Win64; x64) AppleWebKit/537.36 (KHTML, like Gecko) Chrome/80.0.3987.149 Safari/537.36"
178.140.61.123 - - [29/Mar/2020:18:27:18 +0300] "GET /upload/files/VolkovAA.png HTTP/1.1" 302 308 "http://mgsu.elearn.ru/" "Mozilla/5.0 (Windows NT 10.0; Win64; x64) AppleWebKit/537.36 (KHTML, like Gecko) Chrome/80.0.3987.132 Safari/537.36 OPR/67.0.3575.79"
178.140.61.123 - - [29/Mar/2020:18:27:18 +0300] "GET /media/Image/Volkov_podpis_tr.gif HTTP/1.1" 302 315 "http://mgsu.elearn.ru/" "Mozilla/5.0 (Windows NT 10.0; Win64; x64) AppleWebKit/537.36 (KHTML, like Gecko) Chrome/80.0.3987.132 Safari/537.36 OPR/67.0.3575.79"
109.252.101.32 - - [29/Mar/2020:18:27:40 +0300] "GET / HTTP/1.1" 302 283 "-" "Mozilla/5.0 (Windows NT 6.1; Win64; x64) AppleWebKit/537.36 (KHTML, like Gecko) Chrome/80.0.3987.149 Safari/537.36"
63.143.42.251 - - [29/Mar/2020:18:27:42 +0300] "HEAD / HTTP/1.1" 302 - "http://cito.mgsu.ru/" "Mozilla/5.0+(compatible; UptimeRobot/2.0; http://www.uptimerobot.com/)"
